{"id":88,"date":"2019-09-27T15:34:35","date_gmt":"2019-09-27T13:34:35","guid":{"rendered":"https:\/\/www.planete-sciences.org\/vendee\/?page_id=88"},"modified":"2025-05-09T10:37:42","modified_gmt":"2025-05-09T08:37:42","slug":"page-2","status":"publish","type":"page","link":"https:\/\/www.planete-sciences.org\/vendee\/page-2\/","title":{"rendered":"Qui sommes-nous ?"},"content":{"rendered":"<div class=\"wp-block-image\">\n<figure class=\"aligncenter size-full is-resized\"><img loading=\"lazy\" decoding=\"async\" width=\"560\" height=\"293\" src=\"https:\/\/www.planete-sciences.org\/vendee\/wp-content\/uploads\/2024\/11\/ubg-1.jpg\" alt=\"\" class=\"wp-image-2331\" style=\"width:554px;height:auto\" srcset=\"https:\/\/www.planete-sciences.org\/vendee\/wp-content\/uploads\/2024\/11\/ubg-1.jpg 560w, https:\/\/www.planete-sciences.org\/vendee\/wp-content\/uploads\/2024\/11\/ubg-1-300x157.jpg 300w, https:\/\/www.planete-sciences.org\/vendee\/wp-content\/uploads\/2024\/11\/ubg-1-2x1.jpg 2w\" sizes=\"(max-width: 560px) 100vw, 560px\" \/><\/figure><\/div>\n\n\n<p><strong>Plan\u00e8te Sciences Vend\u00e9e<\/strong>\nest une association, d\u00e9l\u00e9gation d\u00e9partementale du r\u00e9seau Plan\u00e8te Sciences. <\/p>\n\n\n\n<p>Elle a pour objectif de favoriser, aupr\u00e8s des jeunes, l\u2019int\u00e9r\u00eat, la d\u00e9couverte, la pratique des sciences et des techniques et d\u2019aider les enseignants, les animateurs, les \u00e9ducateurs, les chercheurs et les parents dans leurs activit\u00e9s vers les jeunes. <\/p>\n\n\n\n<h1 class=\"wp-block-heading\">Notre d\u00e9marche <\/h1>\n\n\n\n<div class=\"wp-block-jetpack-tiled-gallery aligncenter is-style-rectangular\"><div class=\"\"><div class=\"tiled-gallery__gallery\"><div class=\"tiled-gallery__row\"><div class=\"tiled-gallery__col\" style=\"flex-basis:38.00939%\"><figure class=\"tiled-gallery__item\"><img decoding=\"async\" srcset=\"https:\/\/i2.wp.com\/www.planete-sciences.org\/vendee\/wp-content\/uploads\/2024\/11\/Image9-1.jpg?strip=info&#038;w=531&#038;ssl=1 531w\" alt=\"\" data-height=\"488\" data-id=\"2468\" data-link=\"https:\/\/www.planete-sciences.org\/vendee\/page-2\/image9-1\/#main\" data-url=\"https:\/\/www.planete-sciences.org\/vendee\/wp-content\/uploads\/2024\/11\/Image9-1.jpg\" data-width=\"531\" src=\"https:\/\/i2.wp.com\/www.planete-sciences.org\/vendee\/wp-content\/uploads\/2024\/11\/Image9-1.jpg?ssl=1\" data-amp-layout=\"responsive\" tabindex=\"0\" role=\"button\" aria-label=\"Ouvrir l\u2019image 1 sur 2 en plein \u00e9cran\"\/><\/figure><\/div><div class=\"tiled-gallery__col\" style=\"flex-basis:61.99061%\"><figure class=\"tiled-gallery__item\"><img decoding=\"async\" srcset=\"https:\/\/i2.wp.com\/www.planete-sciences.org\/vendee\/wp-content\/uploads\/2024\/11\/462562154_1140786540947173_8724999088526252237_n-3-1024x576.jpg?strip=info&#038;w=600&#038;ssl=1 600w,https:\/\/i2.wp.com\/www.planete-sciences.org\/vendee\/wp-content\/uploads\/2024\/11\/462562154_1140786540947173_8724999088526252237_n-3-1024x576.jpg?strip=info&#038;w=900&#038;ssl=1 900w,https:\/\/i2.wp.com\/www.planete-sciences.org\/vendee\/wp-content\/uploads\/2024\/11\/462562154_1140786540947173_8724999088526252237_n-3-1024x576.jpg?strip=info&#038;w=1200&#038;ssl=1 1200w,https:\/\/i2.wp.com\/www.planete-sciences.org\/vendee\/wp-content\/uploads\/2024\/11\/462562154_1140786540947173_8724999088526252237_n-3-1024x576.jpg?strip=info&#038;w=1500&#038;ssl=1 1500w,https:\/\/i2.wp.com\/www.planete-sciences.org\/vendee\/wp-content\/uploads\/2024\/11\/462562154_1140786540947173_8724999088526252237_n-3-1024x576.jpg?strip=info&#038;w=1800&#038;ssl=1 1800w,https:\/\/i2.wp.com\/www.planete-sciences.org\/vendee\/wp-content\/uploads\/2024\/11\/462562154_1140786540947173_8724999088526252237_n-3-1024x576.jpg?strip=info&#038;w=2000&#038;ssl=1 2000w\" alt=\"\" data-height=\"1125\" data-id=\"2469\" data-link=\"https:\/\/www.planete-sciences.org\/vendee\/page-2\/462562154_1140786540947173_8724999088526252237_n-3\/#main\" data-url=\"https:\/\/www.planete-sciences.org\/vendee\/wp-content\/uploads\/2024\/11\/462562154_1140786540947173_8724999088526252237_n-3-1024x576.jpg\" data-width=\"2000\" src=\"https:\/\/i2.wp.com\/www.planete-sciences.org\/vendee\/wp-content\/uploads\/2024\/11\/462562154_1140786540947173_8724999088526252237_n-3-1024x576.jpg?ssl=1\" data-amp-layout=\"responsive\" tabindex=\"0\" role=\"button\" aria-label=\"Ouvrir l\u2019image 2 sur 2 en plein \u00e9cran\"\/><\/figure><\/div><\/div><\/div><\/div><\/div>\n\n\n\n<p><strong>Plan\u00e8te Sciences Vend\u00e9e<\/strong>\npropose une approche ludique centr\u00e9e sur la pratique et la r\u00e9alisation de\nprojets scientifiques et\/ techniques&nbsp;: construction de robots, lancement\nde fus\u00e9es, fabrication d\u2019engins solaires, observation du ciel, \u2026. <\/p>\n\n\n\n<p>Au-del\u00e0 d\u2019une d\u00e9couverte et d\u2019une meilleure compr\u00e9hension du\nmonde, notre d\u00e9marche permet, par une participation active des jeunes, de\npasser de la th\u00e9orie \u00e0 la pratique, de l\u2019id\u00e9e \u00e0 la r\u00e9alisation. Le pari est de\nles amener \u00e0 travailler en \u00e9quipe pour mener un projet de bout en bout avec une\nm\u00e9thodologie qui s\u2019inspirent des pratiques utilis\u00e9es dans les laboratoires de\nrecherche et l\u2019industrie. <\/p>\n\n\n\n<h1 class=\"wp-block-heading\">Nos domaines et lieux d\u2019activit\u00e9s<\/h1>\n\n\n\n<div class=\"wp-block-jetpack-tiled-gallery aligncenter is-style-rectangular\"><div class=\"\"><div class=\"tiled-gallery__gallery\"><div class=\"tiled-gallery__row\"><div class=\"tiled-gallery__col\" style=\"flex-basis:29.22727%\"><figure class=\"tiled-gallery__item\"><img decoding=\"async\" srcset=\"https:\/\/i2.wp.com\/www.planete-sciences.org\/vendee\/wp-content\/uploads\/2024\/11\/Image3-1024x631.jpg?strip=info&#038;w=600&#038;ssl=1 600w,https:\/\/i2.wp.com\/www.planete-sciences.org\/vendee\/wp-content\/uploads\/2024\/11\/Image3-1024x631.jpg?strip=info&#038;w=900&#038;ssl=1 900w,https:\/\/i2.wp.com\/www.planete-sciences.org\/vendee\/wp-content\/uploads\/2024\/11\/Image3-1024x631.jpg?strip=info&#038;w=1111&#038;ssl=1 1111w\" alt=\"\" data-height=\"685\" data-id=\"2354\" data-link=\"https:\/\/www.planete-sciences.org\/vendee\/page-2\/image3\/#main\" data-url=\"https:\/\/www.planete-sciences.org\/vendee\/wp-content\/uploads\/2024\/11\/Image3-1024x631.jpg\" data-width=\"1111\" src=\"https:\/\/i2.wp.com\/www.planete-sciences.org\/vendee\/wp-content\/uploads\/2024\/11\/Image3-1024x631.jpg?ssl=1\" data-amp-layout=\"responsive\" tabindex=\"0\" role=\"button\" aria-label=\"Ouvrir l\u2019image 1 sur 3 en plein \u00e9cran\"\/><\/figure><\/div><div class=\"tiled-gallery__col\" style=\"flex-basis:32.01470%\"><figure class=\"tiled-gallery__item\"><img decoding=\"async\" srcset=\"https:\/\/i0.wp.com\/www.planete-sciences.org\/vendee\/wp-content\/uploads\/2024\/11\/467353360_522721124096087_2404036614383072439_n-1024x576.jpg?strip=info&#038;w=600&#038;ssl=1 600w,https:\/\/i0.wp.com\/www.planete-sciences.org\/vendee\/wp-content\/uploads\/2024\/11\/467353360_522721124096087_2404036614383072439_n-1024x576.jpg?strip=info&#038;w=900&#038;ssl=1 900w,https:\/\/i0.wp.com\/www.planete-sciences.org\/vendee\/wp-content\/uploads\/2024\/11\/467353360_522721124096087_2404036614383072439_n-1024x576.jpg?strip=info&#038;w=1200&#038;ssl=1 1200w,https:\/\/i0.wp.com\/www.planete-sciences.org\/vendee\/wp-content\/uploads\/2024\/11\/467353360_522721124096087_2404036614383072439_n-1024x576.jpg?strip=info&#038;w=1500&#038;ssl=1 1500w,https:\/\/i0.wp.com\/www.planete-sciences.org\/vendee\/wp-content\/uploads\/2024\/11\/467353360_522721124096087_2404036614383072439_n-1024x576.jpg?strip=info&#038;w=1800&#038;ssl=1 1800w,https:\/\/i0.wp.com\/www.planete-sciences.org\/vendee\/wp-content\/uploads\/2024\/11\/467353360_522721124096087_2404036614383072439_n-1024x576.jpg?strip=info&#038;w=2000&#038;ssl=1 2000w\" alt=\"\" data-height=\"1125\" data-id=\"2355\" data-link=\"https:\/\/www.planete-sciences.org\/vendee\/page-2\/467353360_522721124096087_2404036614383072439_n\/#main\" data-url=\"https:\/\/www.planete-sciences.org\/vendee\/wp-content\/uploads\/2024\/11\/467353360_522721124096087_2404036614383072439_n-1024x576.jpg\" data-width=\"2000\" src=\"https:\/\/i0.wp.com\/www.planete-sciences.org\/vendee\/wp-content\/uploads\/2024\/11\/467353360_522721124096087_2404036614383072439_n-1024x576.jpg?ssl=1\" data-amp-layout=\"responsive\" tabindex=\"0\" role=\"button\" aria-label=\"Ouvrir l\u2019image 2 sur 3 en plein \u00e9cran\"\/><\/figure><\/div><div class=\"tiled-gallery__col\" style=\"flex-basis:38.75803%\"><figure class=\"tiled-gallery__item\"><img decoding=\"async\" srcset=\"https:\/\/i2.wp.com\/www.planete-sciences.org\/vendee\/wp-content\/uploads\/2024\/11\/Image4-1024x475.jpg?strip=info&#038;w=600&#038;ssl=1 600w,https:\/\/i2.wp.com\/www.planete-sciences.org\/vendee\/wp-content\/uploads\/2024\/11\/Image4-1024x475.jpg?strip=info&#038;w=900&#038;ssl=1 900w,https:\/\/i2.wp.com\/www.planete-sciences.org\/vendee\/wp-content\/uploads\/2024\/11\/Image4-1024x475.jpg?strip=info&#038;w=1200&#038;ssl=1 1200w,https:\/\/i2.wp.com\/www.planete-sciences.org\/vendee\/wp-content\/uploads\/2024\/11\/Image4-1024x475.jpg?strip=info&#038;w=1280&#038;ssl=1 1280w\" alt=\"\" data-height=\"594\" data-id=\"2358\" data-link=\"https:\/\/www.planete-sciences.org\/vendee\/page-2\/image4\/#main\" data-url=\"https:\/\/www.planete-sciences.org\/vendee\/wp-content\/uploads\/2024\/11\/Image4-1024x475.jpg\" data-width=\"1280\" src=\"https:\/\/i2.wp.com\/www.planete-sciences.org\/vendee\/wp-content\/uploads\/2024\/11\/Image4-1024x475.jpg?ssl=1\" data-amp-layout=\"responsive\" tabindex=\"0\" role=\"button\" aria-label=\"Ouvrir l\u2019image 3 sur 3 en plein \u00e9cran\"\/><\/figure><\/div><\/div><\/div><\/div><\/div>\n\n\n\n<p><strong>Plan\u00e8te Sciences Vend\u00e9e<\/strong> propose des activit\u00e9s en physique et m\u00e9canique, astronomie, espace, a\u00e9ronautique, sciences du vivant, \u00e9nergie, \u00e9lectricit\u00e9, num\u00e9rique et programmation, robotique, chimie, histoire et patrimoine&#8230; Elle m\u00e8ne des actions tout au long de l\u2019ann\u00e9e et intervient dans diff\u00e9rents cadres&nbsp;:<\/p>\n\n\n\n<ul>\n<li>Encadrement de clubs et d\u2019ateliers scientifiques\npour les jeunes<\/li>\n\n\n\n<li>Interventions sur le temps scolaires dans les\n\u00e9coles, les coll\u00e8ges et les lyc\u00e9es<\/li>\n\n\n\n<li>D\u00e9veloppement d\u2019une offre \u00e9ducative pour les temps\np\u00e9riscolaires, les accueils de loisirs et de vacances <\/li>\n\n\n\n<li>Mise en place d\u2019actions de d\u00e9couverte des\nsciences dans les quartiers<\/li>\n\n\n\n<li>Accompagnement et suivi de projets techniques\nd\u2019\u00e9tudiants <\/li>\n\n\n\n<li>Organisation d\u2019\u00e9v\u00e8nements de culture scientifique&nbsp;: Exposcience, Coupe de Robotique, F\u00eate de la Science&#8230;<\/li>\n\n\n\n<li>Formation des animateurs, \u00e9ducateurs et\nenseignants aux activit\u00e9s scientifiques<\/li>\n\n\n\n<li>R\u00e9alisation de documents et outils p\u00e9dagogiques.<\/li>\n<\/ul>\n\n\n\n<h1 class=\"wp-block-heading\">Nos rapports d&rsquo;activit\u00e9s<\/h1>\n\n\n\n<div class=\"wp-block-group is-layout-flow wp-block-group-is-layout-flow\"><div class=\"wp-block-group__inner-container\">\n<div class=\"wp-block-group is-layout-constrained wp-block-group-is-layout-constrained\"><div class=\"wp-block-group__inner-container\">\n<figure class=\"wp-block-table aligncenter\"><table class=\"has-fixed-layout\"><tbody><tr><td class=\"has-text-align-center\" data-align=\"center\"><strong>Rapport d&rsquo;activit\u00e9 2024<\/strong><\/td><td><a href=\"https:\/\/www.planete-sciences.org\/vendee\/wp-content\/uploads\/2025\/05\/Rapport-activite-2024-light.pdf\" data-type=\"link\" data-id=\"https:\/\/www.planete-sciences.org\/vendee\/wp-content\/uploads\/2025\/05\/Rapport-activite-2024-light.pdf\" target=\"_blank\" rel=\"noreferrer noopener\"><img loading=\"lazy\" decoding=\"async\" width=\"1080\" height=\"360\" class=\"wp-image-872\" style=\"width: 150px;\" src=\"https:\/\/www.planete-sciences.org\/vendee\/wp-content\/uploads\/2021\/05\/360_F_29501423_j4x8G8mP0b2J1WUr5JFazA4tNgLfVwZ4.jpeg\" alt=\"\" srcset=\"https:\/\/www.planete-sciences.org\/vendee\/wp-content\/uploads\/2021\/05\/360_F_29501423_j4x8G8mP0b2J1WUr5JFazA4tNgLfVwZ4.jpeg 1080w, https:\/\/www.planete-sciences.org\/vendee\/wp-content\/uploads\/2021\/05\/360_F_29501423_j4x8G8mP0b2J1WUr5JFazA4tNgLfVwZ4-300x100.jpeg 300w, https:\/\/www.planete-sciences.org\/vendee\/wp-content\/uploads\/2021\/05\/360_F_29501423_j4x8G8mP0b2J1WUr5JFazA4tNgLfVwZ4-1024x341.jpeg 1024w, https:\/\/www.planete-sciences.org\/vendee\/wp-content\/uploads\/2021\/05\/360_F_29501423_j4x8G8mP0b2J1WUr5JFazA4tNgLfVwZ4-768x256.jpeg 768w, https:\/\/www.planete-sciences.org\/vendee\/wp-content\/uploads\/2021\/05\/360_F_29501423_j4x8G8mP0b2J1WUr5JFazA4tNgLfVwZ4-3x1.jpeg 3w\" sizes=\"(max-width: 1080px) 100vw, 1080px\" \/><\/a><\/td><\/tr><tr><td class=\"has-text-align-center\" data-align=\"center\"><strong>Rapport d&rsquo;activit\u00e9 2023<\/strong><\/td><td><a href=\"https:\/\/www.planete-sciences.org\/vendee\/wp-content\/uploads\/2024\/03\/CR-activite2023-light.pdf\" data-type=\"link\" data-id=\"https:\/\/www.planete-sciences.org\/vendee\/wp-content\/uploads\/2024\/03\/CR-activite2023-light.pdf\" target=\"_blank\" rel=\"noreferrer noopener\"><img loading=\"lazy\" decoding=\"async\" width=\"1080\" height=\"360\" class=\"wp-image-872\" style=\"width: 150px;\" src=\"https:\/\/www.planete-sciences.org\/vendee\/wp-content\/uploads\/2021\/05\/360_F_29501423_j4x8G8mP0b2J1WUr5JFazA4tNgLfVwZ4.jpeg\" alt=\"\" srcset=\"https:\/\/www.planete-sciences.org\/vendee\/wp-content\/uploads\/2021\/05\/360_F_29501423_j4x8G8mP0b2J1WUr5JFazA4tNgLfVwZ4.jpeg 1080w, https:\/\/www.planete-sciences.org\/vendee\/wp-content\/uploads\/2021\/05\/360_F_29501423_j4x8G8mP0b2J1WUr5JFazA4tNgLfVwZ4-300x100.jpeg 300w, https:\/\/www.planete-sciences.org\/vendee\/wp-content\/uploads\/2021\/05\/360_F_29501423_j4x8G8mP0b2J1WUr5JFazA4tNgLfVwZ4-1024x341.jpeg 1024w, https:\/\/www.planete-sciences.org\/vendee\/wp-content\/uploads\/2021\/05\/360_F_29501423_j4x8G8mP0b2J1WUr5JFazA4tNgLfVwZ4-768x256.jpeg 768w, https:\/\/www.planete-sciences.org\/vendee\/wp-content\/uploads\/2021\/05\/360_F_29501423_j4x8G8mP0b2J1WUr5JFazA4tNgLfVwZ4-3x1.jpeg 3w\" sizes=\"(max-width: 1080px) 100vw, 1080px\" \/><\/a><\/td><\/tr><tr><td class=\"has-text-align-center\" data-align=\"center\"><strong>Rapport d&rsquo;activit\u00e9 2022<\/strong><\/td><td><a href=\"https:\/\/www.planete-sciences.org\/vendee\/wp-content\/uploads\/2023\/04\/CR-activite2022-light.pdf\" data-type=\"URL\" data-id=\"https:\/\/www.planete-sciences.org\/vendee\/wp-content\/uploads\/2023\/04\/CR-activite2022-light.pdf\" target=\"_blank\" rel=\"noreferrer noopener\"><img loading=\"lazy\" decoding=\"async\" width=\"1080\" height=\"360\" class=\"wp-image-872\" style=\"width: 150px;\" src=\"https:\/\/www.planete-sciences.org\/vendee\/wp-content\/uploads\/2021\/05\/360_F_29501423_j4x8G8mP0b2J1WUr5JFazA4tNgLfVwZ4.jpeg\" alt=\"\" srcset=\"https:\/\/www.planete-sciences.org\/vendee\/wp-content\/uploads\/2021\/05\/360_F_29501423_j4x8G8mP0b2J1WUr5JFazA4tNgLfVwZ4.jpeg 1080w, https:\/\/www.planete-sciences.org\/vendee\/wp-content\/uploads\/2021\/05\/360_F_29501423_j4x8G8mP0b2J1WUr5JFazA4tNgLfVwZ4-300x100.jpeg 300w, https:\/\/www.planete-sciences.org\/vendee\/wp-content\/uploads\/2021\/05\/360_F_29501423_j4x8G8mP0b2J1WUr5JFazA4tNgLfVwZ4-1024x341.jpeg 1024w, https:\/\/www.planete-sciences.org\/vendee\/wp-content\/uploads\/2021\/05\/360_F_29501423_j4x8G8mP0b2J1WUr5JFazA4tNgLfVwZ4-768x256.jpeg 768w, https:\/\/www.planete-sciences.org\/vendee\/wp-content\/uploads\/2021\/05\/360_F_29501423_j4x8G8mP0b2J1WUr5JFazA4tNgLfVwZ4-3x1.jpeg 3w\" sizes=\"(max-width: 1080px) 100vw, 1080px\" \/><\/a><\/td><\/tr><\/tbody><\/table><\/figure>\n<\/div><\/div>\n<\/div><\/div>\n\n\n\n<h1 class=\"wp-block-heading\">Le R\u00e9seau Plan\u00e8te Sciences<\/h1>\n\n\n\n<figure class=\"wp-block-embed aligncenter is-type-video is-provider-youtube wp-block-embed-youtube wp-embed-aspect-16-9 wp-has-aspect-ratio\"><div class=\"wp-block-embed__wrapper\">\n<iframe loading=\"lazy\" title=\"Film des 50 ans de Plan\u00e8te Sciences\" width=\"654\" height=\"368\" src=\"https:\/\/www.youtube.com\/embed\/hyB32y95P9g?feature=oembed\" frameborder=\"0\" allow=\"accelerometer; autoplay; clipboard-write; encrypted-media; gyroscope; picture-in-picture; web-share\" referrerpolicy=\"strict-origin-when-cross-origin\" allowfullscreen><\/iframe>\n<\/div><\/figure>\n\n\n\n<p>Plan\u00e8te Sciences est un r\u00e9seau, cr\u00e9\u00e9e, en 1962, qui regroupe aujourd\u2019hui 10 associations r\u00e9gionales d\u2019\u00e9ducation populaire sp\u00e9cialis\u00e9es dans l\u2019animation scientifique. <\/p>\n\n\n\n<p>Gr\u00e2ce \u00e0 la mutualisation des moyens, des comp\u00e9tences et des savoir-faire, les projets r\u00e9gionaux se sont multipli\u00e9s et enrichis. Cet ensemble partage et d\u00e9fend les m\u00eames valeurs, les m\u00eames objectfis, les m\u00eames pratiques comme acteur de la culture scientifique et technique pour les jeunes et les familles en France.<\/p>\n\n\n\n<p>Chaque ann\u00e9e, environ 100 000 jeunes participent \u00e0 ses activit\u00e9s, gr\u00e2ce \u00e0 1000 animateurs et 100 permanents.<\/p>\n\n\n<div class=\"wp-block-image\">\n<figure class=\"aligncenter size-full is-resized\"><a href=\"http:\/\/www.planete-sciences.org\/\" target=\"_blank\" rel=\"noreferrer noopener\"><img loading=\"lazy\" decoding=\"async\" width=\"300\" height=\"298\" src=\"https:\/\/www.planete-sciences.org\/vendee\/wp-content\/uploads\/2024\/11\/logo-60-ans-couleur-300x298-1.png\" alt=\"\" class=\"wp-image-2337\" style=\"aspect-ratio:0.9565217391304348;width:236px;height:auto\" srcset=\"https:\/\/www.planete-sciences.org\/vendee\/wp-content\/uploads\/2024\/11\/logo-60-ans-couleur-300x298-1.png 300w, https:\/\/www.planete-sciences.org\/vendee\/wp-content\/uploads\/2024\/11\/logo-60-ans-couleur-300x298-1-150x150.png 150w, https:\/\/www.planete-sciences.org\/vendee\/wp-content\/uploads\/2024\/11\/logo-60-ans-couleur-300x298-1-1x1.png 1w\" sizes=\"(max-width: 300px) 100vw, 300px\" \/><\/a><\/figure><\/div>\n\n\n<h2 class=\"wp-block-heading has-text-align-center\"><a href=\"http:\/\/www.planete-sciences.org\/\" data-type=\"URL\" data-id=\"www.planete-sciences.org\/\">www.planete-sciences.org<\/a><\/h2>\n\n\n\n<p><\/p>\n","protected":false},"excerpt":{"rendered":"<p>Plan\u00e8te Sciences Vend\u00e9e est une association, d\u00e9l\u00e9gation d\u00e9partementale du r\u00e9seau Plan\u00e8te Sciences. Elle a pour objectif de favoriser, aupr\u00e8s des jeunes, l\u2019int\u00e9r\u00eat, la d\u00e9couverte, la pratique des sciences et des techniques et d\u2019aider les enseignants, les animateurs, les \u00e9ducateurs, les chercheurs et les parents dans leurs activit\u00e9s vers les jeunes. Notre d\u00e9marche Plan\u00e8te Sciences Vend\u00e9e [&hellip;]<\/p>\n","protected":false},"author":1,"featured_media":0,"parent":0,"menu_order":0,"comment_status":"closed","ping_status":"closed","template":"","meta":{"footnotes":""},"jetpack_sharing_enabled":true,"_links":{"self":[{"href":"https:\/\/www.planete-sciences.org\/vendee\/wp-json\/wp\/v2\/pages\/88"}],"collection":[{"href":"https:\/\/www.planete-sciences.org\/vendee\/wp-json\/wp\/v2\/pages"}],"about":[{"href":"https:\/\/www.planete-sciences.org\/vendee\/wp-json\/wp\/v2\/types\/page"}],"author":[{"embeddable":true,"href":"https:\/\/www.planete-sciences.org\/vendee\/wp-json\/wp\/v2\/users\/1"}],"replies":[{"embeddable":true,"href":"https:\/\/www.planete-sciences.org\/vendee\/wp-json\/wp\/v2\/comments?post=88"}],"version-history":[{"count":39,"href":"https:\/\/www.planete-sciences.org\/vendee\/wp-json\/wp\/v2\/pages\/88\/revisions"}],"predecessor-version":[{"id":2684,"href":"https:\/\/www.planete-sciences.org\/vendee\/wp-json\/wp\/v2\/pages\/88\/revisions\/2684"}],"wp:attachment":[{"href":"https:\/\/www.planete-sciences.org\/vendee\/wp-json\/wp\/v2\/media?parent=88"}],"curies":[{"name":"wp","href":"https:\/\/api.w.org\/{rel}","templated":true}]}}