{"id":137,"date":"2021-11-18T19:04:17","date_gmt":"2021-11-18T18:04:17","guid":{"rendered":"https:\/\/www.planete-sciences.org\/vendee\/?page_id=137"},"modified":"2026-01-08T10:29:45","modified_gmt":"2026-01-08T09:29:45","slug":"actualites","status":"publish","type":"page","link":"https:\/\/www.planete-sciences.org\/vendee\/actualites\/","title":{"rendered":"Actualit\u00e9s"},"content":{"rendered":"\n<h2 class=\"wp-block-heading\">Plan\u00e8te Sciences Vend\u00e9e recrute !<\/h2>\n\n\n<div class=\"wp-block-image is-resized\">\n<figure class=\"aligncenter size-large\"><img loading=\"lazy\" decoding=\"async\" width=\"768\" height=\"1024\" src=\"https:\/\/www.planete-sciences.org\/vendee\/wp-content\/uploads\/2026\/01\/RECRUTEMENT-janv26-1-768x1024.jpg\" alt=\"\" class=\"wp-image-3019\" style=\"aspect-ratio:3\/4;object-fit:cover;width:242px;height:auto\" srcset=\"https:\/\/www.planete-sciences.org\/vendee\/wp-content\/uploads\/2026\/01\/RECRUTEMENT-janv26-1-768x1024.jpg 768w, https:\/\/www.planete-sciences.org\/vendee\/wp-content\/uploads\/2026\/01\/RECRUTEMENT-janv26-1-225x300.jpg 225w, https:\/\/www.planete-sciences.org\/vendee\/wp-content\/uploads\/2026\/01\/RECRUTEMENT-janv26-1-1152x1536.jpg 1152w, https:\/\/www.planete-sciences.org\/vendee\/wp-content\/uploads\/2026\/01\/RECRUTEMENT-janv26-1-1536x2048.jpg 1536w, https:\/\/www.planete-sciences.org\/vendee\/wp-content\/uploads\/2026\/01\/RECRUTEMENT-janv26-1-1x1.jpg 1w, https:\/\/www.planete-sciences.org\/vendee\/wp-content\/uploads\/2026\/01\/RECRUTEMENT-janv26-1-scaled.jpg 1920w\" sizes=\"(max-width: 768px) 100vw, 768px\" \/><\/figure><\/div>\n\n\n<p><strong>Plan\u00e8te Sciences recrute : Animateur rice \u2013 Coordinateur rice&nbsp; (H\/F)<\/strong><\/p>\n\n\n\n<p><strong>Poste bas\u00e9 \u00e0 La Roche-sur-Yon (85) \u2013 CDI \u2013 Temps plein ( CDD Envisageable)<\/strong><\/p>\n\n\n\n<p>Vous voulez travailler avec les jeunes et vous aimez les sciences&nbsp;?Rejoignez Plan\u00e8te Sciences Vend\u00e9e , une association d\u2019\u00e9ducation populaire dynamique et engag\u00e9es qui intervient aupr\u00e8s de 10 000 jeunes chaque ann\u00e9e !<br>Candidature : <a href=\"mailto:vendee@planete-sciences.org\">vendee@planete-sciences.org<\/a><\/p>\n\n\n\n<div class=\"wp-block-file\"><a id=\"wp-block-file--media-75ccb0cf-30bb-42d1-befa-f2507878ce11\" href=\"https:\/\/www.planete-sciences.org\/vendee\/wp-content\/uploads\/2026\/01\/annonce-animateurcoordo-janv2026.pdf\"><strong>annonce-animateurcoordo-janv2026<\/strong><\/a><a href=\"https:\/\/www.planete-sciences.org\/vendee\/wp-content\/uploads\/2026\/01\/annonce-animateurcoordo-janv2026.pdf\" class=\"wp-block-file__button wp-element-button\" download aria-describedby=\"wp-block-file--media-75ccb0cf-30bb-42d1-befa-f2507878ce11\"><strong>T\u00e9l\u00e9charger<\/strong><\/a><\/div>\n","protected":false},"excerpt":{"rendered":"<p>Plan\u00e8te Sciences Vend\u00e9e recrute ! Plan\u00e8te Sciences recrute : Animateur rice \u2013 Coordinateur rice&nbsp; (H\/F) Poste bas\u00e9 \u00e0 La Roche-sur-Yon (85) \u2013 CDI \u2013 Temps plein ( CDD Envisageable) Vous voulez travailler avec les jeunes et vous aimez les sciences&nbsp;?Rejoignez Plan\u00e8te Sciences Vend\u00e9e , une association d\u2019\u00e9ducation populaire dynamique et engag\u00e9es qui intervient aupr\u00e8s de [&hellip;]<\/p>\n","protected":false},"author":1,"featured_media":0,"parent":0,"menu_order":0,"comment_status":"closed","ping_status":"closed","template":"","meta":{"footnotes":""},"jetpack_sharing_enabled":true,"_links":{"self":[{"href":"https:\/\/www.planete-sciences.org\/vendee\/wp-json\/wp\/v2\/pages\/137"}],"collection":[{"href":"https:\/\/www.planete-sciences.org\/vendee\/wp-json\/wp\/v2\/pages"}],"about":[{"href":"https:\/\/www.planete-sciences.org\/vendee\/wp-json\/wp\/v2\/types\/page"}],"author":[{"embeddable":true,"href":"https:\/\/www.planete-sciences.org\/vendee\/wp-json\/wp\/v2\/users\/1"}],"replies":[{"embeddable":true,"href":"https:\/\/www.planete-sciences.org\/vendee\/wp-json\/wp\/v2\/comments?post=137"}],"version-history":[{"count":12,"href":"https:\/\/www.planete-sciences.org\/vendee\/wp-json\/wp\/v2\/pages\/137\/revisions"}],"predecessor-version":[{"id":3026,"href":"https:\/\/www.planete-sciences.org\/vendee\/wp-json\/wp\/v2\/pages\/137\/revisions\/3026"}],"wp:attachment":[{"href":"https:\/\/www.planete-sciences.org\/vendee\/wp-json\/wp\/v2\/media?parent=137"}],"curies":[{"name":"wp","href":"https:\/\/api.w.org\/{rel}","templated":true}]}}