{"id":114,"date":"2019-09-30T11:47:37","date_gmt":"2019-09-30T09:47:37","guid":{"rendered":"https:\/\/www.planete-sciences.org\/vendee\/?page_id=114"},"modified":"2025-09-09T15:57:21","modified_gmt":"2025-09-09T13:57:21","slug":"evenements","status":"publish","type":"page","link":"https:\/\/www.planete-sciences.org\/vendee\/evenements\/","title":{"rendered":"Evenements"},"content":{"rendered":"\n<p class=\"has-text-align-left\">Plan\u00e8te Sciences Vend\u00e9e participe \u00e0 l&rsquo;organisation de plusieurs \u00e9v\u00e9nements d&rsquo;envergure, pour valoriser les projets de jeunes et sensibiliser le grand public aux sciences et techniques. <\/p>\n\n\n\n<h2 class=\"wp-block-heading\">Coupe de France de robotique junior<\/h2>\n\n\n<div class=\"wp-block-image\">\n<figure class=\"aligncenter size-large\"><img loading=\"lazy\" decoding=\"async\" width=\"1024\" height=\"576\" src=\"https:\/\/www.planete-sciences.org\/vendee\/wp-content\/uploads\/2024\/11\/2133-120l0-max-1024x576.jpg\" alt=\"\" class=\"wp-image-2282\" srcset=\"https:\/\/www.planete-sciences.org\/vendee\/wp-content\/uploads\/2024\/11\/2133-120l0-max-1024x576.jpg 1024w, https:\/\/www.planete-sciences.org\/vendee\/wp-content\/uploads\/2024\/11\/2133-120l0-max-300x169.jpg 300w, https:\/\/www.planete-sciences.org\/vendee\/wp-content\/uploads\/2024\/11\/2133-120l0-max-768x432.jpg 768w, https:\/\/www.planete-sciences.org\/vendee\/wp-content\/uploads\/2024\/11\/2133-120l0-max-1536x864.jpg 1536w, https:\/\/www.planete-sciences.org\/vendee\/wp-content\/uploads\/2024\/11\/2133-120l0-max-2048x1152.jpg 2048w, https:\/\/www.planete-sciences.org\/vendee\/wp-content\/uploads\/2024\/11\/2133-120l0-max-2x1.jpg 2w, https:\/\/www.planete-sciences.org\/vendee\/wp-content\/uploads\/2024\/11\/2133-120l0-max-700x394.jpg 700w\" sizes=\"(max-width: 1024px) 100vw, 1024px\" \/><\/figure><\/div>\n\n\n<h4 class=\"wp-block-heading\"><strong>Qualification r\u00e9gionale Pays-de-la-Loire le 15 Mars 2026  \u00e0 Angers<\/strong>. Finale nationale en Mai 2025 \u00e0 La 15 Roche-sur-Yon. <\/h4>\n\n\n\n<p>La Coupe de France de robotique junior  propose \u00e0 des&nbsp;<strong>jeunes de 7 \u00e0 18 ans<\/strong>&nbsp;de cr\u00e9er un&nbsp;<strong>robot filoguid\u00e9<\/strong>&nbsp;afin de d\u00e9couvrir, de fa\u00e7on ludique et p\u00e9dagogique, les domaines de la robotique : m\u00e9canique, \u00e9lectricit\u00e9, informatique et \u00e9lectronique.<\/p>\n\n\n\n<p>Les \u00e9quipes con\u00e7oivent et construisent un robot qui ex\u00e9cutent des actions suivant un r\u00e8glement dont le th\u00e8me se renouvelle chaque ann\u00e9e. Elles disputent ensuite des matchs pendant les rencontres r\u00e9gionales de robotique et se qualifient \u00e9ventuellement pour la finale nationale.<\/p>\n\n\n\n<div class=\"wp-block-columns is-layout-flex wp-container-core-columns-layout-1 wp-block-columns-is-layout-flex\">\n<div class=\"wp-block-column is-layout-flow wp-block-column-is-layout-flow\">\n<figure class=\"wp-block-image size-large\"><img loading=\"lazy\" decoding=\"async\" width=\"218\" height=\"114\" src=\"https:\/\/www.planete-sciences.org\/vendee\/wp-content\/uploads\/2021\/11\/copue-junior.jpg\" alt=\"\" class=\"wp-image-1256\" srcset=\"https:\/\/www.planete-sciences.org\/vendee\/wp-content\/uploads\/2021\/11\/copue-junior.jpg 218w, https:\/\/www.planete-sciences.org\/vendee\/wp-content\/uploads\/2021\/11\/copue-junior-2x1.jpg 2w\" sizes=\"(max-width: 218px) 100vw, 218px\" \/><\/figure>\n<\/div>\n\n\n\n<div class=\"wp-block-column is-layout-flow wp-block-column-is-layout-flow\">\n<p class=\"has-text-align-center\"><strong>Qualification r\u00e9gionale en partenariat avec<\/strong><\/p>\n\n\n\n<p class=\"has-text-align-center\"><img loading=\"lazy\" decoding=\"async\" width=\"150\" height=\"202\" class=\"wp-image-1260\" style=\"width: 75px;\" src=\"https:\/\/www.planete-sciences.org\/vendee\/wp-content\/uploads\/2021\/11\/Logo-Ville-Angers-w150.jpeg\" alt=\"\" srcset=\"https:\/\/www.planete-sciences.org\/vendee\/wp-content\/uploads\/2021\/11\/Logo-Ville-Angers-w150.jpeg 150w, https:\/\/www.planete-sciences.org\/vendee\/wp-content\/uploads\/2021\/11\/Logo-Ville-Angers-w150-1x1.jpeg 1w\" sizes=\"(max-width: 150px) 100vw, 150px\" \/> <\/p>\n<\/div>\n\n\n\n<div class=\"wp-block-column is-layout-flow wp-block-column-is-layout-flow\">\n<p class=\"has-text-align-center\"><strong>Finale nationale en partenariat avec <\/strong><\/p>\n\n\n\n<figure class=\"wp-block-image size-large\"><img loading=\"lazy\" decoding=\"async\" width=\"311\" height=\"195\" src=\"https:\/\/www.planete-sciences.org\/vendee\/wp-content\/uploads\/2021\/11\/Capture-de\u0301cran-2021-09-17-a\u0300-08.01.58-edited.png\" alt=\"\" class=\"wp-image-1261\" srcset=\"https:\/\/www.planete-sciences.org\/vendee\/wp-content\/uploads\/2021\/11\/Capture-de\u0301cran-2021-09-17-a\u0300-08.01.58-edited.png 311w, https:\/\/www.planete-sciences.org\/vendee\/wp-content\/uploads\/2021\/11\/Capture-de\u0301cran-2021-09-17-a\u0300-08.01.58-edited-300x188.png 300w, https:\/\/www.planete-sciences.org\/vendee\/wp-content\/uploads\/2021\/11\/Capture-de\u0301cran-2021-09-17-a\u0300-08.01.58-edited-2x1.png 2w\" sizes=\"(max-width: 311px) 100vw, 311px\" \/><\/figure>\n<\/div>\n<\/div>\n\n\n\n<h2 class=\"wp-block-heading\">Coupe de France de Robotique<\/h2>\n\n\n<div class=\"wp-block-image\">\n<figure class=\"alignleft size-full is-resized\"><img loading=\"lazy\" decoding=\"async\" width=\"320\" height=\"320\" src=\"https:\/\/www.planete-sciences.org\/vendee\/wp-content\/uploads\/2024\/11\/441459766_843598377812134_6745299047366879783_nlow.jpg\" alt=\"\" class=\"wp-image-2285\" style=\"width:368px;height:auto\" srcset=\"https:\/\/www.planete-sciences.org\/vendee\/wp-content\/uploads\/2024\/11\/441459766_843598377812134_6745299047366879783_nlow.jpg 320w, https:\/\/www.planete-sciences.org\/vendee\/wp-content\/uploads\/2024\/11\/441459766_843598377812134_6745299047366879783_nlow-300x300.jpg 300w, https:\/\/www.planete-sciences.org\/vendee\/wp-content\/uploads\/2024\/11\/441459766_843598377812134_6745299047366879783_nlow-150x150.jpg 150w, https:\/\/www.planete-sciences.org\/vendee\/wp-content\/uploads\/2024\/11\/441459766_843598377812134_6745299047366879783_nlow-1x1.jpg 1w\" sizes=\"(max-width: 320px) 100vw, 320px\" \/><\/figure><\/div>\n\n\n<h4 class=\"wp-block-heading\"><strong>Du 13 au 16 Mai 2025 <\/strong>\u00e0 La Roche-sur-Yon <strong>(Parc Expo\u00a0 Les Oudairies<\/strong>).<\/h4>\n\n\n\n<p>La Coupe de France de Robotique est un&nbsp;<strong>d\u00e9fi ludique, scientifique et technique de robotique amateur<\/strong>&nbsp;qui s\u2019adresse \u00e0 des \u00e9quipes de jeunes de 18 \u00e0 25 ans passionn\u00e9(e)s de la robotique.<\/p>\n\n\n\n<p>Les participants doivent concevoir puis r\u00e9aliser un&nbsp;<strong>robot autonome<\/strong>, conforme au r\u00e8glement, \u00e0 l\u2019esprit de cette rencontre et apte \u00e0 participer aux matchs. Le concours comporte une phase qualificative puis une phase finale par \u00e9limination directe.<\/p>\n\n\n\n<p>Planete Sciences est l\u2019organisateur de la Coupe de France de robotique qui se d\u00e9roule chaque ann\u00e9e \u00e0 la Roche-sur-Yon en partenariat avec Oryon.<\/p>\n\n\n<div class=\"wp-block-image\">\n<figure class=\"aligncenter is-resized\"><img loading=\"lazy\" decoding=\"async\" width=\"473\" height=\"288\" src=\"https:\/\/www.planete-sciences.org\/vendee\/wp-content\/uploads\/2019\/10\/coupe_france_robotique_logo_2016.jpg\" alt=\"\" class=\"wp-image-184\" style=\"width:297px;height:181px\" srcset=\"https:\/\/www.planete-sciences.org\/vendee\/wp-content\/uploads\/2019\/10\/coupe_france_robotique_logo_2016.jpg 473w, https:\/\/www.planete-sciences.org\/vendee\/wp-content\/uploads\/2019\/10\/coupe_france_robotique_logo_2016-300x183.jpg 300w, https:\/\/www.planete-sciences.org\/vendee\/wp-content\/uploads\/2019\/10\/coupe_france_robotique_logo_2016-2x1.jpg 2w\" sizes=\"(max-width: 473px) 100vw, 473px\" \/><figcaption class=\"wp-element-caption\"><strong><a href=\"https:\/\/www.coupederobotique.fr\/lacoupe\/\">Lien vers le site web de l&rsquo;\u00e9venement<\/a><\/strong><\/figcaption><\/figure><\/div>\n\n\n<p class=\"has-text-align-center\"><\/p>\n","protected":false},"excerpt":{"rendered":"<p>Plan\u00e8te Sciences Vend\u00e9e participe \u00e0 l&rsquo;organisation de plusieurs \u00e9v\u00e9nements d&rsquo;envergure, pour valoriser les projets de jeunes et sensibiliser le grand public aux sciences et techniques. Coupe de France de robotique junior Qualification r\u00e9gionale Pays-de-la-Loire le 15 Mars 2026 \u00e0 Angers. Finale nationale en Mai 2025 \u00e0 La 15 Roche-sur-Yon. La Coupe de France de robotique [&hellip;]<\/p>\n","protected":false},"author":1,"featured_media":0,"parent":0,"menu_order":0,"comment_status":"closed","ping_status":"closed","template":"","meta":{"footnotes":""},"jetpack_sharing_enabled":true,"_links":{"self":[{"href":"https:\/\/www.planete-sciences.org\/vendee\/wp-json\/wp\/v2\/pages\/114"}],"collection":[{"href":"https:\/\/www.planete-sciences.org\/vendee\/wp-json\/wp\/v2\/pages"}],"about":[{"href":"https:\/\/www.planete-sciences.org\/vendee\/wp-json\/wp\/v2\/types\/page"}],"author":[{"embeddable":true,"href":"https:\/\/www.planete-sciences.org\/vendee\/wp-json\/wp\/v2\/users\/1"}],"replies":[{"embeddable":true,"href":"https:\/\/www.planete-sciences.org\/vendee\/wp-json\/wp\/v2\/comments?post=114"}],"version-history":[{"count":32,"href":"https:\/\/www.planete-sciences.org\/vendee\/wp-json\/wp\/v2\/pages\/114\/revisions"}],"predecessor-version":[{"id":2815,"href":"https:\/\/www.planete-sciences.org\/vendee\/wp-json\/wp\/v2\/pages\/114\/revisions\/2815"}],"wp:attachment":[{"href":"https:\/\/www.planete-sciences.org\/vendee\/wp-json\/wp\/v2\/media?parent=114"}],"curies":[{"name":"wp","href":"https:\/\/api.w.org\/{rel}","templated":true}]}}