{"id":41,"date":"2022-11-25T13:46:20","date_gmt":"2022-11-25T12:46:20","guid":{"rendered":"http:\/\/pso\/?page_id=41"},"modified":"2026-02-09T12:02:54","modified_gmt":"2026-02-09T11:02:54","slug":"contacts","status":"publish","type":"page","link":"https:\/\/www.planete-sciences.org\/occitanie\/web\/contacts\/","title":{"rendered":"Contacts"},"content":{"rendered":"\t\t<div data-elementor-type=\"wp-page\" data-elementor-id=\"41\" class=\"elementor elementor-41\">\n\t\t\t\t\t\t<section class=\"elementor-section elementor-top-section elementor-element elementor-element-ad43ce4 elementor-section-boxed elementor-section-height-default elementor-section-height-default\" data-id=\"ad43ce4\" data-element_type=\"section\">\n\t\t\t\t\t\t<div class=\"elementor-container elementor-column-gap-default\">\n\t\t\t\t\t<div class=\"elementor-column elementor-col-100 elementor-top-column elementor-element elementor-element-0fad833\" data-id=\"0fad833\" data-element_type=\"column\">\n\t\t\t<div class=\"elementor-widget-wrap elementor-element-populated\">\n\t\t\t\t\t\t<div class=\"elementor-element elementor-element-f75ae47 elementor-widget elementor-widget-heading\" data-id=\"f75ae47\" data-element_type=\"widget\" data-widget_type=\"heading.default\">\n\t\t\t\t<div class=\"elementor-widget-container\">\n\t\t\t\t\t<h1 class=\"elementor-heading-title elementor-size-default\">Contacter Plan\u00e8te Sciences Occitanie<\/h1>\t\t\t\t<\/div>\n\t\t\t\t<\/div>\n\t\t\t\t<div class=\"elementor-element elementor-element-4a4bc9c elementor-widget__width-initial elementor-widget elementor-widget-text-editor\" data-id=\"4a4bc9c\" data-element_type=\"widget\" data-widget_type=\"text-editor.default\">\n\t\t\t\t<div class=\"elementor-widget-container\">\n\t\t\t\t\t\t\t\t\t<p>Parc Technologique du Canal<br \/>B\u00e2timent Marine<br \/>14 Rue Herm\u00e8s<br \/>31 520 Ramonville Saint-Agne<\/p><p>05 61 73 10 22<br \/><a href=\"mailto:occitanie@planete-sciences.org\">occitanie@planete-sciences.org<\/a><\/p>\t\t\t\t\t\t\t\t<\/div>\n\t\t\t\t<\/div>\n\t\t\t\t<div class=\"elementor-element elementor-element-b10aad0 elementor-widget elementor-widget-heading\" data-id=\"b10aad0\" data-element_type=\"widget\" data-widget_type=\"heading.default\">\n\t\t\t\t<div class=\"elementor-widget-container\">\n\t\t\t\t\t<h2 class=\"elementor-heading-title elementor-size-default\">Des contacts directs pour faciliter vos demandes d\u2019informations<\/h2>\t\t\t\t<\/div>\n\t\t\t\t<\/div>\n\t\t\t\t<div class=\"elementor-element elementor-element-6f4b1e6 elementor-widget elementor-widget-text-editor\" data-id=\"6f4b1e6\" data-element_type=\"widget\" data-widget_type=\"text-editor.default\">\n\t\t\t\t<div class=\"elementor-widget-container\">\n\t\t\t\t\t\t\t\t\t<p>La<strong>&nbsp;responsable d\u00e9veloppement et communication :&nbsp;<\/strong><a style=\"font-size: 14px; background-color: #ffffff;\" href=\"mailto:morgane.bouterre@planete-sciences.org\">morgane.bouterre@planete-sciences.org<\/a>&nbsp;|&nbsp;<span style=\"font-size: 14px;\">06 98 69 88 29&nbsp;<\/span><\/p>\n<p><strong>La coordinatrice de projet Coupe de Robotique Junior, la Tourn\u00e9e des Robots et de l&rsquo;IA, Hydrogen&rsquo;oc :&nbsp;<\/strong><a href=\"mailto:noemie.lamoureux@planete-sciences.org\">noemie.lamoureux@planete-sciences.org<\/a>&nbsp;|&nbsp;<span style=\"font-family: Oxygen; font-size: 14px; font-style: normal; font-variant-ligatures: normal; font-variant-caps: normal; font-weight: 400;\">07 67 32 13 20<\/span><\/p>\n<p><strong>Le coordinateur de projet<\/strong>&nbsp;<strong>D\u00e9fis solaires<\/strong> :&nbsp;<a href=\"mailto:julien.serrano@planete-sciences.org\">julien.serrano@planete-sciences.org<\/a>&nbsp;|&nbsp;<span style=\"font-family: Oxygen; font-size: 14px; font-style: normal; font-variant-ligatures: normal; font-variant-caps: normal; font-weight: 400;\">06 74 49 42 92<\/span><\/p>\n<p><strong>Les centres de loisirs pour les jeunes :&nbsp;<\/strong><a href=\"mailto:loisir.occitanie@planete-sciences.org\">loisir.occitanie@planete-sciences.org<\/a>&nbsp;|&nbsp;05 61 73 10 22<\/p>\n<p>Les <strong>activit\u00e9s dans les d\u00e9partements du Gard et de l\u2019H\u00e9rault<\/strong>, merci de contacter la Responsable de l&rsquo;antenne d\u00e9di\u00e9e \u00e0 ces deux d\u00e9partements :&nbsp;&nbsp;<a href=\"mailto:sophie.vicente-de-gouveia@planete-sciences.org\">sophie.vicente-de-gouveia@planete-sciences.org<\/a>&nbsp;|&nbsp;07 43 60 27 34<\/p>\t\t\t\t\t\t\t\t<\/div>\n\t\t\t\t<\/div>\n\t\t\t\t<div class=\"elementor-element elementor-element-2070d90 elementor-widget elementor-widget-heading\" data-id=\"2070d90\" data-element_type=\"widget\" data-widget_type=\"heading.default\">\n\t\t\t\t<div class=\"elementor-widget-container\">\n\t\t\t\t\t<h2 class=\"elementor-heading-title elementor-size-default\">Liens utiles vers nos sites web<\/h2>\t\t\t\t<\/div>\n\t\t\t\t<\/div>\n\t\t\t\t<div class=\"elementor-element elementor-element-64382af elementor-widget elementor-widget-text-editor\" data-id=\"64382af\" data-element_type=\"widget\" data-widget_type=\"text-editor.default\">\n\t\t\t\t<div class=\"elementor-widget-container\">\n\t\t\t\t\t\t\t\t\t<p><a href=\"https:\/\/www.planete-sciences.org\/occitanie\/web\/le-camion-numerique\/\">Le\u00a0Camion Num\u00e9rique<\/a>, Espace de sensibilisation et d&rsquo;exp\u00e9rimentation autour du num\u00e9rique<\/p><p><a href=\"https:\/\/fabriquet.fr\/\" target=\"_blank\" rel=\"noreferrer noopener\">Le FabRiquet<\/a>, le fablab de Ramonville Saint-Agne pour imaginer et concevoir des projets autour de la fabrication num\u00e9rique d\u2019objets<\/p><p><a href=\"https:\/\/www.coupederobotique.fr\/participer-a-la-coupe-junior\/\" target=\"_blank\" rel=\"noreferrer noopener\">La Coupe de Robotique Junior<\/a>\u00a0<\/p><p><a href=\"http:\/\/www.planete-sciences.org\/blogs\/defissolaires\/\" target=\"_blank\" rel=\"noreferrer noopener\">Les D\u00e9fis Solaires<\/a> en Occitanie<\/p>\t\t\t\t\t\t\t\t<\/div>\n\t\t\t\t<\/div>\n\t\t\t\t\t<\/div>\n\t\t<\/div>\n\t\t\t\t\t<\/div>\n\t\t<\/section>\n\t\t\t\t<section class=\"elementor-section elementor-top-section elementor-element elementor-element-aad26d0 elementor-section-boxed elementor-section-height-default elementor-section-height-default\" data-id=\"aad26d0\" data-element_type=\"section\">\n\t\t\t\t\t\t<div class=\"elementor-container elementor-column-gap-default\">\n\t\t\t\t\t<div class=\"elementor-column elementor-col-100 elementor-top-column elementor-element elementor-element-ddf6377\" data-id=\"ddf6377\" data-element_type=\"column\">\n\t\t\t<div class=\"elementor-widget-wrap elementor-element-populated\">\n\t\t\t\t\t\t<div class=\"elementor-element elementor-element-7350f9b elementor-align-center elementor-widget elementor-widget-button\" data-id=\"7350f9b\" data-element_type=\"widget\" data-widget_type=\"button.default\">\n\t\t\t\t<div class=\"elementor-widget-container\">\n\t\t\t\t\t\t\t\t\t<div class=\"elementor-button-wrapper\">\n\t\t\t\t\t<a class=\"elementor-button elementor-button-link elementor-size-lg\" href=\"https:\/\/www.helloasso.com\/associations\/planete-sciences-occitanie\/adhesions\/adhesion-psoc-2026\" target=\"_blank\" rel=\"noopener\">\n\t\t\t\t\t\t<span class=\"elementor-button-content-wrapper\">\n\t\t\t\t\t\t<span class=\"elementor-button-icon\">\n\t\t\t\t<i aria-hidden=\"true\" class=\"far fa-heart\"><\/i>\t\t\t<\/span>\n\t\t\t\t\t\t\t\t\t<span class=\"elementor-button-text\">J'adh\u00e8re \u00e0 l'association Plan\u00e8te Sciences Occitanie ! <\/span>\n\t\t\t\t\t<\/span>\n\t\t\t\t\t<\/a>\n\t\t\t\t<\/div>\n\t\t\t\t\t\t\t\t<\/div>\n\t\t\t\t<\/div>\n\t\t\t\t\t<\/div>\n\t\t<\/div>\n\t\t\t\t\t<\/div>\n\t\t<\/section>\n\t\t\t\t<\/div>\n\t\t","protected":false},"excerpt":{"rendered":"<p>Contacter Plan\u00e8te Sciences Occitanie Parc Technologique du CanalB\u00e2timent Marine14 Rue Herm\u00e8s31 520 Ramonville Saint-Agne 05 61 73 10 22occitanie@planete-sciences.org Des contacts directs pour faciliter vos demandes d\u2019informations La&nbsp;responsable d\u00e9veloppement et communication :&nbsp;morgane.bouterre@planete-sciences.org&nbsp;|&nbsp;06 98 69 88 29&nbsp; La coordinatrice de projet Coupe de Robotique Junior, la Tourn\u00e9e des Robots et de l&rsquo;IA, Hydrogen&rsquo;oc :&nbsp;noemie.lamoureux@planete-sciences.org&nbsp;|&nbsp;07 67 32 [&hellip;]<\/p>\n","protected":false},"author":1,"featured_media":0,"parent":0,"menu_order":10,"comment_status":"closed","ping_status":"closed","template":"","meta":{"ocean_post_layout":"","ocean_both_sidebars_style":"","ocean_both_sidebars_content_width":0,"ocean_both_sidebars_sidebars_width":0,"ocean_sidebar":"","ocean_second_sidebar":"","ocean_disable_margins":"enable","ocean_add_body_class":"","ocean_shortcode_before_top_bar":"","ocean_shortcode_after_top_bar":"","ocean_shortcode_before_header":"","ocean_shortcode_after_header":"","ocean_has_shortcode":"","ocean_shortcode_after_title":"","ocean_shortcode_before_footer_widgets":"","ocean_shortcode_after_footer_widgets":"","ocean_shortcode_before_footer_bottom":"","ocean_shortcode_after_footer_bottom":"","ocean_display_top_bar":"default","ocean_display_header":"default","ocean_header_style":"","ocean_center_header_left_menu":"","ocean_custom_header_template":"","ocean_custom_logo":0,"ocean_custom_retina_logo":0,"ocean_custom_logo_max_width":0,"ocean_custom_logo_tablet_max_width":0,"ocean_custom_logo_mobile_max_width":0,"ocean_custom_logo_max_height":0,"ocean_custom_logo_tablet_max_height":0,"ocean_custom_logo_mobile_max_height":0,"ocean_header_custom_menu":"","ocean_menu_typo_font_family":"","ocean_menu_typo_font_subset":"","ocean_menu_typo_font_size":0,"ocean_menu_typo_font_size_tablet":0,"ocean_menu_typo_font_size_mobile":0,"ocean_menu_typo_font_size_unit":"px","ocean_menu_typo_font_weight":"","ocean_menu_typo_font_weight_tablet":"","ocean_menu_typo_font_weight_mobile":"","ocean_menu_typo_transform":"","ocean_menu_typo_transform_tablet":"","ocean_menu_typo_transform_mobile":"","ocean_menu_typo_line_height":0,"ocean_menu_typo_line_height_tablet":0,"ocean_menu_typo_line_height_mobile":0,"ocean_menu_typo_line_height_unit":"","ocean_menu_typo_spacing":0,"ocean_menu_typo_spacing_tablet":0,"ocean_menu_typo_spacing_mobile":0,"ocean_menu_typo_spacing_unit":"","ocean_menu_link_color":"","ocean_menu_link_color_hover":"","ocean_menu_link_color_active":"","ocean_menu_link_background":"","ocean_menu_link_hover_background":"","ocean_menu_link_active_background":"","ocean_menu_social_links_bg":"","ocean_menu_social_hover_links_bg":"","ocean_menu_social_links_color":"","ocean_menu_social_hover_links_color":"","ocean_disable_title":"default","ocean_disable_heading":"default","ocean_post_title":"","ocean_post_subheading":"","ocean_post_title_style":"","ocean_post_title_background_color":"","ocean_post_title_background":0,"ocean_post_title_bg_image_position":"","ocean_post_title_bg_image_attachment":"","ocean_post_title_bg_image_repeat":"","ocean_post_title_bg_image_size":"","ocean_post_title_height":0,"ocean_post_title_bg_overlay":0.5,"ocean_post_title_bg_overlay_color":"","ocean_disable_breadcrumbs":"default","ocean_breadcrumbs_color":"","ocean_breadcrumbs_separator_color":"","ocean_breadcrumbs_links_color":"","ocean_breadcrumbs_links_hover_color":"","ocean_display_footer_widgets":"default","ocean_display_footer_bottom":"default","ocean_custom_footer_template":"","_vp_format_video_url":"","_vp_image_focal_point":[],"footnotes":""},"class_list":["post-41","page","type-page","status-publish","hentry","entry"],"_links":{"self":[{"href":"https:\/\/www.planete-sciences.org\/occitanie\/web\/wp-json\/wp\/v2\/pages\/41","targetHints":{"allow":["GET"]}}],"collection":[{"href":"https:\/\/www.planete-sciences.org\/occitanie\/web\/wp-json\/wp\/v2\/pages"}],"about":[{"href":"https:\/\/www.planete-sciences.org\/occitanie\/web\/wp-json\/wp\/v2\/types\/page"}],"author":[{"embeddable":true,"href":"https:\/\/www.planete-sciences.org\/occitanie\/web\/wp-json\/wp\/v2\/users\/1"}],"replies":[{"embeddable":true,"href":"https:\/\/www.planete-sciences.org\/occitanie\/web\/wp-json\/wp\/v2\/comments?post=41"}],"version-history":[{"count":46,"href":"https:\/\/www.planete-sciences.org\/occitanie\/web\/wp-json\/wp\/v2\/pages\/41\/revisions"}],"predecessor-version":[{"id":2261260,"href":"https:\/\/www.planete-sciences.org\/occitanie\/web\/wp-json\/wp\/v2\/pages\/41\/revisions\/2261260"}],"wp:attachment":[{"href":"https:\/\/www.planete-sciences.org\/occitanie\/web\/wp-json\/wp\/v2\/media?parent=41"}],"curies":[{"name":"wp","href":"https:\/\/api.w.org\/{rel}","templated":true}]}}