{"id":22,"date":"2012-09-13T12:24:18","date_gmt":"2012-09-13T11:24:18","guid":{"rendered":"http:\/\/www.planete-sciences.org\/normandie\/?p=22"},"modified":"2026-04-24T13:36:44","modified_gmt":"2026-04-24T12:36:44","slug":"formation-bafa","status":"publish","type":"page","link":"https:\/\/www.planete-sciences.org\/normandie\/formation-bafa\/","title":{"rendered":"Formation BAFA"},"content":{"rendered":"<h5>DEVENIR ANIMATEUR EN CENTRE DE VACANCES ET DE LOISIRS<\/h5>\n<p style=\"text-align: justify;\">Le <em>Brevet d\u2019Aptitude aux Fonctions d\u2019Animateur<\/em> est un dipl\u00f4me de l\u2019animation volontaire d\u00e9livr\u00e9 par le Minist\u00e8re des Sports, de la jeunesse, de l\u2019\u00c9ducation Populaire et de la vie Associative. Il permettant d\u2019encadrer, \u00e0 titre non professionnel et de fa\u00e7on occasionnelle, des enfants et des adolescents en Accueil Collectif de Mineurs.<\/p>\n<h6>Pour qui ?<\/h6>\n<p>Le B.A.F.A est accessible \u00e0 tous \u00e0 partir de <strong>16 ans r\u00e9volus.<\/strong><\/p>\n<h6><strong>O\u00f9 et Quand en 2026 ?<\/strong><\/h6>\n<ul>\n<li>Vernon (27) Demi-pension\n<ul>\n<li>Session g\u00e9n\u00e9rale : du 17 au 24 Octobre. <strong><a href=\"https:\/\/www.planete-sciences.org\/normandie\/inscription-aux-stages-davril-2026\/\">S&#8217;inscrire ici<\/a><\/strong><\/li>\n<li>Session d\u2019approfondissement th\u00e9matique grands jeux avec la science et l&#8217;environnement : du 19 au 24 Octobre. <strong><a href=\"https:\/\/www.planete-sciences.org\/normandie\/inscription-aux-stages-davril-2026\/\">S&#8217;inscrire ici<\/a><\/strong><\/li>\n<\/ul>\n<\/li>\n<li>Dieppe (76). Ecole\u00a0 Externat\n<ul>\n<li>Session d&#8217;approfondissement Activit\u00e9s scientifiques autour des \u00e9nergies. Du 26 au 31 Octobre. <strong><a href=\"https:\/\/www.planete-sciences.org\/normandie\/inscription-aux-stages-bafa-de-dieppe-76\/\">S&#8217;inscrire ici<\/a><\/strong><\/li>\n<\/ul>\n<\/li>\n<\/ul>\n<hr \/>\n<h2>D\u00e9roul\u00e9 de la formation<\/h2>\n<p>Le B.A.F.A comprend trois \u00e9tapes, faisant chacune l\u2019objet d\u2019une validation s\u00e9par\u00e9e:<br \/>\n1. La session de formation g\u00e9n\u00e9rale \u2013\u00a0 8 jours en centre de formation<br \/>\n2. Le stage pratique \u2013 14 jours effectifs en Accueil Collectif de Mineurs<br \/>\n3. La session d\u2019approfondissement \u2013 6 jours de sp\u00e9cialisation en centre de formation<\/p>\n<p>Au total 30 mois de formation.\u00a0Le dipl\u00f4me est d\u00e9livr\u00e9 \u00e0 l\u2019issue de la validation des trois \u00e9tapes.<br \/>\nPourquoi passer son B.A.F.A avec Plan\u00e8te Sciences Normandie ?<br \/>\nForte d\u2019une exp\u00e9rience dans la formation d\u2019animateurs, notre association se distingue au travers son projet \u00e9ducatif tourn\u00e9 vers la pratique des activit\u00e9s scientifiques et techniques.<br \/>\nGr\u00e2ce \u00e0 une formation g\u00e9n\u00e9rale, poursuivie par une <strong>formation d\u2019approfondissement<\/strong> <strong>en environnement, sciences et techniques<\/strong>, les futurs animateurs dipl\u00f4m\u00e9s du B.A.F.A seront en capacit\u00e9 d\u2019encadrer des enfants et adolescents lors d\u2019activit\u00e9s p\u00e9riscolaires mais \u00e9galement de proposer de nombreux projets sur l\u2019\u00e9ducation aux sciences et \u00e0 l\u2019environnement.<\/p>\n<hr \/>\n<h2>1- La session de formation g\u00e9n\u00e9rale<\/h2>\n<p><strong>Premi\u00e8re \u00e9tape de la formation B.A.F.A, la session g\u00e9n\u00e9rale se d\u00e9roule sur une p\u00e9riode de 8 jours.<\/strong><\/p>\n<p>Les contenus de formation sont abord\u00e9s de fa\u00e7on active, en privil\u00e9giant les mises en situation et la r\u00e9alisation de projets collectifs. Ainsi, l\u2019exp\u00e9rimentation pratique alterne avec des temps d\u2019\u00e9change et de r\u00e9flexion sur les apports th\u00e9oriques suivants :<\/p>\n<ul>\n<li>Les A.C.M : fonctionnement et r\u00f4le de chacun<\/li>\n<li>Connaissance des publics\u00a0: d\u00e9veloppement psychomoteur, besoins, capacit\u00e9s, centres d\u2019int\u00e9r\u00eat de l\u2019enfant et de l\u2019adolescent<\/li>\n<li>Le jeu, les jeux\u00a0: place et r\u00f4le dans le d\u00e9veloppement de l\u2019enfant\u00a0; recherche, cr\u00e9ation et exp\u00e9rimentation de jeux et d\u2019activit\u00e9s dans divers domaines<\/li>\n<li>R\u00f4le et attitude de l\u2019animateur, relation \u00e9ducative<\/li>\n<li>Vie quotidienne\u00a0: accueil, rythme de vie, hygi\u00e8ne, repas, repos, temps libre, relations avec la famille etc.<\/li>\n<li>Les diff\u00e9rents projets : \u00e9ducatif, p\u00e9dagogique, d\u2019activit\u00e9<\/li>\n<li>D\u00e9couverte et exploitation du milieu environnant<\/li>\n<li>L\u00e9gislation, r\u00e9glementation, s\u00e9curit\u00e9<\/li>\n<li>L\u2019engagement \u00e9ducatif<\/li>\n<\/ul>\n<h5>Modalit\u00e9s d\u2019inscription pour la premi\u00e8re session de formation<\/h5>\n<p>L\u2019ensemble des d\u00e9marches administratives du B.A.F.A se fait par t\u00e9l\u00e9-proc\u00e9dure sur le site internet\u00a0: <a href=\"http:\/\/www.jeunes.gouv.fr\/bafa-bafd\">www.jeunes.gouv.fr\/bafa-bafd<\/a><\/p>\n<p><strong><span style=\"text-decoration: underline;\">Voici les diff\u00e9rentes \u00e9tapes\u00a0:<\/span><br \/>\n<\/strong>1. Inscription \u00a0aupr\u00e8s de la Direction D\u00e9partementale de la Coh\u00e9sion Sociale du Calvados (DDCS \u2013 Service d\u00e9concentr\u00e9 de l\u2019Etat) via <a href=\"https:\/\/bafa-bafd.jeunes.gouv.fr\/baf-candidat\/app\/accueil\" target=\"_blank\" rel=\"noopener\">le site\u00a0internet<\/a> : cr\u00e9ation d\u2019un compte avec identifiant et code secret \u2013 Obtention d\u2019un num\u00e9ro d\u2019inscription.<\/p>\n<p>2. Inscription aupr\u00e8s d\u2019un Organisme de Formation habilit\u00e9 (comme Plan\u00e8te Sciences Normandie).<\/p>\n<p>3. Report des appr\u00e9ciations de chaque session sur l\u2019espace personnel (par l\u2019organisme de formation pour les sessions g\u00e9n\u00e9rale et approfondissement, par vous-m\u00eame pour le stage pratique).<\/p>\n<p>4. D\u00e9livrance du dipl\u00f4me\u00a0: lorsque les trois sessions sont valid\u00e9es, votre dossier passe automatiquement en commission de jury BAFA.<\/p>\n<p><span style=\"text-decoration: underline;\"><strong>Co\u00fbt de la session g\u00e9n\u00e9rale\u00a0<\/strong><\/span>: entre 350\u20ac et 550\u20ac*<br \/>\n*<em> Les tarifs varient en fonction des modalit\u00e9s d\u2019h\u00e9bergement, de repas et des th\u00e9matiques abord\u00e9es.\u00a0<\/em><em>Des aides financi\u00e8res sont possibles (Conseil R\u00e9gional, C.A.F, comit\u00e9 d\u2019entreprise, D.D.C.S, P\u00f4le Emploi, Missions Locales\u2026). Se renseigner aupr\u00e8s de ces diff\u00e9rentes administrations.<\/em><\/p>\n<hr \/>\n<h2>2- Le stage pratique<\/h2>\n<p>Vous devez effectuer votre stage pratique \u00a0d\u2019au moins 14 jours effectifs en Accueil Collectif de Mineurs.<\/p>\n<hr \/>\n<h2>3- La session d\u2019approfondissement<\/h2>\n<p><strong>3<sup>\u00e8me<\/sup> \u00e9tape du parcours de formation B.A.F.A, la session d\u2019approfondissement permet d\u2019approfondir les aptitudes \u00e0 exercer la fonction d\u2019animateur et d\u2019aborder une th\u00e9matique sp\u00e9cifique d\u2019activit\u00e9.<\/strong><\/p>\n<p>Plan\u00e8te Sciences M\u00e9diterran\u00e9e propose une initiation \u00e0 la pratique du <strong>loisir scientifique<\/strong> dans les ACM. Aucune connaissance pr\u00e9alable en sciences n\u2019est n\u00e9cessaire pour participer \u00e0 la session.<br \/>\nLes contenus de formation sont abord\u00e9s de fa\u00e7on active, en privil\u00e9giant <strong>l\u2019exp\u00e9rimentation et la r\u00e9alisation de projets collectifs.<\/strong> La pratique d\u2019activit\u00e9s scientifiques et techniques alterne avec des temps d\u2019\u00e9change et de r\u00e9flexion sur l\u2019int\u00e9r\u00eat p\u00e9dagogiques et la mise en \u0153uvre de ces animations. C\u2019est par la d\u00e9marche exp\u00e9rimentale int\u00e9gr\u00e9e dans un projet d\u2019animation que sont abord\u00e9s les domaines suivants\u00a0: <strong>astronomie, environnement, \u00e9nergies renouvelables, multim\u00e9dia, robotique et micro-fus\u00e9e&#8230;<\/strong><\/p>\n<h5><span style=\"color: #00ccff;\"><strong>Modalit\u00e9s d\u2019inscription pour la troisi\u00e8me session de formation<\/strong><\/span><\/h5>\n<p><strong>Pour vous inscrire \u00e0 la session d\u2019approfondissement\u00a0:<\/strong><br \/>\n1. Les deux \u00e9tapes pr\u00e9c\u00e9dentes du cursus B.A.F.A doivent avoir \u00e9t\u00e9 valid\u00e9es favorablement.<\/p>\n<p>2. Inscription aupr\u00e8s d\u2019un Organisme de Formation habilit\u00e9 (comme Plan\u00e8te Sciences Normandie).<\/p>\n<p>3. Vous devez avoir valid\u00e9 votre stage pratique (\u00e0 v\u00e9rifier sur votre espace BAFA personnel)<\/p>\n<p><strong>\u00a0<\/strong><strong>Co\u00fbt de la session d\u2019approfondissement\u00a0:<\/strong>\u00e0 partir de 300 \u20ac*<br \/>\n<em>*Aides financi\u00e8res possibles (Conseil R\u00e9gional, CAF, comit\u00e9 d\u2019entreprise, DDCS, P\u00f4le Emploi,\u00a0<\/em><em>Missions Locales\u2026). Se renseigner aupr\u00e8s de ces diff\u00e9rentes administrations. Plan\u00e8te Sciences M\u00e9diterran\u00e9e est conventionn\u00e9 avec la R\u00e9gion PACA pour l\u2019aide \u00ab\u00a0BAFA 3\u00a0\u00bb\u00a0qui permet aux stagiaires de b\u00e9n\u00e9ficier de 150\u20ac d\u2019aides pour la session de formation approfondissement.<\/em><\/p>\n","protected":false},"excerpt":{"rendered":"<p>DEVENIR ANIMATEUR EN CENTRE DE VACANCES ET DE LOISIRS Le Brevet d\u2019Aptitude aux Fonctions d\u2019Animateur est un dipl\u00f4me de l\u2019animation volontaire d\u00e9livr\u00e9 par le Minist\u00e8re des Sports, de la jeunesse, de l\u2019\u00c9ducation Populaire et de la vie Associative. Il permettant d\u2019encadrer, \u00e0 titre non professionnel et de fa\u00e7on occasionnelle, des enfants et des adolescents en &hellip; <a href=\"https:\/\/www.planete-sciences.org\/normandie\/formation-bafa\/\" class=\"more-link\">Continuer la lecture<span class=\"screen-reader-text\"> de &laquo;&nbsp;Formation BAFA&nbsp;&raquo;<\/span><\/a><\/p>\n","protected":false},"author":8,"featured_media":0,"parent":0,"menu_order":0,"comment_status":"closed","ping_status":"open","template":"","meta":{"footnotes":""},"class_list":["post-22","page","type-page","status-publish","hentry"],"_links":{"self":[{"href":"https:\/\/www.planete-sciences.org\/normandie\/wp-json\/wp\/v2\/pages\/22","targetHints":{"allow":["GET"]}}],"collection":[{"href":"https:\/\/www.planete-sciences.org\/normandie\/wp-json\/wp\/v2\/pages"}],"about":[{"href":"https:\/\/www.planete-sciences.org\/normandie\/wp-json\/wp\/v2\/types\/page"}],"author":[{"embeddable":true,"href":"https:\/\/www.planete-sciences.org\/normandie\/wp-json\/wp\/v2\/users\/8"}],"replies":[{"embeddable":true,"href":"https:\/\/www.planete-sciences.org\/normandie\/wp-json\/wp\/v2\/comments?post=22"}],"version-history":[{"count":25,"href":"https:\/\/www.planete-sciences.org\/normandie\/wp-json\/wp\/v2\/pages\/22\/revisions"}],"predecessor-version":[{"id":1518,"href":"https:\/\/www.planete-sciences.org\/normandie\/wp-json\/wp\/v2\/pages\/22\/revisions\/1518"}],"wp:attachment":[{"href":"https:\/\/www.planete-sciences.org\/normandie\/wp-json\/wp\/v2\/media?parent=22"}],"curies":[{"name":"wp","href":"https:\/\/api.w.org\/{rel}","templated":true}]}}