{"id":87,"date":"2019-11-05T16:33:33","date_gmt":"2019-11-05T15:33:33","guid":{"rendered":"https:\/\/www.planete-sciences.org\/national\/?post_type=tribe_events&#038;p=87"},"modified":"2020-01-09T15:20:40","modified_gmt":"2020-01-09T14:20:40","slug":"formation-bafa-general","status":"publish","type":"tribe_events","link":"https:\/\/www.planete-sciences.org\/national\/evenements\/formation-bafa-general\/","title":{"rendered":"Formation BAFA G\u00e9n\u00e9ral"},"content":{"rendered":"<p>Pour vous inscrire, merci de contacter Alexandre DENIS au 01.69.02.76.16 ou alexandre.denis@planete-sciences.org<\/p>\n<p>La session de formation g\u00e9n\u00e9rale\u00a0 BAFA\u00a0 est la premi\u00e8re \u00e9tape du parcours pour devenir animateur et en exercer les responsabilit\u00e9s aupr\u00e8s d&rsquo;enfants et d&rsquo;adolescents.<\/p>\n<h3>Contenus de la formation<\/h3>\n<ul>\n<li>R\u00f4le, fonctions et t\u00e2ches de l&rsquo;animateur<\/li>\n<li>La connaissance des enfants et des adolescents (besoins et attentes selon l&rsquo;\u00e2ge)<\/li>\n<li>L&rsquo;animateur et les projets (\u00e9ducatif, p\u00e9dagogique, d&rsquo;activit\u00e9s)<\/li>\n<li>La mise en place d&rsquo;un projet d&rsquo;activit\u00e9, m\u00e9thodes et techniques d&rsquo;animations<\/li>\n<li>La vie quotidienne (rythmes de vie, hygi\u00e8ne &#8230;)\u00a0et collective (encadrement d&rsquo;un groupe, travail en \u00e9quipe&#8230;) en ACM<\/li>\n<li>La r\u00e9glementation en vigueur, la s\u00e9curit\u00e9 dans les accueils collectifs de mineurs (ACM) et l&rsquo;exercice des responsabilit\u00e9s civile, p\u00e9nale et \u00e9ducative<\/li>\n<li>La connaissance des diff\u00e9rents types d&rsquo;ACM<\/li>\n<\/ul>\n<h3><strong>M\u00e9thode<\/strong><\/h3>\n<ul>\n<li>Alternance d&rsquo;apports th\u00e9oriques et pratiques, de mises en situation d&rsquo;animation, de temps d&rsquo;observation et d&rsquo;analyse<\/li>\n<li>R\u00e9alisation de projets d&rsquo;activit\u00e9 seul ou en \u00e9quipe<\/li>\n<li>Temps d&rsquo;\u00e9changes et d&rsquo;accompagnement avec les formateurs<\/li>\n<\/ul>\n<h3>Conditions d&rsquo;inscription<\/h3>\n<p>Avoir 17 ans r\u00e9volus le premier jour du stage<\/p>\n","protected":false},"excerpt":{"rendered":"<p>Pour vous inscrire, merci de contacter Alexandre DENIS au 01.69.02.76.16  [&#8230;]<\/p>\n","protected":false},"author":1,"featured_media":7,"template":"","meta":{"_bbp_topic_count":0,"_bbp_reply_count":0,"_bbp_total_topic_count":0,"_bbp_total_reply_count":0,"_bbp_voice_count":0,"_bbp_anonymous_reply_count":0,"_bbp_topic_count_hidden":0,"_bbp_reply_count_hidden":0,"_bbp_forum_subforum_count":0,"ngg_post_thumbnail":0,"_tribe_events_status":"","_tribe_events_status_reason":"","footnotes":""},"tags":[26,36,35],"tribe_events_cat":[27],"class_list":["post-87","tribe_events","type-tribe_events","status-publish","has-post-thumbnail","hentry","tag-bafa","tag-bafa-general","tag-formation","tribe_events_cat-formations-bafa","cat_formations-bafa"],"_links":{"self":[{"href":"https:\/\/www.planete-sciences.org\/national\/wp-json\/wp\/v2\/tribe_events\/87","targetHints":{"allow":["GET"]}}],"collection":[{"href":"https:\/\/www.planete-sciences.org\/national\/wp-json\/wp\/v2\/tribe_events"}],"about":[{"href":"https:\/\/www.planete-sciences.org\/national\/wp-json\/wp\/v2\/types\/tribe_events"}],"author":[{"embeddable":true,"href":"https:\/\/www.planete-sciences.org\/national\/wp-json\/wp\/v2\/users\/1"}],"version-history":[{"count":2,"href":"https:\/\/www.planete-sciences.org\/national\/wp-json\/wp\/v2\/tribe_events\/87\/revisions"}],"predecessor-version":[{"id":1292,"href":"https:\/\/www.planete-sciences.org\/national\/wp-json\/wp\/v2\/tribe_events\/87\/revisions\/1292"}],"wp:featuredmedia":[{"embeddable":true,"href":"https:\/\/www.planete-sciences.org\/national\/wp-json\/wp\/v2\/media\/7"}],"wp:attachment":[{"href":"https:\/\/www.planete-sciences.org\/national\/wp-json\/wp\/v2\/media?parent=87"}],"wp:term":[{"taxonomy":"post_tag","embeddable":true,"href":"https:\/\/www.planete-sciences.org\/national\/wp-json\/wp\/v2\/tags?post=87"},{"taxonomy":"tribe_events_cat","embeddable":true,"href":"https:\/\/www.planete-sciences.org\/national\/wp-json\/wp\/v2\/tribe_events_cat?post=87"}],"curies":[{"name":"wp","href":"https:\/\/api.w.org\/{rel}","templated":true}]}}

Formation BAFA Général

<p>Pour vous inscrire, merci de contacter Alexandre DENIS au 01.69.02.76.16 ou alexandre.denis@planete-sciences.org</p>
<p>La session de formation générale  BAFA  est la première étape du parcours pour devenir animateur et en exercer les responsabilités auprès d&rsquo;enfants et d&rsquo;adolescents.</p>
<h3>Contenus de la formation</h3>
<ul>
<li>Rôle, fonctions et tâches de l&rsquo;animateur</li>
<li>La connaissance des enfants et des adolescents (besoins et attentes selon l&rsquo;âge)</li>
<li>L&rsquo;animateur et les projets (éducatif, pédagogique, d&rsquo;activités)</li>
<li>La mise en place d&rsquo;un projet d&rsquo;activité, méthodes et techniques d&rsquo;animations</li>
<li>La vie quotidienne (rythmes de vie, hygiène &#8230;) et collective (encadrement d&rsquo;un groupe, travail en équipe&#8230;) en ACM</li>
<li>La réglementation en vigueur, la sécurité dans les accueils collectifs de mineurs (ACM) et l&rsquo;exercice des responsabilités civile, pénale et éducative</li>
<li>La connaissance des différents types d&rsquo;ACM</li>
</ul>
<h3><strong>Méthode</strong></h3>
<ul>
<li>Alternance d&rsquo;apports théoriques et pratiques, de mises en situation d&rsquo;animation, de temps d&rsquo;observation et d&rsquo;analyse</li>
<li>Réalisation de projets d&rsquo;activité seul ou en équipe</li>
<li>Temps d&rsquo;échanges et d&rsquo;accompagnement avec les formateurs</li>
</ul>
<h3>Conditions d&rsquo;inscription</h3>
<p>Avoir 17 ans révolus le premier jour du stage</p>
