{"id":6438,"date":"2025-08-20T15:37:27","date_gmt":"2025-08-20T13:37:27","guid":{"rendered":"https:\/\/www.planete-sciences.org\/national\/?post_type=tribe_events&#038;p=6438"},"modified":"2025-09-17T15:51:11","modified_gmt":"2025-09-17T13:51:11","slug":"fete-de-la-science-2025","status":"publish","type":"tribe_events","link":"https:\/\/www.planete-sciences.org\/national\/evenements\/fete-de-la-science-2025\/","title":{"rendered":"F\u00eate de la Science 2025"},"content":{"rendered":"<h1>La F\u00eate de la Science chez Plan\u00e8te Sciences<\/h1>\n<h2>Village des Sciences \u00e0 l&rsquo;Espace des Sciences et de D\u00e9couverte d&rsquo;Evry (91) &#8211; samedi 11 octobre de 14h \u00e0 18h&nbsp;<\/h2>\n<div class=\"fusion-button-wrapper\"><a class=\"fusion-button button-flat fusion-button-default-size button-default fusion-button-default button-1 fusion-button-default-span fusion-button-default-type\" target=\"_self\" href=\"https:\/\/www.planete-sciences.org\/national\/evenements\/village-des-sciences-esd-2025\/\"><span class=\"fusion-button-text awb-button__text awb-button__text--default\">Programme<\/span><\/a><\/div>\n<h2>Village des Sciences \u00e0 Belfort (90) &#8211; samedi 11 et dimanche 12 octobre de 10h \u00e0 18h<\/h2>\n<p>Pr\u00e9sence d&rsquo;un stand <a href=\"https:\/\/www.openradiation.org\/\">OpenRadiation<\/a> et de notre relais <a href=\"https:\/\/www.pavillon-sciences.com\/\">Le Pavillon des Sciences.<\/a><\/p>\n<div class=\"fusion-button-wrapper\"><a class=\"fusion-button button-flat fusion-button-default-size button-default fusion-button-default button-2 fusion-button-default-span fusion-button-default-type\" target=\"_self\" href=\"https:\/\/www.fetedelascience.fr\/le-village-des-sciences-de-belfort-0\"><span class=\"fusion-button-text awb-button__text awb-button__text--default\">Programme<\/span><\/a><\/div>\n<h2>Auberge de la Science 2025 \u00e0 Charleville-M\u00e9zi\u00e8res (08) &#8211; du lundi 6 au vendredi 10 octobre 2025 de 9h \u00e0 17h<\/h2>\n<p>Plan\u00e8te Sciences sera pr\u00e9sente pour des ateliers sur l&rsquo;Intelligence Artificielle.<\/p>\n<div class=\"fusion-button-wrapper\"><a class=\"fusion-button button-flat fusion-button-default-size button-default fusion-button-default button-3 fusion-button-default-span fusion-button-default-type\" target=\"_self\" href=\"https:\/\/www.fetedelascience.fr\/mcl-ma-boheme-auberge-de-la-science-2025\"><span class=\"fusion-button-text awb-button__text awb-button__text--default\">Programme<\/span><\/a><\/div>\n<h1>Retrouvez le programme national de la f\u00eate de la science ici :<\/h1>\n<div class=\"fusion-button-wrapper\"><a class=\"fusion-button button-flat fusion-button-default-size button-default fusion-button-default button-4 fusion-button-default-span fusion-button-default-type\" target=\"_self\" href=\"https:\/\/www.fetedelascience.fr\/programme\"><span class=\"fusion-button-text awb-button__text awb-button__text--default\">Programme<\/span><\/a><\/div>\n","protected":false},"excerpt":{"rendered":"<p>La F\u00eate de la Science chez Plan\u00e8te Sciences Village des  [&#8230;]<\/p>\n","protected":false},"author":16,"featured_media":6439,"template":"","meta":{"_bbp_topic_count":0,"_bbp_reply_count":0,"_bbp_total_topic_count":0,"_bbp_total_reply_count":0,"_bbp_voice_count":0,"_bbp_anonymous_reply_count":0,"_bbp_topic_count_hidden":0,"_bbp_reply_count_hidden":0,"_bbp_forum_subforum_count":0,"ngg_post_thumbnail":0,"_tribe_events_status":"","_tribe_events_status_reason":"","footnotes":""},"tags":[],"tribe_events_cat":[],"class_list":["post-6438","tribe_events","type-tribe_events","status-publish","has-post-thumbnail","hentry"],"_links":{"self":[{"href":"https:\/\/www.planete-sciences.org\/national\/wp-json\/wp\/v2\/tribe_events\/6438","targetHints":{"allow":["GET"]}}],"collection":[{"href":"https:\/\/www.planete-sciences.org\/national\/wp-json\/wp\/v2\/tribe_events"}],"about":[{"href":"https:\/\/www.planete-sciences.org\/national\/wp-json\/wp\/v2\/types\/tribe_events"}],"author":[{"embeddable":true,"href":"https:\/\/www.planete-sciences.org\/national\/wp-json\/wp\/v2\/users\/16"}],"version-history":[{"count":7,"href":"https:\/\/www.planete-sciences.org\/national\/wp-json\/wp\/v2\/tribe_events\/6438\/revisions"}],"predecessor-version":[{"id":6515,"href":"https:\/\/www.planete-sciences.org\/national\/wp-json\/wp\/v2\/tribe_events\/6438\/revisions\/6515"}],"wp:featuredmedia":[{"embeddable":true,"href":"https:\/\/www.planete-sciences.org\/national\/wp-json\/wp\/v2\/media\/6439"}],"wp:attachment":[{"href":"https:\/\/www.planete-sciences.org\/national\/wp-json\/wp\/v2\/media?parent=6438"}],"wp:term":[{"taxonomy":"post_tag","embeddable":true,"href":"https:\/\/www.planete-sciences.org\/national\/wp-json\/wp\/v2\/tags?post=6438"},{"taxonomy":"tribe_events_cat","embeddable":true,"href":"https:\/\/www.planete-sciences.org\/national\/wp-json\/wp\/v2\/tribe_events_cat?post=6438"}],"curies":[{"name":"wp","href":"https:\/\/api.w.org\/{rel}","templated":true}]}}

Fête de la Science 2025

<h1>La Fête de la Science chez Planète Sciences</h1>
<h2>Village des Sciences à l&rsquo;Espace des Sciences et de Découverte d&rsquo;Evry (91) &#8211; samedi 11 octobre de 14h à 18h&nbsp;</h2>
<div class="fusion-button-wrapper"><a class="fusion-button button-flat fusion-button-default-size button-default fusion-button-default button-1 fusion-button-default-span fusion-button-default-type" target="_self" href="https://www.planete-sciences.org/national/evenements/village-des-sciences-esd-2025/"><span class="fusion-button-text awb-button__text awb-button__text--default">Programme</span></a></div>
<h2>Village des Sciences à Belfort (90) &#8211; samedi 11 et dimanche 12 octobre de 10h à 18h</h2>
<p>Présence d&rsquo;un stand <a href="https://www.openradiation.org/">OpenRadiation</a> et de notre relais <a href="https://www.pavillon-sciences.com/">Le Pavillon des Sciences.</a></p>
<div class="fusion-button-wrapper"><a class="fusion-button button-flat fusion-button-default-size button-default fusion-button-default button-2 fusion-button-default-span fusion-button-default-type" target="_self" href="https://www.fetedelascience.fr/le-village-des-sciences-de-belfort-0"><span class="fusion-button-text awb-button__text awb-button__text--default">Programme</span></a></div>
<h2>Auberge de la Science 2025 à Charleville-Mézières (08) &#8211; du lundi 6 au vendredi 10 octobre 2025 de 9h à 17h</h2>
<p>Planète Sciences sera présente pour des ateliers sur l&rsquo;Intelligence Artificielle.</p>
<div class="fusion-button-wrapper"><a class="fusion-button button-flat fusion-button-default-size button-default fusion-button-default button-3 fusion-button-default-span fusion-button-default-type" target="_self" href="https://www.fetedelascience.fr/mcl-ma-boheme-auberge-de-la-science-2025"><span class="fusion-button-text awb-button__text awb-button__text--default">Programme</span></a></div>
<h1>Retrouvez le programme national de la fête de la science ici :</h1>
<div class="fusion-button-wrapper"><a class="fusion-button button-flat fusion-button-default-size button-default fusion-button-default button-4 fusion-button-default-span fusion-button-default-type" target="_self" href="https://www.fetedelascience.fr/programme"><span class="fusion-button-text awb-button__text awb-button__text--default">Programme</span></a></div>

<p>La Fête de la Science chez Planète Sciences Village des  [&#8230;]</p>
