{"id":57,"date":"2018-10-16T16:27:47","date_gmt":"2018-10-16T14:27:47","guid":{"rendered":"https:\/\/www.planete-sciences.org\/national\/?page_id=57"},"modified":"2025-03-11T12:27:03","modified_gmt":"2025-03-11T11:27:03","slug":"nos-publics","status":"publish","type":"page","link":"https:\/\/www.planete-sciences.org\/national\/nos-publics\/","title":{"rendered":"Nos publics"},"content":{"rendered":"<p><div class=\"fusion-fullwidth fullwidth-box fusion-builder-row-1 fusion-flex-container nonhundred-percent-fullwidth non-hundred-percent-height-scrolling\" style=\"--awb-border-radius-top-left:0px;--awb-border-radius-top-right:0px;--awb-border-radius-bottom-right:0px;--awb-border-radius-bottom-left:0px;--awb-flex-wrap:wrap;\" ><div class=\"fusion-builder-row fusion-row fusion-flex-align-items-flex-start fusion-flex-content-wrap\" style=\"max-width:calc( 1024px + 0px );margin-left: calc(-0px \/ 2 );margin-right: calc(-0px \/ 2 );\"><div class=\"fusion-layout-column fusion_builder_column fusion-builder-column-0 fusion_builder_column_1_1 1_1 fusion-flex-column\" style=\"--awb-bg-size:cover;--awb-width-large:100%;--awb-margin-top-large:0px;--awb-spacing-right-large:0px;--awb-margin-bottom-large:0px;--awb-spacing-left-large:0px;--awb-width-medium:100%;--awb-spacing-right-medium:0px;--awb-spacing-left-medium:0px;--awb-width-small:100%;--awb-spacing-right-small:0px;--awb-spacing-left-small:0px;\"><div class=\"fusion-column-wrapper fusion-flex-justify-content-flex-start fusion-content-layout-column\"><div class=\"fusion-text fusion-text-1\"><p>Cr\u00e9\u00e9e en 1962, Plan\u00e8te Sciences (association loi 1901) offre l\u2019opportunit\u00e9 \u00e0 tous les jeunes de 5 \u00e0 25 ans\u00a0 et au grand public d\u2019aborder les sciences et technologies \u00e0 travers diff\u00e9rentes th\u00e9matiques : astronomie, espace, environnement, robotique et num\u00e9rique et dans une ambiance ludique, conviviale et de partage. Souhaitant pratiquer une activit\u00e9 scientifique et technique, vous \u00eates :<\/p>\n<ul>\n<li>Jeune de 5 \u00e0 25 ans seul ou en famille ;<\/li>\n<li>Groupe de jeunes passionn\u00e9s ;<\/li>\n<li>Enseignants du primaire, secondaire, sup\u00e9rieur ;<\/li>\n<li>Responsable d\u2019une structure publique ou priv\u00e9 charg\u00e9e de proposer des activit\u00e9s\u00a0 extrascolaires et au grand public\u00a0;<\/li>\n<li>Responsable d\u2019une structure sp\u00e9cialis\u00e9e dans l\u2019accueil de jeunes en situation de handicap ou en milieu sp\u00e9cifique ;<\/li>\n<li>Responsable au sein d\u2019une entreprise de l\u2019organisation d\u2019activit\u00e9s \u00e0 l\u2019intention du personnel (formation) et de leur famille (comit\u00e9 d\u2019entreprise, association sportive et culturelle).<\/li>\n<\/ul>\n<\/div><\/div><\/div><\/div><\/div><div class=\"fusion-bg-parallax\" data-bg-align=\"center center\" data-direction=\"up\" data-mute=\"false\" data-opacity=\"100\" data-velocity=\"-0.3\" data-mobile-enabled=\"false\" data-break_parents=\"0\" data-bg-image=\"https:\/\/www.planete-sciences.org\/national\/wp-content\/uploads\/2019\/01\/Plasci-background-formations.jpg\" data-bg-repeat=\"false\" data-bg-color=\"#f2f2f2\" ><\/div><div class=\"fusion-fullwidth fullwidth-box fusion-builder-row-2 fusion-flex-container fusion-parallax-up nonhundred-percent-fullwidth non-hundred-percent-height-scrolling\" style=\"--awb-border-radius-top-left:0px;--awb-border-radius-top-right:0px;--awb-border-radius-bottom-right:0px;--awb-border-radius-bottom-left:0px;--awb-padding-bottom:30px;--awb-background-color:#f2f2f2;--awb-background-image:url(&quot;https:\/\/www.planete-sciences.org\/national\/wp-content\/uploads\/2019\/01\/Plasci-background-formations.jpg&quot;);--awb-background-size:cover;--awb-flex-wrap:wrap;\" ><div class=\"fusion-builder-row fusion-row fusion-flex-align-items-flex-start fusion-flex-content-wrap\" style=\"max-width:1064.96px;margin-left: calc(-4% \/ 2 );margin-right: calc(-4% \/ 2 );\"><div class=\"fusion-layout-column fusion_builder_column fusion-builder-column-1 fusion_builder_column_1_1 1_1 fusion-flex-column\" style=\"--awb-padding-bottom:30px;--awb-bg-size:cover;--awb-width-large:100%;--awb-margin-top-large:0px;--awb-spacing-right-large:1.92%;--awb-margin-bottom-large:20px;--awb-spacing-left-large:1.92%;--awb-width-medium:100%;--awb-spacing-right-medium:1.92%;--awb-spacing-left-medium:1.92%;--awb-width-small:100%;--awb-spacing-right-small:1.92%;--awb-spacing-left-small:1.92%;\"><div class=\"fusion-column-wrapper fusion-flex-justify-content-flex-start fusion-content-layout-column\"><div class=\"fusion-section-separator section-separator curved fusion-section-separator-1\" style=\"--awb-spacer-height:99px;--awb-svg-margin-left:1.92%;--awb-svg-margin-right:1.92%;--awb-svg-margin-left-medium:1.92%;--awb-svg-margin-right-medium:1.92%;--awb-svg-margin-left-small:1.92%;--awb-svg-margin-right-small:1.92%;--awb-divider-height:99px;--awb-spacer-padding-top:inherit;--awb-sep-padding:0;--awb-svg-padding:0;\"><div class=\"fusion-section-separator-svg\"><svg class=\"fusion-curved-candy\" xmlns=\"http:\/\/www.w3.org\/2000\/svg\" version=\"1.1\" width=\"100%\" height=\"100\" viewBox=\"0 0 100 100\" preserveAspectRatio=\"none\" fill=\"rgba(255,255,255,1)\"><path d=\"M0 0 C 20 100 50 100 100 0 Z\"><\/path><\/svg><\/div><div class=\"fusion-section-separator-spacer\"><div class=\"fusion-section-separator-spacer-height\"><\/div><\/div><\/div><\/div><\/div><div class=\"fusion-layout-column fusion_builder_column fusion-builder-column-2 fusion_builder_column_1_2 1_2 fusion-flex-column fusion-animated\" style=\"--awb-bg-size:cover;--awb-width-large:50%;--awb-margin-top-large:0px;--awb-spacing-right-large:40px;--awb-margin-bottom-large:0px;--awb-spacing-left-large:3.84%;--awb-width-medium:50%;--awb-spacing-right-medium:40px;--awb-spacing-left-medium:3.84%;--awb-width-small:100%;--awb-spacing-right-small:1.92%;--awb-spacing-left-small:1.92%;\" data-animationType=\"slideInLeft\" data-animationDuration=\"0.8\" data-animationOffset=\"top-into-view\"><div class=\"fusion-column-wrapper fusion-flex-justify-content-flex-start fusion-content-layout-column\"><div class=\"fusion-image-element \" style=\"--awb-caption-title-font-family:var(--h2_typography-font-family);--awb-caption-title-font-weight:var(--h2_typography-font-weight);--awb-caption-title-font-style:var(--h2_typography-font-style);--awb-caption-title-size:var(--h2_typography-font-size);--awb-caption-title-transform:var(--h2_typography-text-transform);--awb-caption-title-line-height:var(--h2_typography-line-height);--awb-caption-title-letter-spacing:var(--h2_typography-letter-spacing);\"><span class=\" fusion-imageframe imageframe-none imageframe-1 hover-type-none\"><img decoding=\"async\" width=\"120\" height=\"120\" title=\"Plasci-Website-Iconography-cadre-intervention\" src=\"https:\/\/www.planete-sciences.org\/national\/wp-content\/uploads\/2019\/01\/Plasci-Website-Iconography-cadre-intervention.png\" alt class=\"img-responsive wp-image-994\" srcset=\"https:\/\/www.planete-sciences.org\/national\/wp-content\/uploads\/2019\/01\/Plasci-Website-Iconography-cadre-intervention-66x66.png 66w, https:\/\/www.planete-sciences.org\/national\/wp-content\/uploads\/2019\/01\/Plasci-Website-Iconography-cadre-intervention.png 120w\" sizes=\"(max-width: 120px) 100vw, 120px\" \/><\/span><\/div><div class=\"fusion-title title fusion-title-1 fusion-sep-none fusion-title-text fusion-title-size-one\"><h1 class=\"fusion-title-heading title-heading-left\" style=\"margin:0;\">Cadres d\u2019intervention<\/h1><\/div><div class=\"fusion-text fusion-text-2\"><p>Plan\u00e8te Sciences peut intervenir dans vos lieux d\u2019activit\u00e9s (\u00e9coles, centres de loisirs, MJC, entreprises, clubs, \u2026) ou vous accueillir \u00e0 l&rsquo;<a href=\"https:\/\/www.espace-sciences-decouverte.fr\/qui-sommes-nous\/presentation-du-lieu\/\">Espace des Sciences et de D\u00e9couverte<\/a> \u00e0 Evry-Courcouronnes (91), au <a href=\"https:\/\/www.planete-sciences.org\/astro\/Le-Telescope\">Centre d&rsquo;Astronomie Jean-Marc Salomon<\/a> \u00e0 \u00a0Buthiers (77) et lors d\u2019\u00e9v\u00e9nements (F\u00eate de la Science, Coupe de France de Robotique,\u2026).<\/p>\n<\/div><\/div><\/div><div class=\"fusion-layout-column fusion_builder_column fusion-builder-column-3 fusion_builder_column_1_2 1_2 fusion-flex-column fusion-animated\" style=\"--awb-bg-size:cover;--awb-width-large:50%;--awb-margin-top-large:0px;--awb-spacing-right-large:3.84%;--awb-margin-bottom-large:0px;--awb-spacing-left-large:40px;--awb-width-medium:50%;--awb-spacing-right-medium:3.84%;--awb-spacing-left-medium:40px;--awb-width-small:100%;--awb-spacing-right-small:1.92%;--awb-spacing-left-small:1.92%;\" data-animationType=\"slideInRight\" data-animationDuration=\"0.5\" data-animationOffset=\"top-into-view\"><div class=\"fusion-column-wrapper fusion-flex-justify-content-flex-start fusion-content-layout-column\"><div class=\"fusion-image-element \" style=\"--awb-caption-title-font-family:var(--h2_typography-font-family);--awb-caption-title-font-weight:var(--h2_typography-font-weight);--awb-caption-title-font-style:var(--h2_typography-font-style);--awb-caption-title-size:var(--h2_typography-font-size);--awb-caption-title-transform:var(--h2_typography-text-transform);--awb-caption-title-line-height:var(--h2_typography-line-height);--awb-caption-title-letter-spacing:var(--h2_typography-letter-spacing);\"><span class=\" fusion-imageframe imageframe-none imageframe-2 hover-type-none\"><img decoding=\"async\" width=\"120\" height=\"120\" title=\"Plasci-Website-Iconography_formation\" src=\"https:\/\/www.planete-sciences.org\/national\/wp-content\/uploads\/2019\/01\/Plasci-Website-Iconography_formation.png\" alt class=\"img-responsive wp-image-993\" srcset=\"https:\/\/www.planete-sciences.org\/national\/wp-content\/uploads\/2019\/01\/Plasci-Website-Iconography_formation-66x66.png 66w, https:\/\/www.planete-sciences.org\/national\/wp-content\/uploads\/2019\/01\/Plasci-Website-Iconography_formation.png 120w\" sizes=\"(max-width: 120px) 100vw, 120px\" \/><\/span><\/div><div class=\"fusion-title title fusion-title-2 fusion-sep-none fusion-title-text fusion-title-size-one\"><h1 class=\"fusion-title-heading title-heading-left\" style=\"margin:0;\">Formations<\/h1><\/div><div class=\"fusion-text fusion-text-3\"><p>Si vous le souhaitez, Plan\u00e8te Sciences propose diff\u00e9rents types de formations p\u00e9dagogiques (BAFA&#8230;) et techniques (microfus\u00e9es&#8230;) et produit des outils p\u00e9dagogiques qui peuvent \u00eatre mis \u00e0 votre disposition.<\/p>\n<\/div><div ><a class=\"fusion-button button-flat fusion-button-default-size button-default fusion-button-default button-1 fusion-button-default-span fusion-button-default-type\" target=\"_self\" href=\"https:\/\/www.planete-sciences.org\/national\/nos-formations\/\"><span class=\"fusion-button-text awb-button__text awb-button__text--default\">Acc\u00e9dez \u00e0 nos formations<\/span><\/a><\/div><\/div><\/div><\/div><\/div><div class=\"fusion-fullwidth fullwidth-box fusion-builder-row-3 fusion-flex-container nonhundred-percent-fullwidth non-hundred-percent-height-scrolling\" style=\"--awb-border-radius-top-left:0px;--awb-border-radius-top-right:0px;--awb-border-radius-bottom-right:0px;--awb-border-radius-bottom-left:0px;--awb-padding-top:30px;--awb-padding-bottom:30px;--awb-flex-wrap:wrap;\" ><div class=\"fusion-builder-row fusion-row fusion-flex-align-items-stretch fusion-flex-content-wrap\" style=\"max-width:1064.96px;margin-left: calc(-4% \/ 2 );margin-right: calc(-4% \/ 2 );\"><div class=\"fusion-layout-column fusion_builder_column fusion-builder-column-4 fusion_builder_column_1_3 1_3 fusion-flex-column\" style=\"--awb-bg-size:cover;--awb-width-large:33.333333333333%;--awb-margin-top-large:0px;--awb-spacing-right-large:5.76%;--awb-margin-bottom-large:0px;--awb-spacing-left-large:5.76%;--awb-width-medium:33.333333333333%;--awb-spacing-right-medium:5.76%;--awb-spacing-left-medium:5.76%;--awb-width-small:100%;--awb-spacing-right-small:1.92%;--awb-spacing-left-small:1.92%;\"><div class=\"fusion-column-wrapper fusion-flex-justify-content-flex-start fusion-content-layout-column\"><div class=\"fusion-image-element \" style=\"--awb-caption-title-font-family:var(--h2_typography-font-family);--awb-caption-title-font-weight:var(--h2_typography-font-weight);--awb-caption-title-font-style:var(--h2_typography-font-style);--awb-caption-title-size:var(--h2_typography-font-size);--awb-caption-title-transform:var(--h2_typography-text-transform);--awb-caption-title-line-height:var(--h2_typography-line-height);--awb-caption-title-letter-spacing:var(--h2_typography-letter-spacing);\"><span class=\" fusion-imageframe imageframe-none imageframe-3 hover-type-none\"><img decoding=\"async\" width=\"1600\" height=\"891\" title=\"galerie-public001\" src=\"https:\/\/www.planete-sciences.org\/national\/wp-content\/uploads\/2019\/01\/galerie-public001.jpg\" alt class=\"img-responsive wp-image-985\" srcset=\"https:\/\/www.planete-sciences.org\/national\/wp-content\/uploads\/2019\/01\/galerie-public001-200x111.jpg 200w, https:\/\/www.planete-sciences.org\/national\/wp-content\/uploads\/2019\/01\/galerie-public001-400x223.jpg 400w, https:\/\/www.planete-sciences.org\/national\/wp-content\/uploads\/2019\/01\/galerie-public001-600x334.jpg 600w, https:\/\/www.planete-sciences.org\/national\/wp-content\/uploads\/2019\/01\/galerie-public001-800x446.jpg 800w, https:\/\/www.planete-sciences.org\/national\/wp-content\/uploads\/2019\/01\/galerie-public001-1200x668.jpg 1200w, https:\/\/www.planete-sciences.org\/national\/wp-content\/uploads\/2019\/01\/galerie-public001.jpg 1600w\" sizes=\"(max-width: 640px) 100vw, 400px\" \/><\/span><\/div><\/div><\/div><div class=\"fusion-layout-column fusion_builder_column fusion-builder-column-5 fusion_builder_column_1_3 1_3 fusion-flex-column\" style=\"--awb-bg-position:center center;--awb-bg-size:cover;--awb-width-large:33.333333333333%;--awb-margin-top-large:0px;--awb-spacing-right-large:5.76%;--awb-margin-bottom-large:0px;--awb-spacing-left-large:5.76%;--awb-width-medium:33.333333333333%;--awb-spacing-right-medium:5.76%;--awb-spacing-left-medium:5.76%;--awb-width-small:100%;--awb-spacing-right-small:1.92%;--awb-spacing-left-small:1.92%;\"><div class=\"fusion-column-wrapper fusion-flex-justify-content-flex-start fusion-content-layout-column\"><div class=\"fusion-image-element \" style=\"--awb-caption-title-font-family:var(--h2_typography-font-family);--awb-caption-title-font-weight:var(--h2_typography-font-weight);--awb-caption-title-font-style:var(--h2_typography-font-style);--awb-caption-title-size:var(--h2_typography-font-size);--awb-caption-title-transform:var(--h2_typography-text-transform);--awb-caption-title-line-height:var(--h2_typography-line-height);--awb-caption-title-letter-spacing:var(--h2_typography-letter-spacing);\"><span class=\" fusion-imageframe imageframe-none imageframe-4 hover-type-none\"><img decoding=\"async\" width=\"1600\" height=\"900\" title=\"Nanterre 004 copie\" src=\"https:\/\/www.planete-sciences.org\/national\/wp-content\/uploads\/2019\/01\/Nanterre-004-copie.jpg\" alt class=\"img-responsive wp-image-1012\" srcset=\"https:\/\/www.planete-sciences.org\/national\/wp-content\/uploads\/2019\/01\/Nanterre-004-copie-200x113.jpg 200w, https:\/\/www.planete-sciences.org\/national\/wp-content\/uploads\/2019\/01\/Nanterre-004-copie-400x225.jpg 400w, https:\/\/www.planete-sciences.org\/national\/wp-content\/uploads\/2019\/01\/Nanterre-004-copie-600x338.jpg 600w, https:\/\/www.planete-sciences.org\/national\/wp-content\/uploads\/2019\/01\/Nanterre-004-copie-800x450.jpg 800w, https:\/\/www.planete-sciences.org\/national\/wp-content\/uploads\/2019\/01\/Nanterre-004-copie-1200x675.jpg 1200w, https:\/\/www.planete-sciences.org\/national\/wp-content\/uploads\/2019\/01\/Nanterre-004-copie.jpg 1600w\" sizes=\"(max-width: 640px) 100vw, 400px\" \/><\/span><\/div><\/div><\/div><div class=\"fusion-layout-column fusion_builder_column fusion-builder-column-6 fusion_builder_column_1_3 1_3 fusion-flex-column\" style=\"--awb-bg-size:cover;--awb-width-large:33.333333333333%;--awb-margin-top-large:0px;--awb-spacing-right-large:5.76%;--awb-margin-bottom-large:0px;--awb-spacing-left-large:5.76%;--awb-width-medium:33.333333333333%;--awb-spacing-right-medium:5.76%;--awb-spacing-left-medium:5.76%;--awb-width-small:100%;--awb-spacing-right-small:1.92%;--awb-spacing-left-small:1.92%;\"><div class=\"fusion-column-wrapper fusion-flex-justify-content-flex-start fusion-content-layout-column\"><div class=\"fusion-image-element \" style=\"--awb-caption-title-font-family:var(--h2_typography-font-family);--awb-caption-title-font-weight:var(--h2_typography-font-weight);--awb-caption-title-font-style:var(--h2_typography-font-style);--awb-caption-title-size:var(--h2_typography-font-size);--awb-caption-title-transform:var(--h2_typography-text-transform);--awb-caption-title-line-height:var(--h2_typography-line-height);--awb-caption-title-letter-spacing:var(--h2_typography-letter-spacing);\"><span class=\" fusion-imageframe imageframe-none imageframe-5 hover-type-none\"><img decoding=\"async\" width=\"1600\" height=\"900\" title=\"galerie-atelier\" src=\"https:\/\/www.planete-sciences.org\/national\/wp-content\/uploads\/2019\/01\/galerie-atelier.jpg\" alt class=\"img-responsive wp-image-977\" srcset=\"https:\/\/www.planete-sciences.org\/national\/wp-content\/uploads\/2019\/01\/galerie-atelier-200x113.jpg 200w, https:\/\/www.planete-sciences.org\/national\/wp-content\/uploads\/2019\/01\/galerie-atelier-400x225.jpg 400w, https:\/\/www.planete-sciences.org\/national\/wp-content\/uploads\/2019\/01\/galerie-atelier-600x338.jpg 600w, https:\/\/www.planete-sciences.org\/national\/wp-content\/uploads\/2019\/01\/galerie-atelier-800x450.jpg 800w, https:\/\/www.planete-sciences.org\/national\/wp-content\/uploads\/2019\/01\/galerie-atelier-1200x675.jpg 1200w, https:\/\/www.planete-sciences.org\/national\/wp-content\/uploads\/2019\/01\/galerie-atelier.jpg 1600w\" sizes=\"(max-width: 640px) 100vw, 400px\" \/><\/span><\/div><\/div><\/div><\/div><\/div><div class=\"fusion-fullwidth fullwidth-box fusion-builder-row-4 fusion-flex-container nonhundred-percent-fullwidth non-hundred-percent-height-scrolling\" style=\"--awb-border-radius-top-left:0px;--awb-border-radius-top-right:0px;--awb-border-radius-bottom-right:0px;--awb-border-radius-bottom-left:0px;--awb-margin-top:40px;--awb-flex-wrap:wrap;\" ><div class=\"fusion-builder-row fusion-row fusion-flex-align-items-flex-start fusion-flex-content-wrap\" style=\"max-width:calc( 1024px + 0px );margin-left: calc(-0px \/ 2 );margin-right: calc(-0px \/ 2 );\"><div class=\"fusion-layout-column fusion_builder_column fusion-builder-column-7 fusion_builder_column_1_1 1_1 fusion-flex-column\" style=\"--awb-bg-size:cover;--awb-width-large:100%;--awb-margin-top-large:0px;--awb-spacing-right-large:0px;--awb-margin-bottom-large:20px;--awb-spacing-left-large:0px;--awb-width-medium:100%;--awb-spacing-right-medium:0px;--awb-spacing-left-medium:0px;--awb-width-small:100%;--awb-spacing-right-small:0px;--awb-spacing-left-small:0px;\"><div class=\"fusion-column-wrapper fusion-flex-justify-content-flex-start fusion-content-layout-column\"><div class=\"fusion-title title fusion-title-3 fusion-sep-none fusion-title-text fusion-title-size-one\"><h1 class=\"fusion-title-heading title-heading-left\" style=\"margin:0;\">Pour en savoir plus <span class=\"subtitle\">sur nos th\u00e9matiques<\/span><\/h1><\/div><\/div><\/div><\/div><\/div>\n<\/p>\n","protected":false},"excerpt":{"rendered":"","protected":false},"author":1,"featured_media":0,"parent":0,"menu_order":0,"comment_status":"closed","ping_status":"closed","template":"100-width.php","meta":{"_bbp_topic_count":0,"_bbp_reply_count":0,"_bbp_total_topic_count":0,"_bbp_total_reply_count":0,"_bbp_voice_count":0,"_bbp_anonymous_reply_count":0,"_bbp_topic_count_hidden":0,"_bbp_reply_count_hidden":0,"_bbp_forum_subforum_count":0,"ngg_post_thumbnail":0,"footnotes":""},"class_list":["post-57","page","type-page","status-publish","hentry"],"_links":{"self":[{"href":"https:\/\/www.planete-sciences.org\/national\/wp-json\/wp\/v2\/pages\/57","targetHints":{"allow":["GET"]}}],"collection":[{"href":"https:\/\/www.planete-sciences.org\/national\/wp-json\/wp\/v2\/pages"}],"about":[{"href":"https:\/\/www.planete-sciences.org\/national\/wp-json\/wp\/v2\/types\/page"}],"author":[{"embeddable":true,"href":"https:\/\/www.planete-sciences.org\/national\/wp-json\/wp\/v2\/users\/1"}],"replies":[{"embeddable":true,"href":"https:\/\/www.planete-sciences.org\/national\/wp-json\/wp\/v2\/comments?post=57"}],"version-history":[{"count":45,"href":"https:\/\/www.planete-sciences.org\/national\/wp-json\/wp\/v2\/pages\/57\/revisions"}],"predecessor-version":[{"id":5594,"href":"https:\/\/www.planete-sciences.org\/national\/wp-json\/wp\/v2\/pages\/57\/revisions\/5594"}],"wp:attachment":[{"href":"https:\/\/www.planete-sciences.org\/national\/wp-json\/wp\/v2\/media?parent=57"}],"curies":[{"name":"wp","href":"https:\/\/api.w.org\/{rel}","templated":true}]}}