{"id":1256,"date":"2020-01-08T23:40:19","date_gmt":"2020-01-08T22:40:19","guid":{"rendered":"https:\/\/www.planete-sciences.org\/national\/?page_id=1256"},"modified":"2025-03-11T12:27:02","modified_gmt":"2025-03-11T11:27:02","slug":"erreur-404","status":"publish","type":"page","link":"https:\/\/www.planete-sciences.org\/national\/erreur-404\/","title":{"rendered":"Erreur 404"},"content":{"rendered":"<h1>Erreur 404<\/h1>\n<h2>La page recherch\u00e9e n&rsquo;existe pas.<\/h2>\n<p>Acc\u00e8dez \u00e0 la <a href=\"https:\/\/www.planete-sciences.org\/national\/\">page d&rsquo;accueil<\/a> du serveur pour continuer votre navigation<br \/>\nPour toute question, contactez <a href=\"mailto:webmaster@planete-sciences.org\" target=\"_blank\" rel=\"noopener noreferrer\">webmaster@planete-sciences.org<\/a><\/p>\n<p>Welcome on the new Plan\u00e8te Sciences Web site.<br \/>\nThe page you asked for does not exist. Please go to the <a href=\"https:\/\/www.planete-sciences.org\/national\/\">Planete Sciences home page<\/a>.<\/p>\n<p>&nbsp;<\/p>\n<p>&nbsp;<\/p>\n<p>&nbsp;<\/p>\n","protected":false},"excerpt":{"rendered":"<p>Erreur 404 La page recherch\u00e9e n&rsquo;existe pas. Acc\u00e8dez \u00e0 la  [&#8230;]<\/p>\n","protected":false},"author":1,"featured_media":0,"parent":0,"menu_order":0,"comment_status":"closed","ping_status":"closed","template":"","meta":{"_bbp_topic_count":0,"_bbp_reply_count":0,"_bbp_total_topic_count":0,"_bbp_total_reply_count":0,"_bbp_voice_count":0,"_bbp_anonymous_reply_count":0,"_bbp_topic_count_hidden":0,"_bbp_reply_count_hidden":0,"_bbp_forum_subforum_count":0,"ngg_post_thumbnail":0,"footnotes":""},"class_list":["post-1256","page","type-page","status-publish","hentry"],"_links":{"self":[{"href":"https:\/\/www.planete-sciences.org\/national\/wp-json\/wp\/v2\/pages\/1256","targetHints":{"allow":["GET"]}}],"collection":[{"href":"https:\/\/www.planete-sciences.org\/national\/wp-json\/wp\/v2\/pages"}],"about":[{"href":"https:\/\/www.planete-sciences.org\/national\/wp-json\/wp\/v2\/types\/page"}],"author":[{"embeddable":true,"href":"https:\/\/www.planete-sciences.org\/national\/wp-json\/wp\/v2\/users\/1"}],"replies":[{"embeddable":true,"href":"https:\/\/www.planete-sciences.org\/national\/wp-json\/wp\/v2\/comments?post=1256"}],"version-history":[{"count":3,"href":"https:\/\/www.planete-sciences.org\/national\/wp-json\/wp\/v2\/pages\/1256\/revisions"}],"predecessor-version":[{"id":1259,"href":"https:\/\/www.planete-sciences.org\/national\/wp-json\/wp\/v2\/pages\/1256\/revisions\/1259"}],"wp:attachment":[{"href":"https:\/\/www.planete-sciences.org\/national\/wp-json\/wp\/v2\/media?parent=1256"}],"curies":[{"name":"wp","href":"https:\/\/api.w.org\/{rel}","templated":true}]}}