{"id":868,"date":"2014-07-30T10:27:20","date_gmt":"2014-07-30T09:27:20","guid":{"rendered":"http:\/\/www.planete-sciences.org\/mediterranee\/\/?page_id=868"},"modified":"2020-05-14T13:54:55","modified_gmt":"2020-05-14T12:54:55","slug":"energie-renouvelables-lenergie-au-futur","status":"publish","type":"page","link":"https:\/\/www.planete-sciences.org\/mediterranee\/nos-expositions\/energie-renouvelables-lenergie-au-futur\/","title":{"rendered":"Energies renouvelables, l&rsquo;\u00e9nergie au futur"},"content":{"rendered":"<p><span style=\"color: #cc4e95;\"><strong><em>Exposition int\u00e9ractive &nbsp;&nbsp;<\/em><\/strong>&nbsp;&nbsp;&nbsp;<\/span><br \/>\n<strong>Pour une meilleure \u00e9ducation \u00e0 l&rsquo;environnement<\/strong><\/p>\n<h3><span style=\"color: #00519e;\"><strong><img fetchpriority=\"high\" decoding=\"async\" class=\"alignleft size-medium wp-image-863\" src=\"https:\/\/www.planete-sciences.org\/mediterranee\/\/wp-content\/uploads\/2014\/06\/afficheexpo-211x300.jpg\" alt=\"afficheexpo\" width=\"211\" height=\"300\" srcset=\"https:\/\/www.planete-sciences.org\/mediterranee\/wp-content\/uploads\/2014\/06\/afficheexpo-211x300.jpg 211w, https:\/\/www.planete-sciences.org\/mediterranee\/wp-content\/uploads\/2014\/06\/afficheexpo-141x200.jpg 141w, https:\/\/www.planete-sciences.org\/mediterranee\/wp-content\/uploads\/2014\/06\/afficheexpo.jpg 542w\" sizes=\"(max-width: 211px) 100vw, 211px\" \/>C\u2019est quoi&nbsp;?<\/strong><\/span><\/h3>\n<p style=\"text-align: justify;\"><strong>ENERGIES RENOUVELABLES : l&rsquo;\u00e9nergie au futur,<\/strong> une exposition ludique et p\u00e9dagogique sur les \u00e9nergies renouvelables et leur avenir, accessible \u00e0 tous \u2026<\/p>\n<p style=\"text-align: justify;\">L&rsquo;exposition \u00ab\u00a0ENERGIES RENOUVELABLES : l&rsquo;\u00e9nergie au futur\u00a0\u00bb a \u00e9t\u00e9 con\u00e7ue et r\u00e9alis\u00e9e par l&rsquo;association Plan\u00e8te Sciences M\u00e9diterran\u00e9e, Enerplan (association professionnelle de l&rsquo;\u00e9nergie solaire) et WWF Italia (World Wide Fund for Nature Italie), afin de sensibiliser le public \u00e0 l&rsquo;int\u00e9r\u00eat des \u00e9nergies renouvelables face aux limites des \u00e9nergies fossiles et pour l&rsquo;\u00e9mergence d&rsquo;une meilleure gestion environnementale. Cette exposition a \u00e9t\u00e9 r\u00e9alis\u00e9e avec le soutien de la Commission Europ\u00e9enne, la r\u00e9gion Provence-Alpes-C\u00f4te d&rsquo;Azur, l&rsquo;Agence de l&rsquo;Environnement et de la Ma\u00eetrise de l&rsquo;Energie (ADEME), ainsi que des professionnels des \u00e9nergies renouvelables.<\/p>\n<h3 style=\"text-align: justify;\"><span style=\"color: #00519e;\"><strong>Comment&nbsp;?<br \/>\n<\/strong><\/span><\/h3>\n<p style=\"text-align: justify;\">Cette exposition itin\u00e9rante se d\u00e9ploie par module jusqu&rsquo;\u00e0 250 m\u00b2. Elle s&rsquo;appuie sur des supports interactifs (maquettes, jeux&#8230;) et des supports visuels (textes, sch\u00e9mas, photos&#8230;) qui impliquent le visite<img decoding=\"async\" class=\"alignright size-full wp-image-875\" src=\"https:\/\/www.planete-sciences.org\/mediterranee\/\/wp-content\/uploads\/2014\/07\/maquettes.jpg\" alt=\"maquettes\" width=\"258\" height=\"179\" srcset=\"https:\/\/www.planete-sciences.org\/mediterranee\/wp-content\/uploads\/2014\/07\/maquettes.jpg 258w, https:\/\/www.planete-sciences.org\/mediterranee\/wp-content\/uploads\/2014\/07\/maquettes-200x138.jpg 200w\" sizes=\"(max-width: 258px) 100vw, 258px\" \/>ur tout au long de sa visite.<\/p>\n<p>Des animateurs qualifi\u00e9s d\u00e9veloppent des visites et animations en s&rsquo;adaptant aux divers publics (adultes, enfants, scolaires, n\u00e9ophytes et initi\u00e9s). Les animateurs initient ainsi des discussions plus approfondies, r\u00e9pondent aux interrogations, conseillent et orientent le public.<\/p>\n<h3><span style=\"color: #00519e;\"><strong>Contenu<\/strong><\/span><\/h3>\n<p>L&rsquo;exposition est modulable et peut couvrir une surface allant jusqu&rsquo;\u00e0 250 m\u00b2.<\/p>\n<p>ENERGIES RENOUVELABLES : l&rsquo;\u00e9nergie au futur se compose de <strong>8 espaces th\u00e9matiques<\/strong> sur les \u00e9nergies renouvelables et sur les \u00e9conomies<\/p>\n<hr>\n<p><span style=\"color: #cc4e95;\"><strong><img decoding=\"async\" class=\"alignright wp-image-876 size-thumbnail\" src=\"https:\/\/www.planete-sciences.org\/mediterranee\/\/wp-content\/uploads\/2014\/07\/photovoltaik-150x150.jpg\" alt=\"photovoltaik\" width=\"150\" height=\"150\">Espace photovolta\u00efque : du sable \u00e0 l&rsquo;\u00e9lectricit\u00e9<\/strong><\/span><\/p>\n<p style=\"text-align: justify;\">Toutes les \u00e9tapes de la fabrication d&rsquo;un module solaire : Pr\u00e9sentation des \u00e9l\u00e9ments d&rsquo;un module photovolta\u00efque, depuis le bloc de silice jusqu&rsquo;aux panneaux.<\/p>\n<p style=\"text-align: justify;\">Du mat\u00e9riel : des capteurs solaires monocristallin et polycristallin, des tuiles solaires<\/p>\n<hr>\n<p><span style=\"color: #cc4e95;\"><strong><img loading=\"lazy\" decoding=\"async\" class=\"alignright wp-image-870 size-medium\" src=\"https:\/\/www.planete-sciences.org\/mediterranee\/\/wp-content\/uploads\/2014\/07\/chaleursoleil-300x183.jpg\" alt=\"chaleursoleil\" width=\"300\" height=\"183\" srcset=\"https:\/\/www.planete-sciences.org\/mediterranee\/wp-content\/uploads\/2014\/07\/chaleursoleil-300x183.jpg 300w, https:\/\/www.planete-sciences.org\/mediterranee\/wp-content\/uploads\/2014\/07\/chaleursoleil-200x122.jpg 200w, https:\/\/www.planete-sciences.org\/mediterranee\/wp-content\/uploads\/2014\/07\/chaleursoleil.jpg 323w\" sizes=\"(max-width: 300px) 100vw, 300px\" \/>Espace thermique : profiter de la chaleur du soleil<\/strong><\/span><\/p>\n<p>Principe de la maquette \u00ab\u00a0effet de serre et effet de corps noir\u00a0\u00bb :<\/p>\n<ul>\n<li><span style=\"background-color: initial;\">\u00c9clairez les diff\u00e9rentes cibles.<\/span><\/li>\n<li><span style=\"background-color: initial;\">Visualisez la mont\u00e9e en temp\u00e9rature de chaque cible :&nbsp;blanche et non vitr\u00e9e,&nbsp;noire et non vitr\u00e9e,&nbsp;<\/span><span style=\"background-color: initial;\">noire, avec rev\u00eatement s\u00e9lectif, vitrage et isolation<\/span><\/li>\n<li><span style=\"background-color: initial;\">Exp\u00e9rimentez les effets du vent.<\/span><\/li>\n<\/ul>\n<p>Du mat\u00e9riel : des \u00e9chantillons de capteurs solaires (vitr\u00e9, sous vide, piscine) et une maquette interactive<\/p>\n<hr>\n<p><span style=\"color: #cc4e95;\"><strong><img loading=\"lazy\" decoding=\"async\" class=\"alignright wp-image-872 size-medium\" src=\"https:\/\/www.planete-sciences.org\/mediterranee\/\/wp-content\/uploads\/2014\/07\/espaceeolien-300x182.jpg\" alt=\"espaceeolien\" width=\"300\" height=\"182\" srcset=\"https:\/\/www.planete-sciences.org\/mediterranee\/wp-content\/uploads\/2014\/07\/espaceeolien-300x182.jpg 300w, https:\/\/www.planete-sciences.org\/mediterranee\/wp-content\/uploads\/2014\/07\/espaceeolien-200x121.jpg 200w, https:\/\/www.planete-sciences.org\/mediterranee\/wp-content\/uploads\/2014\/07\/espaceeolien.jpg 324w\" sizes=\"(max-width: 300px) 100vw, 300px\" \/>Espace Eolien : grand producteur d&rsquo;\u00e9lectricit\u00e9<\/strong><\/span><\/p>\n<p>Principe de la maquette \u00ab\u00a0tunnel \u00e0 vent\u00a0\u00bb :<\/p>\n<ul>\n<li>Visualisez la puissance du vent.<\/li>\n<li>Visualisez l&rsquo;\u00e9lectricit\u00e9 fournie par l&rsquo;\u00e9olienne.<\/li>\n<li>Tester l&rsquo;a\u00e9rodynamisme de 2 v\u00e9hicules.<\/li>\n<li>Tester les ph\u00e9nom\u00e8nes de micro-climat.<\/li>\n<li>Tester la meilleure implantation d&rsquo;une \u00e9olienne sur une colline.<\/li>\n<\/ul>\n<p>Du mat\u00e9riel : une maquette interactive<\/p>\n<hr>\n<p><span style=\"color: #cc4e95;\"><strong><img loading=\"lazy\" decoding=\"async\" class=\"alignleft size-full wp-image-873\" src=\"https:\/\/www.planete-sciences.org\/mediterranee\/\/wp-content\/uploads\/2014\/07\/espacegeotherm.jpg\" alt=\"espacegeotherm\" width=\"212\" height=\"147\" srcset=\"https:\/\/www.planete-sciences.org\/mediterranee\/wp-content\/uploads\/2014\/07\/espacegeotherm.jpg 212w, https:\/\/www.planete-sciences.org\/mediterranee\/wp-content\/uploads\/2014\/07\/espacegeotherm-200x138.jpg 200w\" sizes=\"(max-width: 212px) 100vw, 212px\" \/>Espace g\u00e9othermie : la g\u00e9othermie, des g\u00e9othermies<\/strong><\/span><\/p>\n<p style=\"text-align: justify;\">D\u00e9couvrir les manifestations naturelles de la g\u00e9othermie et les syst\u00e8mes d\u00e9velopp\u00e9s pour utiliser cette source d&rsquo;\u00e9nergie.<\/p>\n<p>&nbsp;<\/p>\n<hr>\n<p><span style=\"color: #cc4e95;\"><strong><img loading=\"lazy\" decoding=\"async\" class=\"alignright wp-image-874 \" src=\"https:\/\/www.planete-sciences.org\/mediterranee\/\/wp-content\/uploads\/2014\/07\/maquetteeau.jpg\" alt=\"maquetteeau\" width=\"148\" height=\"210\" srcset=\"https:\/\/www.planete-sciences.org\/mediterranee\/wp-content\/uploads\/2014\/07\/maquetteeau.jpg 192w, https:\/\/www.planete-sciences.org\/mediterranee\/wp-content\/uploads\/2014\/07\/maquetteeau-141x200.jpg 141w\" sizes=\"(max-width: 148px) 100vw, 148px\" \/>Espace Hydro\u00e9lectricit\u00e9 : l&rsquo;eau, f\u00e9e \u00e9lectricit\u00e9<\/strong><\/span><\/p>\n<p>Principe de la maquette \u00ab\u00a0chute d&rsquo;eau\u00a0\u00bb<\/p>\n<ul>\n<li>Ouvrez la vanne de la r\u00e9serve d&rsquo;eau, la turbine produit plus d&rsquo;\u00e9lectricit\u00e9.<\/li>\n<li>Visualisez l&rsquo;intensit\u00e9 lumineuse de la lampe qui augmente<\/li>\n<\/ul>\n<p>Du mat\u00e9riel : une maquette interactive<\/p>\n<hr>\n<p><span style=\"color: #cc4e95;\"><strong><img loading=\"lazy\" decoding=\"async\" class=\"alignleft wp-image-871 size-full\" src=\"https:\/\/www.planete-sciences.org\/mediterranee\/\/wp-content\/uploads\/2014\/07\/espacebioclim.jpg\" alt=\"espacebioclim\" width=\"160\" height=\"133\">Espace bioclimatisme : bien vivre en toutes saisons<\/strong><\/span><\/p>\n<p>Du mat\u00e9riel :<br \/>\n&#8211; des briques en terre cuite, b\u00e9ton cellulaire&#8230;<br \/>\n&#8211; des amt\u00e9riaux d&rsquo;isolation \u00e9cologique<br \/>\n&#8211; La biomasse : \u00e0 l&rsquo;origine, la photosynth\u00e8se<\/p>\n<hr>\n<p><span style=\"color: #cc4e95;\"><strong><img loading=\"lazy\" decoding=\"async\" class=\"alignright size-full wp-image-869\" src=\"https:\/\/www.planete-sciences.org\/mediterranee\/\/wp-content\/uploads\/2014\/07\/biomasse.jpg\" alt=\"biomasse\" width=\"176\" height=\"130\">Espace Biomasse: \u00e0 l&rsquo;origine, la photosynth\u00e8se<\/strong><\/span><\/p>\n<p style=\"text-align: justify;\">Cet espace aborde la source d&rsquo;\u00e9nergie qu&rsquo;est la biomasse.<br \/>\nIssue de la photosynth\u00e8se et par l\u00e0 m\u00eame de l&rsquo;\u00e9nergie solaire, cette \u00e9nergie peut-\u00eatre utilis\u00e9 aux travers de la production de biogaz, de biocarburants et bien sur au travers de la production de bois.<\/p>\n<p>Du mat\u00e9riel : pr\u00e9sentation d&rsquo;\u00e9chantillons de bois, de plaquettes, de granul\u00e9s, de sciures sont pr\u00e9sent\u00e9s<\/p>\n<hr>\n<p style=\"text-align: justify;\"><span style=\"color: #cc4e95;\"><strong>Espace Ma\u00eetrise de la Demande en \u00e9lectricit\u00e9<\/strong><\/span><\/p>\n<p style=\"text-align: justify;\">Principe de la maquette \u00ab\u00a0g\u00e9n\u00e9rateur humain d&rsquo;\u00e9lectricit\u00e9\u00a0\u00bb :<\/p>\n<ul>\n<li>Placez-vous sur le si\u00e8ge et p\u00e9dalez pour entra\u00eener le g\u00e9n\u00e9rateur.<\/li>\n<li>Visualisez la puissance produite et comparez, pour un m\u00eame effort, l&rsquo;\u00e9quivalent \u00ab\u00a0lampes fluocompactes\u00a0\u00bb et \u00ab\u00a0ampoules incandescentes\u00a0\u00bb.<\/li>\n<li>Comparer la consommation et l&rsquo;intensit\u00e9 lumineuse de deux types d&rsquo;ampoules : ampoule \u00e0 incandescence et ampoule fluocompacte.<\/li>\n<\/ul>\n<p style=\"text-align: justify;\">Du mat\u00e9riel : une v\u00e9lo pour \u00e9clairer&#8230;<\/p>\n<h3>&nbsp;<\/h3>\n<hr>\n<h3><span style=\"color: #00519e;\"><strong>Int\u00e9r\u00eats p\u00e9dagogiques<\/strong><\/span><\/h3>\n<ul>\n<li style=\"text-align: justify;\"><strong>D\u00e9velopper une vision syst\u00e9mique de l&rsquo;\u00e9nergie<img loading=\"lazy\" decoding=\"async\" class=\"alignright size-medium wp-image-877\" src=\"https:\/\/www.planete-sciences.org\/mediterranee\/\/wp-content\/uploads\/2014\/07\/expludique-300x223.jpg\" alt=\"expludique\" width=\"300\" height=\"223\" srcset=\"https:\/\/www.planete-sciences.org\/mediterranee\/wp-content\/uploads\/2014\/07\/expludique-300x223.jpg 300w, https:\/\/www.planete-sciences.org\/mediterranee\/wp-content\/uploads\/2014\/07\/expludique-200x149.jpg 200w, https:\/\/www.planete-sciences.org\/mediterranee\/wp-content\/uploads\/2014\/07\/expludique.jpg 369w\" sizes=\"(max-width: 300px) 100vw, 300px\" \/><\/strong><\/li>\n<\/ul>\n<p style=\"text-align: justify;\">Cette exposition favorise, en partant d&rsquo;exemples pratiques et viables, une vision globale, syst\u00e9mique et dynamique des \u00e9nergies renouvelables autour d&rsquo;un fil conducteur : \u00ab\u00a0Les \u00e9nergies renouvelables dans notre vie quotidienne\u00a0\u00bb.<\/p>\n<ul>\n<li><strong>Etre au plus proche des r\u00e9alit\u00e9s<\/strong><\/li>\n<\/ul>\n<p style=\"text-align: justify;\">Elle permet de d\u00e9couvrir les diff\u00e9rentes technologies et les multiples applications pratiques des \u00e9nergies renouvelables.<\/p>\n<ul>\n<li><strong>Former des \u00e9co-citoyens<\/strong><\/li>\n<\/ul>\n<p style=\"text-align: justify;\">Elle am\u00e8ne le public, et particuli\u00e8rement les jeunes, \u00e0 une prise de conscience de la probl\u00e9matique \u00e9nerg\u00e9tique, et de l&rsquo;impact des choix individuels et collectifs sur l&rsquo;environnement. Elle forme des \u00e9co-citoyens actifs et responsables.<\/p>\n<ul>\n<li><strong>D\u00e9velopper une d\u00e9marche interactive<\/strong><\/li>\n<\/ul>\n<p style=\"text-align: justify;\">Elle s&rsquo;appuie sur des supports interactifs qui impliquent le visiteur et lui font r\u00e9ellement d\u00e9couvrir les principes techniques et physiques des \u00e9nergies renouvelables. Les visuels avec texte, photos et sch\u00e9mas viennent en compl\u00e9ment de cette approche dynamique et sont auto-porteurs.<\/p>\n<h3><span style=\"color: #00519e;\"><strong>D\u00e9roulement et organisation<\/strong><\/span><\/h3>\n<p style=\"text-align: justify;\">Un animateur, comp\u00e9tent sur les techniques d&rsquo;animation et sur le contenu scientifique relatif aux \u00e9nergies renouvelables et \u00e0 la ma\u00eetrise de l&rsquo;\u00e9nergie, accueille le public (visite ou atelier de dur\u00e9e variable) et assure les ateliers p\u00e9dagogiques \u00e0 destination des scolaires (1h \u00e0 3h).<\/p>\n<h3 style=\"text-align: justify;\"><span style=\"color: #00519e;\"><strong>Information et contact<\/strong><\/span><\/h3>\n<p style=\"text-align: justify;\">L&rsquo;exposition \u00ab\u00a0Energies renouvelables : l&rsquo;\u00e9nergie au futur\u00a0\u00bb se d\u00e9place partout en France.<\/p>\n<p>Le temps d&rsquo;un week-end, de quelques jours, d&rsquo;une ou plusieurs semaines\u2026, l&rsquo;exposition peut investir de nombreux lieux (salles des f\u00eates, m\u00e9diath\u00e8ques, palais des congr\u00e8s, si\u00e8ges sociaux&#8230;).<\/p>\n<p>Plan\u00e8te Sciences M\u00e9diterran\u00e9e propose une prestation compl\u00e8te comprenant :<\/p>\n<ul>\n<li>le transport aller \/ retour de l&rsquo;exposition<\/li>\n<li>le montage \/ d\u00e9montage et entretien de l&rsquo;exposition<\/li>\n<li>un service d&rsquo;animation sur mesure (animation, h\u00e9bergement et restauration des animateurs).<\/li>\n<li>l&rsquo;assurance de l&rsquo;exposition<\/li>\n<\/ul>\n<p>Si vous souhaitez recevoir les conditions pour mettre en place cette exposition et concevoir un programme d&rsquo;animation (conf\u00e9rences, d\u00e9bats, exp\u00e9riences&#8230;) adapt\u00e9 aux attentes de diff\u00e9rents publics, <a title=\"Contactez-nous\" href=\"https:\/\/www.planete-sciences.org\/mediterranee\/\/contactez-nous\/\" target=\"_blank\" rel=\"noopener noreferrer\">contactez-nous<\/a><\/p>\n<p>&nbsp;<\/p>\n","protected":false},"excerpt":{"rendered":"<p>Exposition int\u00e9ractive &nbsp;&nbsp;&nbsp;&nbsp;&nbsp; Pour une meilleure \u00e9ducation \u00e0 l&rsquo;environnement C\u2019est quoi&nbsp;? ENERGIES RENOUVELABLES : l&rsquo;\u00e9nergie au futur, une exposition ludique et p\u00e9dagogique sur les \u00e9nergies renouvelables et leur avenir, accessible \u00e0 tous \u2026 L&rsquo;exposition \u00ab\u00a0ENERGIES RENOUVELABLES : l&rsquo;\u00e9nergie au futur\u00a0\u00bb a \u00e9t\u00e9 con\u00e7ue et r\u00e9alis\u00e9e par l&rsquo;association Plan\u00e8te Sciences M\u00e9diterran\u00e9e, Enerplan (association professionnelle de l&rsquo;\u00e9nergie [&hellip;]<\/p>\n","protected":false},"author":1,"featured_media":0,"parent":58,"menu_order":0,"comment_status":"closed","ping_status":"open","template":"","meta":{"_acf_changed":false,"ngg_post_thumbnail":0,"footnotes":""},"class_list":["post-868","page","type-page","status-publish","hentry"],"acf":[],"_links":{"self":[{"href":"https:\/\/www.planete-sciences.org\/mediterranee\/wp-json\/wp\/v2\/pages\/868","targetHints":{"allow":["GET"]}}],"collection":[{"href":"https:\/\/www.planete-sciences.org\/mediterranee\/wp-json\/wp\/v2\/pages"}],"about":[{"href":"https:\/\/www.planete-sciences.org\/mediterranee\/wp-json\/wp\/v2\/types\/page"}],"author":[{"embeddable":true,"href":"https:\/\/www.planete-sciences.org\/mediterranee\/wp-json\/wp\/v2\/users\/1"}],"replies":[{"embeddable":true,"href":"https:\/\/www.planete-sciences.org\/mediterranee\/wp-json\/wp\/v2\/comments?post=868"}],"version-history":[{"count":6,"href":"https:\/\/www.planete-sciences.org\/mediterranee\/wp-json\/wp\/v2\/pages\/868\/revisions"}],"predecessor-version":[{"id":4228,"href":"https:\/\/www.planete-sciences.org\/mediterranee\/wp-json\/wp\/v2\/pages\/868\/revisions\/4228"}],"up":[{"embeddable":true,"href":"https:\/\/www.planete-sciences.org\/mediterranee\/wp-json\/wp\/v2\/pages\/58"}],"wp:attachment":[{"href":"https:\/\/www.planete-sciences.org\/mediterranee\/wp-json\/wp\/v2\/media?parent=868"}],"curies":[{"name":"wp","href":"https:\/\/api.w.org\/{rel}","templated":true}]}}