{"id":639,"date":"2014-07-22T00:20:59","date_gmt":"2014-07-21T23:20:59","guid":{"rendered":"http:\/\/www.planete-sciences.org\/mediterranee\/\/?page_id=639"},"modified":"2026-03-09T12:01:02","modified_gmt":"2026-03-09T11:01:02","slug":"inscription-bafa","status":"publish","type":"page","link":"https:\/\/www.planete-sciences.org\/mediterranee\/formations\/inscription-bafa\/","title":{"rendered":"Inscription BAFA"},"content":{"rendered":"<div id=\"vfb-form-7\" class=\"visual-form-builder-container\"><form id=\"inscription-bafa-7\" class=\"visual-form-builder vfb-form-7 \" method=\"post\" enctype=\"multipart\/form-data\">\n\t  \t<input type=\"hidden\" name=\"form_id\" value=\"7\" \/><fieldset class=\"vfb-fieldset vfb-fieldset-1 226 \" id=\"item-vfb-226\">&nbsp;<ul class=\"vfb-section vfb-section-1\"><li class=\"vfb-item vfb-item-text  \" id=\"item-vfb-230\"><label for=\"vfb-230\" class=\"vfb-desc\">Nom  <span class=\"vfb-required-asterisk\">*<\/span><\/label><input type=\"text\" name=\"vfb-230\" id=\"vfb-230\" value=\"\" class=\"vfb-text  vfb-medium  required  \" \/><\/li><li class=\"vfb-item vfb-item-text  \" id=\"item-vfb-231\"><label for=\"vfb-231\" class=\"vfb-desc\">Pr\u00e9nom  <span class=\"vfb-required-asterisk\">*<\/span><\/label><input type=\"text\" name=\"vfb-231\" id=\"vfb-231\" value=\"\" class=\"vfb-text  vfb-medium  required  \" \/><\/li><li class=\"vfb-item vfb-item-text  \" id=\"item-vfb-232\"><label for=\"vfb-232\" class=\"vfb-desc\">Date de naissance  <span class=\"vfb-required-asterisk\">*<\/span><\/label><input type=\"text\" name=\"vfb-232\" id=\"vfb-232\" value=\"\" class=\"vfb-text  vfb-medium  required  \" \/><\/li><li class=\"vfb-item vfb-item-text  \" id=\"item-vfb-233\"><label for=\"vfb-233\" class=\"vfb-desc\">Adresse compl\u00e8te <\/label><input type=\"text\" name=\"vfb-233\" id=\"vfb-233\" value=\"\" class=\"vfb-text  vfb-medium   \" \/><\/li><li class=\"vfb-item vfb-item-text  \" id=\"item-vfb-234\"><label for=\"vfb-234\" class=\"vfb-desc\">Code postal <\/label><input type=\"text\" name=\"vfb-234\" id=\"vfb-234\" value=\"\" class=\"vfb-text  vfb-medium   \" \/><\/li><li class=\"vfb-item vfb-item-text  \" id=\"item-vfb-235\"><label for=\"vfb-235\" class=\"vfb-desc\">Ville <\/label><input type=\"text\" name=\"vfb-235\" id=\"vfb-235\" value=\"\" class=\"vfb-text  vfb-medium   \" \/><\/li><li class=\"vfb-item vfb-item-text  \" id=\"item-vfb-236\"><label for=\"vfb-236\" class=\"vfb-desc\">T\u00e9l\u00e9phone  <span class=\"vfb-required-asterisk\">*<\/span><\/label><input type=\"text\" name=\"vfb-236\" id=\"vfb-236\" value=\"\" class=\"vfb-text  vfb-medium  required  \" \/><\/li><li class=\"vfb-item vfb-item-text  \" id=\"item-vfb-237\"><label for=\"vfb-237\" class=\"vfb-desc\">Email  <span class=\"vfb-required-asterisk\">*<\/span><\/label><input type=\"text\" name=\"vfb-237\" id=\"vfb-237\" value=\"\" class=\"vfb-text  vfb-medium  required  \" \/><\/li><li class=\"vfb-item vfb-item-text  \" id=\"item-vfb-447\"><label for=\"vfb-447\" class=\"vfb-desc\">N\u00b0 allocataire CAF 06 <\/label><span class=\"vfb-span\"><input type=\"text\" name=\"vfb-447\" id=\"vfb-447\" value=\"\" class=\"vfb-text  vfb-medium   \" \/><label>A compl\u00e9ter si vous habitez dans les Alpes-Maritimes.<\/label><\/span><\/li><li class=\"vfb-item vfb-item-radio  \" id=\"item-vfb-436\"><label class=\"vfb-desc\">Formation g\u00e9n\u00e9rale qui se d\u00e9roulera <\/label><div><span><label>(cocher la case correspondant \u00e0 votre choix)<\/label><\/span><span class=\"vfb-span\"><input type=\"radio\" name=\"vfb-436\" id=\"vfb-436-1\" value=\"du 27 juin au 4 juillet 2026 \u00e0 La Seyne-sur-Mer (83) en externat\" class=\"vfb-radio  \" \/><label for=\"vfb-436-1\" class=\"vfb-choice\">du 27 juin au 4 juillet 2026 \u00e0 La Seyne-sur-Mer (83) en externat<\/label><\/span><span class=\"vfb-span\"><input type=\"radio\" name=\"vfb-436\" id=\"vfb-436-2\" value=\"du 22 au 29 ao\u00fbt 2026 \u00e0 Grasse (06) en externat\" class=\"vfb-radio  \" \/><label for=\"vfb-436-2\" class=\"vfb-choice\">du 22 au 29 ao\u00fbt 2026 \u00e0 Grasse (06) en externat<\/label><\/span><div style=\"clear:both\"><\/div><\/div><\/li><li class=\"vfb-item vfb-item-radio  \" id=\"item-vfb-435\"><label class=\"vfb-desc\">ou Approndissement en animation scientifique qui se d\u00e9roulera <\/label><div><span><label>(cocher la case correspondant \u00e0 votre choix)<\/label><\/span><span class=\"vfb-span\"><input type=\"radio\" name=\"vfb-435\" id=\"vfb-435-1\" value=\"du 24 au 29 ao\u00fbt 2026 \u00e0 Grasse (06) en externat\" class=\"vfb-radio  \" \/><label for=\"vfb-435-1\" class=\"vfb-choice\">du 24 au 29 ao\u00fbt 2026 \u00e0 Grasse (06) en externat<\/label><\/span><div style=\"clear:both\"><\/div><\/div><\/li><li class=\"vfb-item vfb-item-radio  \" id=\"item-vfb-242\"><label class=\"vfb-desc\">Paiement des arrhes  <span class=\"vfb-required-asterisk\">*<\/span><\/label><div><span><label>Afin de confirmer votre place, merci de r\u00e9gler 100 \u20ac \u00e0 titre d\u2019arrhes.\r\nChoisissez la m\u00e9thode de paiement pour les arrhes<\/label><\/span><span class=\"vfb-span\"><input type=\"radio\" name=\"vfb-242\" id=\"vfb-242-1\" value=\"Ch\u00e8que (\u00e0 l&#039;ordre de Plan\u00e8te Sciences M\u00e9diterran\u00e9e)\" class=\"vfb-radio  required \" \/><label for=\"vfb-242-1\" class=\"vfb-choice\">Ch\u00e8que (\u00e0 l'ordre de Plan\u00e8te Sciences M\u00e9diterran\u00e9e)<\/label><\/span><span class=\"vfb-span\"><input type=\"radio\" name=\"vfb-242\" id=\"vfb-242-2\" value=\"Carte bancaire (voir ci-dessous)\" class=\"vfb-radio  required \" \/><label for=\"vfb-242-2\" class=\"vfb-choice\">Carte bancaire (voir ci-dessous)<\/label><\/span><span class=\"vfb-span\"><input type=\"radio\" name=\"vfb-242\" id=\"vfb-242-3\" value=\"Paypal (voir ci-dessous)\" class=\"vfb-radio  required \" \/><label for=\"vfb-242-3\" class=\"vfb-choice\">Paypal (voir ci-dessous)<\/label><\/span><div style=\"clear:both\"><\/div><\/div><\/li><li class=\"vfb-item vfb-item-instructions  \" id=\"item-vfb-244\"><label class=\"vfb-desc\"> <\/label>En cas d\u2019un nombre insuffisant de stagiaires, Plan\u00e8te Sciences M\u00e9diterran\u00e9e se r\u00e9serve le droit d\u2019annuler le stage. Vous serez inform\u00e9 au plus tard 10 jours avant le d\u00e9but du stage. Dans ce cas, les arrhes vous seront rembours\u00e9es sans autre indemnit\u00e9.\r\n-T\u00e9l\u00e9charger les conditions g\u00e9n\u00e9rales BAFA Conditions g\u00e9n\u00e9rales<\/li><li class=\"vfb-item vfb-item-radio  \" id=\"item-vfb-434\"><label class=\"vfb-desc\">Vous souhaitez payer le solde (\u00e0 verser au plus tard le premier jour de la formation) <\/label><div><span><label>Merci d'indiquer \u00e0 titre informatif comment vous souhaitez r\u00e9gler le solde (\u00e9ch\u00e9ancier possible en plusieurs ch\u00e8ques qui seront encaiss\u00e9s apr\u00e8s le stage si cela vous arrange)<\/label><\/span><span class=\"vfb-span\"><input type=\"radio\" name=\"vfb-434\" id=\"vfb-434-1\" value=\"Par ch\u00e8que (\u00e0 l&#039;ordre de Plan\u00e8te Sciences M\u00e9diterran\u00e9e)\" class=\"vfb-radio  \" \/><label for=\"vfb-434-1\" class=\"vfb-choice\">Par ch\u00e8que (\u00e0 l'ordre de Plan\u00e8te Sciences M\u00e9diterran\u00e9e)<\/label><\/span><span class=\"vfb-span\"><input type=\"radio\" name=\"vfb-434\" id=\"vfb-434-2\" value=\"Par virement bancaire (un RIB vous sera envoy\u00e9 si vous cochez cette option)\" class=\"vfb-radio  \" \/><label for=\"vfb-434-2\" class=\"vfb-choice\">Par virement bancaire (un RIB vous sera envoy\u00e9 si vous cochez cette option)<\/label><\/span><span class=\"vfb-span\"><input type=\"radio\" name=\"vfb-434\" id=\"vfb-434-3\" value=\"Paypal (\u00e0 mediterranee@planete-sciences.org)\" class=\"vfb-radio  \" \/><label for=\"vfb-434-3\" class=\"vfb-choice\">Paypal (\u00e0 mediterranee@planete-sciences.org)<\/label><\/span><div style=\"clear:both\"><\/div><\/div><\/li><\/ul>&nbsp;<\/fieldset><fieldset class=\"vfb-fieldset vfb-fieldset-2 verification \" id=\"item-vfb-227\" style=\"display:block\"><div class=\"vfb-legend\"><h3>Verification<\/h3><\/div><ul class=\"vfb-section vfb-section-2\"><li class=\"vfb-item vfb-item-secret\"  style=\"display:block\"><label for=\"vfb-228\" class=\"vfb-desc\">Merci d&#039;entrer deux chiffres <span class=\"vfb-required-asterisk\">*<\/span><\/label><input type=\"hidden\" name=\"_vfb-secret\" value=\"vfb-228\" \/><span class=\"vfb-span\"><input type=\"text\" name=\"vfb-228\" id=\"vfb-228\" value=\"\" class=\"vfb-text  vfb-medium  required {digits:true,maxlength:2,minlength:2} \" style=\"display:block\" \/><label>Exemple: 12<\/label><\/span><li style=\"display:none;\"><label>This box is for spam protection - &lt;strong&gt;please leave it blank&lt;\/strong&gt;:<\/label><div><input name=\"vfb-spam\" \/><\/div><\/li>\n\t\t\t<li class=\"vfb-item vfb-item-submit\" id=\"item-vfb-229\">\n\t\t\t\t<input type=\"submit\" name=\"vfb-submit\" id=\"vfb-229\" value=\"Envoyer\" class=\"vfb-submit \" \/>\n\t\t\t\t<\/li><\/ul>\n\t\t\t<\/fieldset><input type=\"hidden\" name=\"_wp_http_referer\" value=\"\/mediterranee\/wp-json\/wp\/v2\/pages\/639\" \/><\/form><\/div> <!-- .visual-form-builder-container -->\n\n\n<p>Le BAFA Formation G\u00e9n\u00e9rale du 11 au 18 avril est complet. <\/p>\n<p>Pour en savoir plus sur la formation BAFA que nous proposons, veuillez consulter la <a href=\"https:\/\/www.planete-sciences.org\/mediterranee\/bafa\/\" target=\"_blank\" rel=\"noopener\">page BAFA<\/a>.<\/p>\n<p>Paiement de 100 \u20ac d&rsquo;arrhes pour confirmer votre inscription,<strong> sauf si vous \u00eates allocataire CAF<\/strong> des Alpes-Maritimes et percevez des prestations sociales (auquel cas le paiement des arrhes n&rsquo;est pas n\u00e9cessaire) :<\/p>\n<ul>\n<li>Soit par ch\u00e8que \u00e0 l&rsquo;ordre de Plan\u00e8te Sciences M\u00e9diterran\u00e9e \u00e0 envoyer : 11 rue Sans Peur 06130 GRASSE<\/li>\n<li>Soit par virement : nous demander un RIB par <a href=\"mailto: mediterranee@planete-sciences.org\">email<\/a><\/li>\n<li>Soit en cliquant sur le bouton ci-dessous (paiement via Paypal ou Carte bancaire)<\/li>\n<\/ul>\n\n\n\n\n\n<div id=\"smart-button-container\">\n      <div style=\"text-align: center;\">\n        <div id=\"paypal-button-container\" style=\"width: 80px; margin: auto\"><\/div>\n      <\/div>\n    <\/div>\n  <script src=\"https:\/\/www.paypal.com\/sdk\/js?client-id=AY8OaZsn-ANnTt-Q6U3o9crSPZivfxoz0J0hX0PCQ0Le1C8Gsba5M9YTGObHLeQg1REKhRtKEB8DuwjC&#038;enable-funding=venmo&#038;currency=EUR\" data-sdk-integration-source=\"button-factory\"><\/script>\n  <script>\n    function initPayPalButton() {\n      paypal.Buttons({\n        style: {\n          shape: 'pill',\n          color: 'gold',\n          layout: 'vertical',\n          label: 'paypal',\n          \n        },\n\n        createOrder: function(data, actions) {\n          return actions.order.create({\n            purchase_units: [{\"description\":\"Arrhes BAFA\",\"amount\":{\"currency_code\":\"EUR\",\"value\":100}}]\n          });\n        },\n\n        onApprove: function(data, actions) {\n          return actions.order.capture().then(function(orderData) {\n            \n            \/\/ Full available details\n            console.log('Capture result', orderData, JSON.stringify(orderData, null, 2));\n\n            \/\/ Show a success message within this page, e.g.\n            const element = document.getElementById('paypal-button-container');\n            element.innerHTML = '';\n            element.innerHTML = '<h3>Merci pour votre paiement !<\/h3>';\n\n            \/\/ Or go to another URL:  actions.redirect('thank_you.html');\n            \n          });\n        },\n\n        onError: function(err) {\n          console.log(err);\n        }\n      }).render('#paypal-button-container');\n    }\n    initPayPalButton();\n  <\/script>\n","protected":false},"excerpt":{"rendered":"<p>Le BAFA Formation G\u00e9n\u00e9rale du 11 au 18 avril est complet. Pour en savoir plus sur la formation BAFA que nous proposons, veuillez consulter la page BAFA. Paiement de 100 \u20ac d&rsquo;arrhes pour confirmer votre inscription, sauf si vous \u00eates allocataire CAF des Alpes-Maritimes et percevez des prestations sociales (auquel cas le paiement des arrhes [&hellip;]<\/p>\n","protected":false},"author":1,"featured_media":0,"parent":22,"menu_order":0,"comment_status":"closed","ping_status":"open","template":"","meta":{"_acf_changed":false,"ngg_post_thumbnail":0,"footnotes":""},"class_list":["post-639","page","type-page","status-publish","hentry"],"acf":[],"_links":{"self":[{"href":"https:\/\/www.planete-sciences.org\/mediterranee\/wp-json\/wp\/v2\/pages\/639","targetHints":{"allow":["GET"]}}],"collection":[{"href":"https:\/\/www.planete-sciences.org\/mediterranee\/wp-json\/wp\/v2\/pages"}],"about":[{"href":"https:\/\/www.planete-sciences.org\/mediterranee\/wp-json\/wp\/v2\/types\/page"}],"author":[{"embeddable":true,"href":"https:\/\/www.planete-sciences.org\/mediterranee\/wp-json\/wp\/v2\/users\/1"}],"replies":[{"embeddable":true,"href":"https:\/\/www.planete-sciences.org\/mediterranee\/wp-json\/wp\/v2\/comments?post=639"}],"version-history":[{"count":37,"href":"https:\/\/www.planete-sciences.org\/mediterranee\/wp-json\/wp\/v2\/pages\/639\/revisions"}],"predecessor-version":[{"id":6019,"href":"https:\/\/www.planete-sciences.org\/mediterranee\/wp-json\/wp\/v2\/pages\/639\/revisions\/6019"}],"up":[{"embeddable":true,"href":"https:\/\/www.planete-sciences.org\/mediterranee\/wp-json\/wp\/v2\/pages\/22"}],"wp:attachment":[{"href":"https:\/\/www.planete-sciences.org\/mediterranee\/wp-json\/wp\/v2\/media?parent=639"}],"curies":[{"name":"wp","href":"https:\/\/api.w.org\/{rel}","templated":true}]}}