{"id":3276,"date":"2024-05-20T22:58:54","date_gmt":"2024-05-20T20:58:54","guid":{"rendered":"https:\/\/www.planete-sciences.org\/hautsdefrance\/?page_id=3276"},"modified":"2026-04-09T16:53:09","modified_gmt":"2026-04-09T14:53:09","slug":"coupe-de-robotique-junior","status":"publish","type":"page","link":"https:\/\/www.planete-sciences.org\/hautsdefrance\/coupe-de-robotique-junior\/","title":{"rendered":"Coupe de robotique junior"},"content":{"rendered":"\t\t<div data-elementor-type=\"wp-page\" data-elementor-id=\"3276\" class=\"elementor elementor-3276\">\n\t\t\t\t<div class=\"elementor-element elementor-element-6884cd08 e-flex e-con-boxed wpr-particle-no wpr-jarallax-no wpr-parallax-no wpr-sticky-section-no wpr-equal-height-no e-con e-parent\" data-id=\"6884cd08\" data-element_type=\"container\" data-e-type=\"container\">\n\t\t\t\t\t<div class=\"e-con-inner\">\n\t\t<div class=\"elementor-element elementor-element-3f7256f5 e-con-full e-flex wpr-particle-no wpr-jarallax-no wpr-parallax-no wpr-sticky-section-no wpr-equal-height-no e-con e-child\" data-id=\"3f7256f5\" data-element_type=\"container\" data-e-type=\"container\" data-settings=\"{&quot;background_background&quot;:&quot;gradient&quot;}\">\n\t\t<div class=\"elementor-element elementor-element-272da2e5 e-flex e-con-boxed wpr-particle-no wpr-jarallax-no wpr-parallax-no wpr-sticky-section-no wpr-equal-height-no e-con e-child\" data-id=\"272da2e5\" data-element_type=\"container\" data-e-type=\"container\">\n\t\t\t\t\t<div class=\"e-con-inner\">\n\t\t\t\t<div class=\"elementor-element elementor-element-55ae4cd9 elementor-widget__width-inherit elementor-widget elementor-widget-heading\" data-id=\"55ae4cd9\" data-element_type=\"widget\" data-e-type=\"widget\" data-widget_type=\"heading.default\">\n\t\t\t\t<div class=\"elementor-widget-container\">\n\t\t\t\t\t<h2 class=\"elementor-heading-title elementor-size-default\">Coupe de France de Robotique Junior<\/h2>\t\t\t\t<\/div>\n\t\t\t\t<\/div>\n\t\t\t\t\t<\/div>\n\t\t\t\t<\/div>\n\t\t\t\t<\/div>\n\t\t\t\t\t<\/div>\n\t\t\t\t<\/div>\n\t\t\t\t<section class=\"elementor-section elementor-top-section elementor-element elementor-element-87387b0 elementor-section-boxed elementor-section-height-default elementor-section-height-default wpr-particle-no wpr-jarallax-no wpr-parallax-no wpr-sticky-section-no wpr-equal-height-no\" data-id=\"87387b0\" data-element_type=\"section\" data-e-type=\"section\" data-settings=\"{&quot;background_background&quot;:&quot;gradient&quot;}\">\n\t\t\t\t\t\t<div class=\"elementor-container elementor-column-gap-narrow\">\n\t\t\t\t\t<div class=\"elementor-column elementor-col-50 elementor-top-column elementor-element elementor-element-3306377\" data-id=\"3306377\" data-element_type=\"column\" data-e-type=\"column\">\n\t\t\t<div class=\"elementor-widget-wrap elementor-element-populated\">\n\t\t\t\t\t\t<div class=\"elementor-element elementor-element-bd706c6 elementor-widget__width-initial elementor-widget elementor-widget-text-editor\" data-id=\"bd706c6\" data-element_type=\"widget\" data-e-type=\"widget\" data-widget_type=\"text-editor.default\">\n\t\t\t\t<div class=\"elementor-widget-container\">\n\t\t\t\t\t\t\t\t\t<div data-id=\"33bbf53\" data-element_type=\"widget\" data-widget_type=\"text-editor.default\"><p class=\"isSelectedEnd\">La Coupe de France de Robotique Junior a une nouvelle fois rassembl\u00e9 de jeunes passionn\u00e9(e)s de 7 \u00e0 18 ans autour d\u2019un d\u00e9fi aussi ludique que technique. Leur mission ? Concevoir et programmer un robot filoguid\u00e9 en explorant les univers de la m\u00e9canique, de l\u2019\u00e9lectricit\u00e9 et de l\u2019informatique.<\/p><p class=\"isSelectedEnd\">Cette ann\u00e9e, le th\u00e8me <em>\u201cWinter is coming\u201d<\/em> a plong\u00e9 les \u00e9quipes dans une aventure hivernale : aider de petits \u00e9cureuils \u00e0 faire leurs r\u00e9serves pour affronter le froid \ud83d\udc3f\ufe0f\u2744\ufe0f<\/p><p class=\"isSelectedEnd\">Apr\u00e8s des semaines de pr\u00e9paration, les \u00e9quipes se sont affront\u00e9es avec cr\u00e9ativit\u00e9, ing\u00e9niosit\u00e9 et esprit d\u2019\u00e9quipe. Une chose est s\u00fbre : tous les participant(e)s peuvent \u00eatre fiers de leur parcours et de leur engagement ! \ud83d\udc4f<\/p><p>Bravo \u00e0 toutes et tous pour cette belle \u00e9dition pleine d\u2019\u00e9nergie, de d\u00e9fis relev\u00e9s et de robots en action<\/p><\/div>\t\t\t\t\t\t\t\t<\/div>\n\t\t\t\t<\/div>\n\t\t\t\t\t<\/div>\n\t\t<\/div>\n\t\t\t\t<div class=\"elementor-column elementor-col-50 elementor-top-column elementor-element elementor-element-64bb255\" data-id=\"64bb255\" data-element_type=\"column\" data-e-type=\"column\">\n\t\t\t<div class=\"elementor-widget-wrap elementor-element-populated\">\n\t\t\t\t\t\t<div class=\"elementor-element elementor-element-fb19daf elementor-widget__width-initial elementor-arrows-position-inside elementor-pagination-position-outside elementor-widget elementor-widget-image-carousel\" data-id=\"fb19daf\" data-element_type=\"widget\" data-e-type=\"widget\" data-settings=\"{&quot;slides_to_show&quot;:&quot;1&quot;,&quot;navigation&quot;:&quot;both&quot;,&quot;autoplay&quot;:&quot;yes&quot;,&quot;pause_on_hover&quot;:&quot;yes&quot;,&quot;pause_on_interaction&quot;:&quot;yes&quot;,&quot;autoplay_speed&quot;:5000,&quot;infinite&quot;:&quot;yes&quot;,&quot;effect&quot;:&quot;slide&quot;,&quot;speed&quot;:500}\" data-widget_type=\"image-carousel.default\">\n\t\t\t\t<div class=\"elementor-widget-container\">\n\t\t\t\t\t\t\t<div class=\"elementor-image-carousel-wrapper swiper\" role=\"region\" aria-roledescription=\"carousel\" aria-label=\"Carrousel d\u2019images\" dir=\"ltr\">\n\t\t\t<div class=\"elementor-image-carousel swiper-wrapper\" aria-live=\"off\">\n\t\t\t\t\t\t\t\t<div class=\"swiper-slide\" role=\"group\" aria-roledescription=\"slide\" aria-label=\"1 sur 15\"><figure class=\"swiper-slide-inner\"><img decoding=\"async\" class=\"swiper-slide-image\" src=\"https:\/\/www.planete-sciences.org\/hautsdefrance\/wp-content\/uploads\/elementor\/thumbs\/IMG_20260328_153237-rlr9v3f73u52sh7gian7vi27czwy79jc70rk2dgnxk.jpg\" alt=\"IMG_20260328_153237\" \/><\/figure><\/div><div class=\"swiper-slide\" role=\"group\" aria-roledescription=\"slide\" aria-label=\"2 sur 15\"><figure class=\"swiper-slide-inner\"><img decoding=\"async\" class=\"swiper-slide-image\" src=\"https:\/\/www.planete-sciences.org\/hautsdefrance\/wp-content\/uploads\/elementor\/thumbs\/IMG_20260327_164834-scaled-rlr9v1jiq62i59a6t9tyqija6867rvbvirgl3tjga0.jpg\" alt=\"IMG_20260327_164834\" \/><\/figure><\/div><div class=\"swiper-slide\" role=\"group\" aria-roledescription=\"slide\" aria-label=\"3 sur 15\"><figure class=\"swiper-slide-inner\"><img decoding=\"async\" class=\"swiper-slide-image\" src=\"https:\/\/www.planete-sciences.org\/hautsdefrance\/wp-content\/uploads\/elementor\/thumbs\/3f9fc10c-be08-4cdc-9c21-5b44db794aaa-rlr9uvwhl5us7lidq7e7bjyilwy0hophhzjo85rtbc.jpg\" alt=\"3f9fc10c-be08-4cdc-9c21-5b44db794aaa\" \/><\/figure><\/div><div class=\"swiper-slide\" role=\"group\" aria-roledescription=\"slide\" aria-label=\"4 sur 15\"><figure class=\"swiper-slide-inner\"><img decoding=\"async\" class=\"swiper-slide-image\" src=\"https:\/\/www.planete-sciences.org\/hautsdefrance\/wp-content\/uploads\/elementor\/thumbs\/2d0ef718-61f0-43bf-a660-8b52eec8d74f-rlr9uuynebthvzjqvozkr2720j2n9zlr5uw6qvt7hk.jpg\" alt=\"2d0ef718-61f0-43bf-a660-8b52eec8d74f\" \/><\/figure><\/div><div class=\"swiper-slide\" role=\"group\" aria-roledescription=\"slide\" aria-label=\"5 sur 15\"><figure class=\"swiper-slide-inner\"><img decoding=\"async\" class=\"swiper-slide-image\" src=\"https:\/\/www.planete-sciences.org\/hautsdefrance\/wp-content\/uploads\/elementor\/thumbs\/2b2c6e8c-c141-4465-ac29-7c1f2016a9a1-rlr9uu0t7hs7kdl416ky6kflf57a2ai0tq8p9lulns.jpg\" alt=\"2b2c6e8c-c141-4465-ac29-7c1f2016a9a1\" \/><\/figure><\/div><div class=\"swiper-slide\" role=\"group\" aria-roledescription=\"slide\" aria-label=\"6 sur 15\"><figure class=\"swiper-slide-inner\"><img decoding=\"async\" class=\"swiper-slide-image\" src=\"https:\/\/www.planete-sciences.org\/hautsdefrance\/wp-content\/uploads\/elementor\/thumbs\/40eb8822-5b18-46a9-8755-749025625794-rlralzkyn6yeyu55gx4y7pqz7vd0fiav84poddl5wo.jpg\" alt=\"40eb8822-5b18-46a9-8755-749025625794\" \/><\/figure><\/div><div class=\"swiper-slide\" role=\"group\" aria-roledescription=\"slide\" aria-label=\"7 sur 15\"><figure class=\"swiper-slide-inner\"><img decoding=\"async\" class=\"swiper-slide-image\" src=\"https:\/\/www.planete-sciences.org\/hautsdefrance\/wp-content\/uploads\/elementor\/thumbs\/3f40da99-a044-4820-82a8-d80fc8049301-2-rlrayu1k1ojhmzhegh1eah1rhg1lmlaszpokhijgvc.jpg\" alt=\"3f40da99-a044-4820-82a8-d80fc8049301\" \/><\/figure><\/div><div class=\"swiper-slide\" role=\"group\" aria-roledescription=\"slide\" aria-label=\"8 sur 15\"><figure class=\"swiper-slide-inner\"><img decoding=\"async\" class=\"swiper-slide-image\" src=\"https:\/\/www.planete-sciences.org\/hautsdefrance\/wp-content\/uploads\/elementor\/thumbs\/27ff3372-88ed-4751-a9ec-b9ad73312190-1-rlrayuze8ikrylg1azg0uyt82twyuaejbuc1ysi2p4.jpg\" alt=\"27ff3372-88ed-4751-a9ec-b9ad73312190\" \/><\/figure><\/div><div class=\"swiper-slide\" role=\"group\" aria-roledescription=\"slide\" aria-label=\"9 sur 15\"><figure class=\"swiper-slide-inner\"><img decoding=\"async\" class=\"swiper-slide-image\" src=\"https:\/\/www.planete-sciences.org\/hautsdefrance\/wp-content\/uploads\/elementor\/thumbs\/c236b7d3-5421-49b9-800a-d18ba0b2d556-rlrayuze8ikrylg1azg0uyt82twyuaejbuc1ysi2p4.jpg\" alt=\"c236b7d3-5421-49b9-800a-d18ba0b2d556\" \/><\/figure><\/div><div class=\"swiper-slide\" role=\"group\" aria-roledescription=\"slide\" aria-label=\"10 sur 15\"><figure class=\"swiper-slide-inner\"><img decoding=\"async\" class=\"swiper-slide-image\" src=\"https:\/\/www.planete-sciences.org\/hautsdefrance\/wp-content\/uploads\/elementor\/thumbs\/eff0e00e-d881-4ec9-b820-6342837c8a45-rlraywv2m6ncltdb0099zyc59lnp9om003n0xcfaco.jpg\" alt=\"eff0e00e-d881-4ec9-b820-6342837c8a45\" \/><\/figure><\/div><div class=\"swiper-slide\" role=\"group\" aria-roledescription=\"slide\" aria-label=\"11 sur 15\"><figure class=\"swiper-slide-inner\"><img decoding=\"async\" class=\"swiper-slide-image\" src=\"https:\/\/www.planete-sciences.org\/hautsdefrance\/wp-content\/uploads\/elementor\/thumbs\/IMG_20260327_162556-scaled-rlrayyqqzupx91akp12j4xv2gdefp2tgocxzvwci08.jpg\" alt=\"IMG_20260327_162556\" \/><\/figure><\/div><div class=\"swiper-slide\" role=\"group\" aria-roledescription=\"slide\" aria-label=\"12 sur 15\"><figure class=\"swiper-slide-inner\"><img decoding=\"async\" class=\"swiper-slide-image\" src=\"https:\/\/www.planete-sciences.org\/hautsdefrance\/wp-content\/uploads\/elementor\/thumbs\/IMG_20260328_094117-scaled-rlraz1k9kcts7v6h8kaeuf5g8j0jc64noqwgbq8bhk.jpg\" alt=\"IMG_20260328_094117\" \/><\/figure><\/div><div class=\"swiper-slide\" role=\"group\" aria-roledescription=\"slide\" aria-label=\"13 sur 15\"><figure class=\"swiper-slide-inner\"><img decoding=\"async\" class=\"swiper-slide-image\" src=\"https:\/\/www.planete-sciences.org\/hautsdefrance\/wp-content\/uploads\/elementor\/thumbs\/IMG_20260328_113407-scaled-rlraz3fxy0wcv33qxl3nzeodfar9rkc4d07faa5j54.jpg\" alt=\"IMG_20260328_113407\" \/><\/figure><\/div><div class=\"swiper-slide\" role=\"group\" aria-roledescription=\"slide\" aria-label=\"14 sur 15\"><figure class=\"swiper-slide-inner\"><img decoding=\"async\" class=\"swiper-slide-image\" src=\"https:\/\/www.planete-sciences.org\/hautsdefrance\/wp-content\/uploads\/elementor\/thumbs\/IMG_20260328_133232-scaled-rlraz69gij07twznh4bjovyr7gddennbde5vq41cmg.jpg\" alt=\"IMG_20260328_133232\" \/><\/figure><\/div><div class=\"swiper-slide\" role=\"group\" aria-roledescription=\"slide\" aria-label=\"15 sur 15\"><figure class=\"swiper-slide-inner\"><img decoding=\"async\" class=\"swiper-slide-image\" src=\"https:\/\/www.planete-sciences.org\/hautsdefrance\/wp-content\/uploads\/elementor\/thumbs\/IMG_20260328_133404-scaled-rlraz92z3142sqvk0njfed94zlzh1qyids4c5xx63s.jpg\" alt=\"IMG_20260328_133404\" \/><\/figure><\/div>\t\t\t<\/div>\n\t\t\t\t\t\t\t\t\t\t\t\t<div class=\"elementor-swiper-button elementor-swiper-button-prev\" role=\"button\" tabindex=\"0\">\n\t\t\t\t\t\t<svg aria-hidden=\"true\" class=\"e-font-icon-svg e-eicon-chevron-left\" viewBox=\"0 0 1000 1000\" xmlns=\"http:\/\/www.w3.org\/2000\/svg\"><path d=\"M646 125C629 125 613 133 604 142L308 442C296 454 292 471 292 487 292 504 296 521 308 533L604 854C617 867 629 875 646 875 663 875 679 871 692 858 704 846 713 829 713 812 713 796 708 779 692 767L438 487 692 225C700 217 708 204 708 187 708 171 704 154 692 142 675 129 663 125 646 125Z\"><\/path><\/svg>\t\t\t\t\t<\/div>\n\t\t\t\t\t<div class=\"elementor-swiper-button elementor-swiper-button-next\" role=\"button\" tabindex=\"0\">\n\t\t\t\t\t\t<svg aria-hidden=\"true\" class=\"e-font-icon-svg e-eicon-chevron-right\" viewBox=\"0 0 1000 1000\" xmlns=\"http:\/\/www.w3.org\/2000\/svg\"><path d=\"M696 533C708 521 713 504 713 487 713 471 708 454 696 446L400 146C388 133 375 125 354 125 338 125 325 129 313 142 300 154 292 171 292 187 292 204 296 221 308 233L563 492 304 771C292 783 288 800 288 817 288 833 296 850 308 863 321 871 338 875 354 875 371 875 388 867 400 854L696 533Z\"><\/path><\/svg>\t\t\t\t\t<\/div>\n\t\t\t\t\n\t\t\t\t\t\t\t\t\t<div class=\"swiper-pagination\"><\/div>\n\t\t\t\t\t\t\t\t\t<\/div>\n\t\t\t\t\t\t<\/div>\n\t\t\t\t<\/div>\n\t\t\t\t\t<\/div>\n\t\t<\/div>\n\t\t\t\t\t<\/div>\n\t\t<\/section>\n\t\t<div class=\"elementor-element elementor-element-1313f87 e-flex e-con-boxed wpr-particle-no wpr-jarallax-no wpr-parallax-no wpr-sticky-section-no wpr-equal-height-no e-con e-parent\" data-id=\"1313f87\" data-element_type=\"container\" data-e-type=\"container\">\n\t\t\t\t\t<div class=\"e-con-inner\">\n\t\t\t\t\t<\/div>\n\t\t\t\t<\/div>\n\t\t<div class=\"elementor-element elementor-element-f162f6b e-flex e-con-boxed wpr-particle-no wpr-jarallax-no wpr-parallax-no wpr-sticky-section-no wpr-equal-height-no e-con e-parent\" data-id=\"f162f6b\" data-element_type=\"container\" data-e-type=\"container\">\n\t\t\t\t\t<div class=\"e-con-inner\">\n\t\t\t\t\t<\/div>\n\t\t\t\t<\/div>\n\t\t\t\t<\/div>\n\t\t","protected":false},"excerpt":{"rendered":"<p>Coupe de France de Robotique Junior La Coupe de France de Robotique Junior a une nouvelle fois rassembl\u00e9 de jeunes passionn\u00e9(e)s de 7 \u00e0 18 ans autour d\u2019un d\u00e9fi aussi ludique que technique. Leur mission ? Concevoir et programmer un robot filoguid\u00e9 en explorant les univers de la m\u00e9canique, de l\u2019\u00e9lectricit\u00e9 et de l\u2019informatique. Cette ann\u00e9e, le th\u00e8me \u201cWinter is coming\u201d a plong\u00e9 les \u00e9quipes dans une aventure hivernale : aider de petits \u00e9cureuils \u00e0 faire leurs r\u00e9serves pour affronter le froid \ud83d\udc3f\ufe0f\u2744\ufe0f Apr\u00e8s des semaines de pr\u00e9paration, les \u00e9quipes se sont affront\u00e9es avec cr\u00e9ativit\u00e9, ing\u00e9niosit\u00e9 et esprit d\u2019\u00e9quipe. Une chose est s\u00fbre : tous les participant(e)s peuvent \u00eatre fiers de leur parcours et de leur engagement ! \ud83d\udc4f Bravo \u00e0 toutes et tous pour cette belle \u00e9dition pleine d\u2019\u00e9nergie, de d\u00e9fis relev\u00e9s et de robots en action<\/p>\n","protected":false},"author":1,"featured_media":0,"parent":0,"menu_order":0,"comment_status":"closed","ping_status":"closed","template":"","meta":{"footnotes":""},"class_list":["post-3276","page","type-page","status-publish","hentry"],"_links":{"self":[{"href":"https:\/\/www.planete-sciences.org\/hautsdefrance\/wp-json\/wp\/v2\/pages\/3276","targetHints":{"allow":["GET"]}}],"collection":[{"href":"https:\/\/www.planete-sciences.org\/hautsdefrance\/wp-json\/wp\/v2\/pages"}],"about":[{"href":"https:\/\/www.planete-sciences.org\/hautsdefrance\/wp-json\/wp\/v2\/types\/page"}],"author":[{"embeddable":true,"href":"https:\/\/www.planete-sciences.org\/hautsdefrance\/wp-json\/wp\/v2\/users\/1"}],"replies":[{"embeddable":true,"href":"https:\/\/www.planete-sciences.org\/hautsdefrance\/wp-json\/wp\/v2\/comments?post=3276"}],"version-history":[{"count":54,"href":"https:\/\/www.planete-sciences.org\/hautsdefrance\/wp-json\/wp\/v2\/pages\/3276\/revisions"}],"predecessor-version":[{"id":5846,"href":"https:\/\/www.planete-sciences.org\/hautsdefrance\/wp-json\/wp\/v2\/pages\/3276\/revisions\/5846"}],"wp:attachment":[{"href":"https:\/\/www.planete-sciences.org\/hautsdefrance\/wp-json\/wp\/v2\/media?parent=3276"}],"curies":[{"name":"wp","href":"https:\/\/api.w.org\/{rel}","templated":true}]}}