{"id":867,"date":"2016-09-18T17:14:51","date_gmt":"2016-09-18T17:14:51","guid":{"rendered":"http:\/\/monpc-120416357:81\/wordpress\/?page_id=867"},"modified":"2024-09-12T13:47:01","modified_gmt":"2024-09-12T13:47:01","slug":"autres-formations","status":"publish","type":"page","link":"https:\/\/www.planete-sciences.org\/aura\/formations\/autres-formations\/","title":{"rendered":"BAFA"},"content":{"rendered":"<h2 id=\"La-formation-BAFA\" class=\"spip\"><i>La formation <span class=\"caps\">BAFA<\/span><\/i><\/h2>\n<div class=\"spip_document_82 spip_document spip_documents spip_document_image spip_documents_center spip_document_center\">\n<figure class=\"spip_doc_inner\"><i><img decoding=\"async\" src=\"https:\/\/www.planete-sciences.org\/bretagne\/IMG\/png\/logo-bafa-bafd-png-244.png\" alt=\"\" width=\"118\" height=\"100\" \/><\/i><\/figure>\n<\/div>\n<p><i>Plan\u00e8te Sciences a l\u2019agr\u00e9ment minist\u00e9riel pour organiser la formation <span class=\"caps\">BAFA<\/span>. Cette formation a comme objectif de pr\u00e9parer aux fonctions d\u2019animateur d\u2019accueils collectifs de mineurs (s\u00e9jours de vacances, centres de loisirs\u2026.). Cette formation peut \u00eatre suivies \u00e0 partir de 16 ans. Elle se d\u00e9roule en trois \u00e9tapes\u00a0: session de formation g\u00e9n\u00e9rale, stage pratique et session d\u2019approfondissement. Des aides financi\u00e8res existent\u00a0: n\u2019h\u00e9sitez pas \u00e0 contacter votre caisse d\u2019allocations familiales (<span class=\"caps\">CAF<\/span>), les services jeunesse des structures locales (d\u00e9partement, villes, \u2026), des comit\u00e9s d\u2019entreprises, p\u00f4le emploi, mission locale, \u2026.<\/i><\/p>\n<p><i><strong>Pour en savoir plus<\/strong> sur le <span class=\"caps\">BAFA<\/span> et nos prochaines formations\u00a0: <a class=\"spip_out\" href=\"https:\/\/www.planete-sciences.org\/animations-formations\/BAFA\/presentation\" rel=\"external\">https:\/\/www.planete-sciences.org\/animations-formations\/<span class=\"caps\">BAFA<\/span>\/presentation<\/a><\/i><\/p>\n<p><i>Acc\u00e9der aux informations fournies par le Minist\u00e8re de l\u2019Education Nationale et de la Jeunesse\u00a0: <a class=\"spip_url spip_out auto\" href=\"http:\/\/www.bafa-bafd.gouv.fr\" rel=\"nofollow external\">www.bafa-bafd.gouv.fr<\/a><a class=\"spip_url spip_out\" href=\"http:\/\/www.bafa-bafd.gouv.fr\" rel=\"external\">www.bafa-bafd.gouv.fr<\/a><\/i><\/p>\n","protected":false},"excerpt":{"rendered":"<p>La formation BAFA Plan\u00e8te Sciences a l\u2019agr\u00e9ment minist\u00e9riel pour organiser la formation BAFA. Cette formation a comme objectif de pr\u00e9parer aux fonctions d\u2019animateur d\u2019accueils collectifs de mineurs (s\u00e9jours de vacances, <a class=\"more-link\" href=\"https:\/\/www.planete-sciences.org\/aura\/formations\/autres-formations\/\">Lire la suite \u2192<\/a><\/p>\n","protected":false},"author":1,"featured_media":0,"parent":10,"menu_order":0,"comment_status":"closed","ping_status":"closed","template":"","meta":{"footnotes":""},"class_list":["post-867","page","type-page","status-publish","hentry"],"_links":{"self":[{"href":"https:\/\/www.planete-sciences.org\/aura\/wp-json\/wp\/v2\/pages\/867","targetHints":{"allow":["GET"]}}],"collection":[{"href":"https:\/\/www.planete-sciences.org\/aura\/wp-json\/wp\/v2\/pages"}],"about":[{"href":"https:\/\/www.planete-sciences.org\/aura\/wp-json\/wp\/v2\/types\/page"}],"author":[{"embeddable":true,"href":"https:\/\/www.planete-sciences.org\/aura\/wp-json\/wp\/v2\/users\/1"}],"replies":[{"embeddable":true,"href":"https:\/\/www.planete-sciences.org\/aura\/wp-json\/wp\/v2\/comments?post=867"}],"version-history":[{"count":10,"href":"https:\/\/www.planete-sciences.org\/aura\/wp-json\/wp\/v2\/pages\/867\/revisions"}],"predecessor-version":[{"id":2468,"href":"https:\/\/www.planete-sciences.org\/aura\/wp-json\/wp\/v2\/pages\/867\/revisions\/2468"}],"up":[{"embeddable":true,"href":"https:\/\/www.planete-sciences.org\/aura\/wp-json\/wp\/v2\/pages\/10"}],"wp:attachment":[{"href":"https:\/\/www.planete-sciences.org\/aura\/wp-json\/wp\/v2\/media?parent=867"}],"curies":[{"name":"wp","href":"https:\/\/api.w.org\/{rel}","templated":true}]}}

<h2 id="La-formation-BAFA" class="spip"><i>La formation <span class="caps">BAFA</span></i></h2>
<div class="spip_document_82 spip_document spip_documents spip_document_image spip_documents_center spip_document_center">
<figure class="spip_doc_inner"><i><img decoding="async" src="https://www.planete-sciences.org/bretagne/IMG/png/logo-bafa-bafd-png-244.png" alt="" width="118" height="100" /></i></figure>
</div>
<p><i>Planète Sciences a l’agrément ministériel pour organiser la formation <span class="caps">BAFA</span>. Cette formation a comme objectif de préparer aux fonctions d’animateur d’accueils collectifs de mineurs (séjours de vacances, centres de loisirs….). Cette formation peut être suivies à partir de 16 ans. Elle se déroule en trois étapes : session de formation générale, stage pratique et session d’approfondissement. Des aides financières existent : n’hésitez pas à contacter votre caisse d’allocations familiales (<span class="caps">CAF</span>), les services jeunesse des structures locales (département, villes, …), des comités d’entreprises, pôle emploi, mission locale, ….</i></p>
<p><i><strong>Pour en savoir plus</strong> sur le <span class="caps">BAFA</span> et nos prochaines formations : <a class="spip_out" href="https://www.planete-sciences.org/animations-formations/BAFA/presentation" rel="external">https://www.planete-sciences.org/animations-formations/<span class="caps">BAFA</span>/presentation</a></i></p>
<p><i>Accéder aux informations fournies par le Ministère de l’Education Nationale et de la Jeunesse : <a class="spip_url spip_out auto" href="http://www.bafa-bafd.gouv.fr" rel="nofollow external">www.bafa-bafd.gouv.fr</a><a class="spip_url spip_out" href="http://www.bafa-bafd.gouv.fr" rel="external">www.bafa-bafd.gouv.fr</a></i></p>

<p>La formation BAFA Planète Sciences a l’agrément ministériel pour organiser la formation BAFA. Cette formation a comme objectif de préparer aux fonctions d’animateur d’accueils collectifs de mineurs (séjours de vacances, <a class="more-link" href="https://www.planete-sciences.org/aura/formations/autres-formations/">Lire la suite →</a></p>
