{"id":857,"date":"2016-09-18T17:11:45","date_gmt":"2016-09-18T17:11:45","guid":{"rendered":"http:\/\/monpc-120416357:81\/wordpress\/?page_id=857"},"modified":"2026-03-26T15:10:55","modified_gmt":"2026-03-26T15:10:55","slug":"formation-astronomie","status":"publish","type":"page","link":"https:\/\/www.planete-sciences.org\/aura\/formations\/formation-astronomie\/","title":{"rendered":"Formation Astronomie"},"content":{"rendered":"<hr \/>\n<p><strong>Sensibilisation \u00e0 l&rsquo;astronomie<br \/>\n<\/strong><\/p>\n<p style=\"text-align: justify;\">Cette formation propose de d\u00e9couvrir les principaux outils permettant de comprendre notre univers ainsi que les outils permettant de se rep\u00e9rer dans le ciel nocturne. Elle vise \u00e0 former des animateurs capables de concevoir et maitriser certaines s\u00e9quences de travail autour des mouvements apparents des astres, de la composition de notre syst\u00e8me solaire ou encore des diff\u00e9rents visages de notre satellite&#8230;ainsi que d&rsquo;animer une soir\u00e9e d&rsquo;observation.<\/p>\n<p style=\"text-align: justify;\">D\u00e9couverte des logiciels informatiques de simulation du ciel et de l\u2019espace (Stellarium et C\u00e9lestia) et observation des ph\u00e9nom\u00e8nes. Hypoth\u00e8ses et explications par des outils simples (maquettes, montage papier et mise en situation). D\u00e9couverte du mat\u00e9riel d\u2019observation\u00a0: t\u00e9lescopes et jumelles, carte du ciel. En soir\u00e9e\u00a0: observation et v\u00e9rification des ph\u00e9nom\u00e8nes observ\u00e9s sur logiciels.<\/p>\n<p style=\"text-align: justify;\"><strong>Prochaine date\u00a0:<\/strong> sur demande<\/p>\n<p><strong>Renseignements et inscriptions\u00a0:<\/strong> 04 72 04 34 48 &#8211; aura@planete-sciences.org<\/p>\n<p><img fetchpriority=\"high\" decoding=\"async\" class=\"size-full wp-image-1407\" src=\"https:\/\/www.planete-sciences.org\/aura\/wp-content\/uploads\/2018\/09\/IMG_5536.jpg\" alt=\"\" width=\"1936\" height=\"1288\" srcset=\"https:\/\/www.planete-sciences.org\/aura\/wp-content\/uploads\/2018\/09\/IMG_5536.jpg 1936w, https:\/\/www.planete-sciences.org\/aura\/wp-content\/uploads\/2018\/09\/IMG_5536-300x200.jpg 300w, https:\/\/www.planete-sciences.org\/aura\/wp-content\/uploads\/2018\/09\/IMG_5536-768x511.jpg 768w, https:\/\/www.planete-sciences.org\/aura\/wp-content\/uploads\/2018\/09\/IMG_5536-1024x681.jpg 1024w\" sizes=\"(max-width: 1936px) 100vw, 1936px\" \/><\/p>\n<p style=\"text-align: justify;\">\n","protected":false},"excerpt":{"rendered":"<p>Sensibilisation \u00e0 l&rsquo;astronomie Cette formation propose de d\u00e9couvrir les principaux outils permettant de comprendre notre univers ainsi que les outils permettant de se rep\u00e9rer dans le ciel nocturne. Elle vise <a class=\"more-link\" href=\"https:\/\/www.planete-sciences.org\/aura\/formations\/formation-astronomie\/\">Lire la suite \u2192<\/a><\/p>\n","protected":false},"author":1,"featured_media":0,"parent":10,"menu_order":0,"comment_status":"closed","ping_status":"closed","template":"","meta":{"footnotes":""},"class_list":["post-857","page","type-page","status-publish","hentry"],"_links":{"self":[{"href":"https:\/\/www.planete-sciences.org\/aura\/wp-json\/wp\/v2\/pages\/857","targetHints":{"allow":["GET"]}}],"collection":[{"href":"https:\/\/www.planete-sciences.org\/aura\/wp-json\/wp\/v2\/pages"}],"about":[{"href":"https:\/\/www.planete-sciences.org\/aura\/wp-json\/wp\/v2\/types\/page"}],"author":[{"embeddable":true,"href":"https:\/\/www.planete-sciences.org\/aura\/wp-json\/wp\/v2\/users\/1"}],"replies":[{"embeddable":true,"href":"https:\/\/www.planete-sciences.org\/aura\/wp-json\/wp\/v2\/comments?post=857"}],"version-history":[{"count":12,"href":"https:\/\/www.planete-sciences.org\/aura\/wp-json\/wp\/v2\/pages\/857\/revisions"}],"predecessor-version":[{"id":2667,"href":"https:\/\/www.planete-sciences.org\/aura\/wp-json\/wp\/v2\/pages\/857\/revisions\/2667"}],"up":[{"embeddable":true,"href":"https:\/\/www.planete-sciences.org\/aura\/wp-json\/wp\/v2\/pages\/10"}],"wp:attachment":[{"href":"https:\/\/www.planete-sciences.org\/aura\/wp-json\/wp\/v2\/media?parent=857"}],"curies":[{"name":"wp","href":"https:\/\/api.w.org\/{rel}","templated":true}]}}