{"id":788,"date":"2016-07-28T13:54:25","date_gmt":"2016-07-28T13:54:25","guid":{"rendered":"http:\/\/monpc-120416357:81\/wordpress\/?page_id=788"},"modified":"2026-03-26T15:14:35","modified_gmt":"2026-03-26T15:14:35","slug":"lassociation","status":"publish","type":"page","link":"https:\/\/www.planete-sciences.org\/aura\/qui-sommes-nous\/lassociation\/","title":{"rendered":"Conseil d&rsquo;administration"},"content":{"rendered":"<p>Plan\u00e8te Sciences Auvergne-Rh\u00f4ne-Alpes est une association de loi 1901 \u00e0 but non lucratif fond\u00e9e en 2002. Sa gouvernance est assur\u00e9e par ses b\u00e9n\u00e9voles.<\/p>\n<p>L&rsquo;Assembl\u00e9e G\u00e9n\u00e9rale Ordinaire se r\u00e9unit chaque ann\u00e9e. L&rsquo;ensemble des adh\u00e9rents de l&rsquo;association (environ 200 membres) y est convi\u00e9. Durant l&rsquo;Assembl\u00e9e G\u00e9n\u00e9rale Ordinaire, le Pr\u00e9sident pr\u00e9sente les activit\u00e9s de l&rsquo;association et exprime son rapport moral, le Tr\u00e9sorier dresse le rapport financier et les membres \u00e9lisent le Conseil d&rsquo;Administration pour une dur\u00e9e de trois ans. Chaque ann\u00e9e, 1\/3 des membres sont sortant.<\/p>\n<p>Les administrateurs actuels ont \u00e9t\u00e9 \u00e9lus le 14 mars 2026.<\/p>\n<p>Pr\u00e9sident :<\/p>\n<p><img decoding=\"async\" class=\"aligncenter wp-image-845 size-thumbnail\" src=\"https:\/\/www.planete-sciences.org\/aura\/wp-content\/uploads\/2016\/07\/Geoffrey_Renon-150x150.jpg\" alt=\"geoffrey_renon\" width=\"150\" height=\"150\" \/><\/p>\n<p style=\"text-align: center;\">Geoffrey RENON<\/p>\n<p>&nbsp;<\/p>\n<p>Vice pr\u00e9sidents :<\/p>\n<p><img decoding=\"async\" class=\"aligncenter wp-image-843 size-thumbnail\" src=\"https:\/\/www.planete-sciences.org\/aura\/wp-content\/uploads\/2016\/07\/JL_PSRA-150x150.jpg\" alt=\"Jean-Luc Beuzit\" width=\"150\" height=\"150\" \/><\/p>\n<p style=\"text-align: center;\">Jean-Luc BEUZIT<\/p>\n<p>&nbsp;<\/p>\n<p style=\"text-align: center;\">Ouissem MOUSSI<\/p>\n<p>&nbsp;<\/p>\n<p>&nbsp;<\/p>\n<p>Tr\u00e9sorier :<\/p>\n<p>&nbsp;<\/p>\n<p><img decoding=\"async\" class=\"aligncenter wp-image-851 size-thumbnail\" src=\"https:\/\/www.planete-sciences.org\/aura\/wp-content\/uploads\/2016\/07\/vincent-PSRA-150x150.jpg\" alt=\"Vincent Lenoir\" width=\"150\" height=\"150\" srcset=\"https:\/\/www.planete-sciences.org\/aura\/wp-content\/uploads\/2016\/07\/vincent-PSRA-150x150.jpg 150w, https:\/\/www.planete-sciences.org\/aura\/wp-content\/uploads\/2016\/07\/vincent-PSRA.jpg 160w\" sizes=\"(max-width: 150px) 100vw, 150px\" \/><\/p>\n<p style=\"text-align: center;\">Vincent LENOIR<\/p>\n<p>&nbsp;<\/p>\n<p>Tr\u00e9sorier Adjoint :<\/p>\n<p style=\"text-align: center;\">Damien BACHELLERIE<\/p>\n<p>Secr\u00e9taire :<\/p>\n<p><img loading=\"lazy\" decoding=\"async\" class=\"aligncenter size-thumbnail wp-image-2148\" src=\"https:\/\/www.planete-sciences.org\/aura\/wp-content\/uploads\/2022\/08\/IMG-20220702-WA0000-150x150.jpg\" alt=\"\" width=\"150\" height=\"150\" \/><\/p>\n<p style=\"text-align: center;\">Jonathan ILAMBO<\/p>\n<p>Administrateurs<\/p>\n<p style=\"text-align: center;\">Naomie GALIS<\/p>\n<p><img loading=\"lazy\" decoding=\"async\" class=\"aligncenter wp-image-844 size-thumbnail\" src=\"https:\/\/www.planete-sciences.org\/aura\/wp-content\/uploads\/2016\/07\/guichardez-150x150.jpg\" alt=\" Catherine Guichardaz\" width=\"150\" height=\"150\" \/><\/p>\n<p style=\"text-align: center;\">Catherine GUICHARDAZ<\/p>\n<p style=\"text-align: center;\"><img loading=\"lazy\" decoding=\"async\" class=\"aligncenter wp-image-848 size-thumbnail\" src=\"https:\/\/www.planete-sciences.org\/aura\/wp-content\/uploads\/2016\/07\/RachidPSRA-150x150.jpg\" alt=\"\" width=\"150\" height=\"150\" \/><\/p>\n<p style=\"text-align: center;\">Rachid A\u00cfT MANSOUR<\/p>\n<p>&nbsp;<\/p>\n<p style=\"text-align: center;\">Margaux MAUNIER<\/p>\n<p style=\"text-align: center;\">S\u00e9bastien JEAN<\/p>\n<p style=\"text-align: center;\">Romain VEDRENNE<\/p>\n<p style=\"text-align: center;\">Thomas JOLIVET, membre de droit du CA Plan\u00e8te Sciences National<\/p>\n","protected":false},"excerpt":{"rendered":"<p>Plan\u00e8te Sciences Auvergne-Rh\u00f4ne-Alpes est une association de loi 1901 \u00e0 but non lucratif fond\u00e9e en 2002. Sa gouvernance est assur\u00e9e par ses b\u00e9n\u00e9voles. L&rsquo;Assembl\u00e9e G\u00e9n\u00e9rale Ordinaire se r\u00e9unit chaque ann\u00e9e. <a class=\"more-link\" href=\"https:\/\/www.planete-sciences.org\/aura\/qui-sommes-nous\/lassociation\/\">Lire la suite \u2192<\/a><\/p>\n","protected":false},"author":1,"featured_media":0,"parent":6,"menu_order":0,"comment_status":"closed","ping_status":"closed","template":"","meta":{"footnotes":""},"class_list":["post-788","page","type-page","status-publish","hentry"],"_links":{"self":[{"href":"https:\/\/www.planete-sciences.org\/aura\/wp-json\/wp\/v2\/pages\/788","targetHints":{"allow":["GET"]}}],"collection":[{"href":"https:\/\/www.planete-sciences.org\/aura\/wp-json\/wp\/v2\/pages"}],"about":[{"href":"https:\/\/www.planete-sciences.org\/aura\/wp-json\/wp\/v2\/types\/page"}],"author":[{"embeddable":true,"href":"https:\/\/www.planete-sciences.org\/aura\/wp-json\/wp\/v2\/users\/1"}],"replies":[{"embeddable":true,"href":"https:\/\/www.planete-sciences.org\/aura\/wp-json\/wp\/v2\/comments?post=788"}],"version-history":[{"count":24,"href":"https:\/\/www.planete-sciences.org\/aura\/wp-json\/wp\/v2\/pages\/788\/revisions"}],"predecessor-version":[{"id":2670,"href":"https:\/\/www.planete-sciences.org\/aura\/wp-json\/wp\/v2\/pages\/788\/revisions\/2670"}],"up":[{"embeddable":true,"href":"https:\/\/www.planete-sciences.org\/aura\/wp-json\/wp\/v2\/pages\/6"}],"wp:attachment":[{"href":"https:\/\/www.planete-sciences.org\/aura\/wp-json\/wp\/v2\/media?parent=788"}],"curies":[{"name":"wp","href":"https:\/\/api.w.org\/{rel}","templated":true}]}}