{"id":34,"date":"2016-06-23T09:45:02","date_gmt":"2016-06-23T09:45:02","guid":{"rendered":"http:\/\/monpc-120416357:81\/wordpress\/?page_id=34"},"modified":"2018-02-28T11:45:54","modified_gmt":"2018-02-28T11:45:54","slug":"centres-de-loisir","status":"publish","type":"page","link":"https:\/\/www.planete-sciences.org\/aura\/animations\/centres-de-loisir\/","title":{"rendered":"Centres de loisirs"},"content":{"rendered":"<p>Dans l&rsquo;optique de diffuser la culture scientifique \u00e0 un large public, Plan\u00e8te Sciences Auvergne-Rh\u00f4ne-Alpes intervient dans les centres de loisirs, MJC et les structures \u00e9quivalentes.<\/p>\n<p>De nombreuses animations couvrant nos th\u00e9matiques principales sont propos\u00e9es telles que la construction de fus\u00e9e \u00e0 eau, de boomerang, de robots, etc&#8230;<\/p>\n<p>Ayant le d\u00e9sir de s&rsquo;adapter au mieux \u00e0 vos envies et vos besoins, nous vous encourageons \u00e0 feuilleter notre\u00a0<a href=\"https:\/\/www.planete-sciences.org\/aura\/wp-content\/uploads\/2018\/02\/Catalogue-dactivit\u00e9s-2017-Plan\u00e8te-Sciences-Auvergne-Rh\u00f4ne-Alpes.pdf\">catalogue d&rsquo;activit\u00e9s<\/a> ou <a href=\"https:\/\/www.planete-sciences.org\/aura\/contact\/\">contactez-nous<\/a> pour des animations sur-mesures.<\/p>\n<p><img fetchpriority=\"high\" decoding=\"async\" class=\"aligncenter wp-image-1141 size-medium\" src=\"https:\/\/www.planete-sciences.org\/aura\/wp-content\/uploads\/2018\/01\/Tables-1-300x225.jpg\" alt=\"\" width=\"300\" height=\"225\" srcset=\"https:\/\/www.planete-sciences.org\/aura\/wp-content\/uploads\/2018\/01\/Tables-1-300x225.jpg 300w, https:\/\/www.planete-sciences.org\/aura\/wp-content\/uploads\/2018\/01\/Tables-1-768x576.jpg 768w, https:\/\/www.planete-sciences.org\/aura\/wp-content\/uploads\/2018\/01\/Tables-1-1024x768.jpg 1024w, https:\/\/www.planete-sciences.org\/aura\/wp-content\/uploads\/2018\/01\/Tables-1-350x263.jpg 350w, https:\/\/www.planete-sciences.org\/aura\/wp-content\/uploads\/2018\/01\/Tables-1.jpg 1200w\" sizes=\"(max-width: 300px) 100vw, 300px\" \/><\/p>\n<p>Nous proposons aussi aux structures int\u00e9ress\u00e9es des <a href=\"https:\/\/www.planete-sciences.org\/aura\/formations\/\">formations<\/a> \u00e0 th\u00e8me pour les animateurs d\u00e9sirant encadrer des activit\u00e9s scientifiques.<\/p>\n","protected":false},"excerpt":{"rendered":"<p>Dans l&rsquo;optique de diffuser la culture scientifique \u00e0 un large public, Plan\u00e8te Sciences Auvergne-Rh\u00f4ne-Alpes intervient dans les centres de loisirs, MJC et les structures \u00e9quivalentes. De nombreuses animations couvrant nos <a class=\"more-link\" href=\"https:\/\/www.planete-sciences.org\/aura\/animations\/centres-de-loisir\/\">Lire la suite \u2192<\/a><\/p>\n","protected":false},"author":1,"featured_media":0,"parent":8,"menu_order":0,"comment_status":"closed","ping_status":"closed","template":"","meta":{"footnotes":""},"class_list":["post-34","page","type-page","status-publish","hentry"],"_links":{"self":[{"href":"https:\/\/www.planete-sciences.org\/aura\/wp-json\/wp\/v2\/pages\/34","targetHints":{"allow":["GET"]}}],"collection":[{"href":"https:\/\/www.planete-sciences.org\/aura\/wp-json\/wp\/v2\/pages"}],"about":[{"href":"https:\/\/www.planete-sciences.org\/aura\/wp-json\/wp\/v2\/types\/page"}],"author":[{"embeddable":true,"href":"https:\/\/www.planete-sciences.org\/aura\/wp-json\/wp\/v2\/users\/1"}],"replies":[{"embeddable":true,"href":"https:\/\/www.planete-sciences.org\/aura\/wp-json\/wp\/v2\/comments?post=34"}],"version-history":[{"count":15,"href":"https:\/\/www.planete-sciences.org\/aura\/wp-json\/wp\/v2\/pages\/34\/revisions"}],"predecessor-version":[{"id":1273,"href":"https:\/\/www.planete-sciences.org\/aura\/wp-json\/wp\/v2\/pages\/34\/revisions\/1273"}],"up":[{"embeddable":true,"href":"https:\/\/www.planete-sciences.org\/aura\/wp-json\/wp\/v2\/pages\/8"}],"wp:attachment":[{"href":"https:\/\/www.planete-sciences.org\/aura\/wp-json\/wp\/v2\/media?parent=34"}],"curies":[{"name":"wp","href":"https:\/\/api.w.org\/{rel}","templated":true}]}}