{"id":2374,"date":"2024-02-06T08:58:07","date_gmt":"2024-02-06T08:58:07","guid":{"rendered":"https:\/\/www.planete-sciences.org\/aura\/?page_id=2374"},"modified":"2025-02-20T16:33:07","modified_gmt":"2025-02-20T16:33:07","slug":"club-astronomie","status":"publish","type":"page","link":"https:\/\/www.planete-sciences.org\/aura\/animations\/individuel\/a-grenoble\/club-astronomie\/","title":{"rendered":"Club astronomie &#038; astronautique"},"content":{"rendered":"<p>Le <strong>club astronautique<\/strong>\u00a0a pour objectif de permettre aux jeunes\u00a0<strong>de 7 \u00e0 18 ans<\/strong>\u00a0la d\u00e9couverte, l&rsquo;approfondissement et la pratique de l&rsquo;astronomie et de l&rsquo;a\u00e9ronautique de fa\u00e7on ludique et amusante. Chaque mercredi (hors vacances scolaires et jours f\u00e9ri\u00e9s), les jeunes se travailleront \u00e0 la r\u00e9alisation d\u2019un projet commun ou d&rsquo;ateliers traitant d&rsquo;un domaine particulier en astronomie ou d&rsquo;un domaine touchant la conqu\u00eate de l&rsquo;Espace.<\/p>\n<p><img fetchpriority=\"high\" decoding=\"async\" class=\"alignright wp-image-2378 size-full\" src=\"https:\/\/www.planete-sciences.org\/aura\/wp-content\/uploads\/2024\/02\/20170329-185517.jpg\" alt=\"\" width=\"768\" height=\"432\" \/><\/p>\n<p>&nbsp;<\/p>\n<p>&nbsp;<\/p>\n<p>&nbsp;<\/p>\n<p>&nbsp;<\/p>\n<p>&nbsp;<\/p>\n<p>&nbsp;<\/p>\n<p>&nbsp;<\/p>\n<p>&nbsp;<\/p>\n<p>&nbsp;<\/p>\n<p>&nbsp;<\/p>\n<p>&nbsp;<\/p>\n<p>Ouverture des inscriptions pour le club astronomie et astronautique, c&rsquo;est maintenant !<\/p>\n<div>Au programme ? Conception de fus\u00e9es \u00e0 air comprim\u00e9 pour comprendre la dynamique derri\u00e8re cet acc\u00e8s \u00e0 l&rsquo;espace puis construction de vrai microfus\u00e9es. Conception 3D sur Tinkerkad puis impression 3D d&rsquo;objets pouvant entrer dans la fabrication de fus\u00e9es, de satellite et enfin, nous essayerons de concevoir un picosatellite pour mesurer la temp\u00e9rature, l&rsquo;humidit\u00e9 etc de l&rsquo;air.<\/div>\n<div><\/div>\n<div>Et bien entendu, de l&rsquo;astronomie ! Observation du ciel, confection de maquette, pr\u00e9sentation du syst\u00e8me solaire et diff\u00e9rents th\u00e8me sur l&rsquo;astronomie&#8230; Vos enfants apprendront \u00e0 se servir et \u00e0 r\u00e9gler un t\u00e9lescope ! Alors n&rsquo;h\u00e9sitez pas \u00e0 les inscrire !<\/div>\n<div><\/div>\n<div><\/div>\n<div><a href=\"https:\/\/www.helloasso.com\/associations\/planete-sciences-auvergne-rhone-alpes\/evenements\/club-astronautique-2025-7-10-ans?_gl=1%2a177rto7%2a_gcl_aw%2aR0NMLjE3NDAwNTU1MTQuQ2p3S0NBanczb3FvQmhBakVpd0FfVWFMdHF1WmE3dHVQeXJpYXJhM18tV1FCY2U0VFYtOF9tVmV6OThIUHpPeW5Fb0dQV0I1X2lYTEdob0NGWmdRQXZEX0J3RQ..%2a_gcl_au%2aOTkwNDA4MjgwLjE3MzY1MjUxMTE.\" target=\"_blank\" rel=\"noopener\" data-saferedirecturl=\"https:\/\/www.google.com\/url?q=https:\/\/www.helloasso.com\/associations\/planete-sciences-auvergne-rhone-alpes\/evenements\/club-astronautique-2025-7-10-ans?_gl%3D1%252a177rto7%252a_gcl_aw%252aR0NMLjE3NDAwNTU1MTQuQ2p3S0NBanczb3FvQmhBakVpd0FfVWFMdHF1WmE3dHVQeXJpYXJhM18tV1FCY2U0VFYtOF9tVmV6OThIUHpPeW5Fb0dQV0I1X2lYTEdob0NGWmdRQXZEX0J3RQ..%252a_gcl_au%252aOTkwNDA4MjgwLjE3MzY1MjUxMTE.&amp;source=gmail&amp;ust=1740155174843000&amp;usg=AOvVaw2_7CSJso0xA5L2dINX1q0R\">Club astronautique 7-10 ans (mercredi matin)<\/a><\/div>\n<div><\/div>\n<div><\/div>\n<div><a href=\"https:\/\/www.helloasso.com\/associations\/planete-sciences-auvergne-rhone-alpes\/evenements\/club-astronautique-2025-11-16-ans-et?_gl=1%2aym4uqh%2a_gcl_aw%2aR0NMLjE3NDAwNTU1MTQuQ2p3S0NBanczb3FvQmhBakVpd0FfVWFMdHF1WmE3dHVQeXJpYXJhM18tV1FCY2U0VFYtOF9tVmV6OThIUHpPeW5Fb0dQV0I1X2lYTEdob0NGWmdRQXZEX0J3RQ..%2a_gcl_au%2aOTkwNDA4MjgwLjE3MzY1MjUxMTE.\" target=\"_blank\" rel=\"noopener\" data-saferedirecturl=\"https:\/\/www.google.com\/url?q=https:\/\/www.helloasso.com\/associations\/planete-sciences-auvergne-rhone-alpes\/evenements\/club-astronautique-2025-11-16-ans-et?_gl%3D1%252aym4uqh%252a_gcl_aw%252aR0NMLjE3NDAwNTU1MTQuQ2p3S0NBanczb3FvQmhBakVpd0FfVWFMdHF1WmE3dHVQeXJpYXJhM18tV1FCY2U0VFYtOF9tVmV6OThIUHpPeW5Fb0dQV0I1X2lYTEdob0NGWmdRQXZEX0J3RQ..%252a_gcl_au%252aOTkwNDA4MjgwLjE3MzY1MjUxMTE.&amp;source=gmail&amp;ust=1740155174843000&amp;usg=AOvVaw1FCso8_9MS6A68gu8vyQoQ\">Club astronautique 11-18 ans (mercredi apr\u00e8s midi)<\/a><\/div>\n<div><\/div>\n<div><\/div>\n<p>Deux clubs ind\u00e9pendants se r\u00e9uniront dans\u00a0<a href=\"https:\/\/www.planete-sciences.org\/aura\/contact\/\">nos locaux<\/a>\u00a0\u00e0 Grenoble :<\/p>\n<p>&nbsp;<\/p>\n<ul>\n<li>l\u2019une les mercredis matins, de 10h \u00e0 12h (6-10 ans)<\/li>\n<li>l\u2019autre les mercredis apr\u00e8s-midis, de 14h \u00e0 16h (10-18 ans)<\/li>\n<li><\/li>\n<\/ul>\n<blockquote><p>&gt;&gt; Premi\u00e8re date : mercredi 12 mars 2025 !<\/p><\/blockquote>\n<p>&nbsp;<\/p>\n<p>Le tarif est de 145 \u20ac\u00a0pour le semestre (d\u00e9but mars \u00e0 fin juin)<\/p>\n","protected":false},"excerpt":{"rendered":"<p>Le club astronautique\u00a0a pour objectif de permettre aux jeunes\u00a0de 7 \u00e0 18 ans\u00a0la d\u00e9couverte, l&rsquo;approfondissement et la pratique de l&rsquo;astronomie et de l&rsquo;a\u00e9ronautique de fa\u00e7on ludique et amusante. Chaque mercredi <a class=\"more-link\" href=\"https:\/\/www.planete-sciences.org\/aura\/animations\/individuel\/a-grenoble\/club-astronomie\/\">Lire la suite \u2192<\/a><\/p>\n","protected":false},"author":1,"featured_media":0,"parent":877,"menu_order":0,"comment_status":"closed","ping_status":"closed","template":"","meta":{"footnotes":""},"class_list":["post-2374","page","type-page","status-publish","hentry"],"_links":{"self":[{"href":"https:\/\/www.planete-sciences.org\/aura\/wp-json\/wp\/v2\/pages\/2374","targetHints":{"allow":["GET"]}}],"collection":[{"href":"https:\/\/www.planete-sciences.org\/aura\/wp-json\/wp\/v2\/pages"}],"about":[{"href":"https:\/\/www.planete-sciences.org\/aura\/wp-json\/wp\/v2\/types\/page"}],"author":[{"embeddable":true,"href":"https:\/\/www.planete-sciences.org\/aura\/wp-json\/wp\/v2\/users\/1"}],"replies":[{"embeddable":true,"href":"https:\/\/www.planete-sciences.org\/aura\/wp-json\/wp\/v2\/comments?post=2374"}],"version-history":[{"count":13,"href":"https:\/\/www.planete-sciences.org\/aura\/wp-json\/wp\/v2\/pages\/2374\/revisions"}],"predecessor-version":[{"id":2499,"href":"https:\/\/www.planete-sciences.org\/aura\/wp-json\/wp\/v2\/pages\/2374\/revisions\/2499"}],"up":[{"embeddable":true,"href":"https:\/\/www.planete-sciences.org\/aura\/wp-json\/wp\/v2\/pages\/877"}],"wp:attachment":[{"href":"https:\/\/www.planete-sciences.org\/aura\/wp-json\/wp\/v2\/media?parent=2374"}],"curies":[{"name":"wp","href":"https:\/\/api.w.org\/{rel}","templated":true}]}}