{"id":88,"date":"2011-11-19T14:29:23","date_gmt":"2011-11-19T13:29:23","guid":{"rendered":"http:\/\/www.planete-sciences.org\/blogs\/defissolaires\/?page_id=88"},"modified":"2021-12-01T16:30:11","modified_gmt":"2021-12-01T15:30:11","slug":"inscriptions","status":"publish","type":"page","link":"http:\/\/www.planete-sciences.org\/blogs\/defissolaires\/edition-courante\/inscriptions\/","title":{"rendered":"Inscriptions"},"content":{"rendered":"<h2 style=\"text-align: center\"><span style=\"color: #000080\">Les inscriptions pour les D\u00e9fis Solaires 2021-2022<\/span><\/h2>\n<h2 style=\"text-align: center\"><span style=\"color: #000080\">sont ouvertes !<br \/><\/span><\/h2>\n<p style=\"text-align: center\">Merci de bien vouloir vous impr\u00e9gner des cahiers des charges en fonction de votre cat\u00e9gorie (Filoguid\u00e9 ou Radiocommand\u00e9).<\/p>\n<p style=\"text-align: center\">Vous trouverez ces documents<a href=\"http:\/\/www.planete-sciences.org\/blogs\/defissolaires\/edition-courante\/reglement\/\" target=\"_blank\" rel=\"noopener noreferrer\"> ici<\/a>.<\/p>\n<p style=\"text-align: center\">Merci de bien vouloir remplir le formulaire ci-dessous :<\/p>\n\n\t\t<div id=\"usermessagea\" class=\"cf_info \"><\/div>\n\t\t<form enctype=\"multipart\/form-data\" action=\"\/blogs\/defissolaires\/wp-json\/wp\/v2\/pages\/88#usermessagea\" method=\"post\" class=\"cform inscription \" id=\"cformsform\">\n\t\t<fieldset class=\"cf-fs1\">\n\t\t<legend>Vos coordonn\u00e9es<\/legend>\n\t\t<ol class=\"cf-ol\">\n\t\t\t<li id=\"li--2\" class=\"\"><label for=\"cf_field_2\"><span>Cat\u00e9gorie<\/span><\/label><select name=\"cf_field_2\" id=\"cf_field_2\" class=\"cformselect fldrequired\" >\n\t\t\t\t<option value=\"Ecole\">Ecole<\/option>\n\t\t\t\t<option value=\"Coll\u00e8ge\">Coll\u00e8ge<\/option>\n\t\t\t\t<option value=\"Lyc\u00e9e\">Lyc\u00e9e<\/option>\n\t\t\t\t<option value=\"Centre de loisirs\">Centre de loisirs<\/option>\n\t\t\t\t<option value=\"Loisir\">Loisir<\/option>\n\t\t\t<\/select><span class=\"reqtxt\">(Obligatoire)<\/span><\/li>\n\t\t\t<li id=\"li--3\" class=\"\"><label for=\"cf_field_3\"><span>Nom<\/span><\/label><input type=\"text\" name=\"cf_field_3\" id=\"cf_field_3\" class=\"single fldrequired\" value=\"\"\/><span class=\"reqtxt\">(Obligatoire)<\/span><\/li>\n\t\t\t<li id=\"li--4\" class=\"\"><label for=\"cf_field_4\"><span>Pr\u00e9nom<\/span><\/label><input type=\"text\" name=\"cf_field_4\" id=\"cf_field_4\" class=\"single fldrequired\" value=\"\"\/><span class=\"reqtxt\">(Obligatoire)<\/span><\/li>\n\t\t\t<li id=\"li--5\" class=\"\"><label for=\"cf_field_5\"><span>T\u00e9l\u00e9phone pour contact direct<\/span><\/label><input type=\"text\" name=\"cf_field_5\" id=\"cf_field_5\" class=\"single fldrequired\" value=\"\"\/><span class=\"reqtxt\">(Obligatoire)<\/span><\/li>\n\t\t\t<li id=\"li--6\" class=\"\"><label for=\"cf_field_6\"><span>Email<\/span><\/label><input type=\"text\" name=\"cf_field_6\" id=\"cf_field_6\" class=\"single fldemail fldrequired\" value=\"\" title=\" Nous utiliserons cette adresse pour \u00e9changer avec vous les documents et les informations n\u00e9cessaires au bon d\u00e9roulement des projets. Cette adresse ne sera pas publi\u00e9e sur notre site.\"\/><span class=\"emailreqtxt\">(email unique par inscription)<\/span><\/li>\n\t\t\t<li id=\"li--7\" class=\"\"><label for=\"cf_field_7\"><span>Nom de l'\u00e9tablissement<\/span><\/label><input type=\"text\" name=\"cf_field_7\" id=\"cf_field_7\" class=\"single fldrequired\" value=\"\"\/><span class=\"reqtxt\">(Obligatoire)<\/span><\/li>\n\t\t\t<li id=\"li--8\" class=\"\"><label for=\"cf_field_8\"><span>Adresse \u00e9tablissement<\/span><\/label><textarea cols=\"30\" rows=\"8\" name=\"cf_field_8\" id=\"cf_field_8\" class=\"area fldrequired\"><\/textarea><span class=\"reqtxt\">(Obligatoire)<\/span><\/li>\n\t\t\t<li id=\"li--9\" class=\"\"><label for=\"cf_field_9\"><span>Code postal<\/span><\/label><input type=\"text\" name=\"cf_field_9\" id=\"cf_field_9\" class=\"single fldrequired\" value=\"\"\/><input type=\"hidden\" name=\"cf_field_9_regexp\" id=\"cf_field_9_regexp\" value=\"^(2[ab]|0[1-9]|[1-9][0-9])[0-9]{3}$\"\/><span class=\"reqtxt\">(Obligatoire)<\/span><\/li>\n\t\t\t<li id=\"li--10\" class=\"\"><label for=\"cf_field_10\"><span>Ville<\/span><\/label><input type=\"text\" name=\"cf_field_10\" id=\"cf_field_10\" class=\"single fldrequired\" value=\"\"\/><span class=\"reqtxt\">(Obligatoire)<\/span><\/li>\n\t\t\t<li id=\"li--11\" class=\"\"><label for=\"cf_field_11\"><span>Tranche d'\u00e2ge ou niveau scolaire<\/span><\/label><input type=\"text\" name=\"cf_field_11\" id=\"cf_field_11\" class=\"single fldrequired\" value=\"\"\/><span class=\"reqtxt\">(Obligatoire)<\/span><\/li>\n\t\t\t<li id=\"li--12\" class=\"\"><label for=\"cf_field_12\"><span>Nombre de participants<\/span><\/label><input type=\"text\" name=\"cf_field_12\" id=\"cf_field_12\" class=\"single fldrequired\" value=\"\"\/><span class=\"reqtxt\">(Obligatoire)<\/span><\/li>\n\t\t\t<li id=\"li--13\" class=\"\"><label for=\"cf_field_13\"><span>Nom de l'\u00e9quipe<\/span><\/label><input type=\"text\" name=\"cf_field_13\" id=\"cf_field_13\" class=\"single fldrequired\" value=\"\"\/><span class=\"reqtxt\">(Obligatoire)<\/span><\/li>\n\t\t\t<li id=\"li--14\" class=\"\"><label for=\"cf_field_14\"><span>Fr\u00e9quence radio choisie<\/span><\/label><input type=\"text\" name=\"cf_field_14\" id=\"cf_field_14\" class=\"single\" value=\"\"\/><\/li>\n\t\t<\/ol>\n\t\t<\/fieldset>\n\t\t<fieldset class=\"cf-fs2\">\n\t\t<legend>Besoins Mat\u00e9riel<\/legend>\n\t\t<ol class=\"cf-ol\">\n\t\t\t<li id=\"li--16\" class=\"\"><label for=\"cf_field_16\"><span>Nombre de kits solaires* pour les niveaux primaires<\/span><\/label><select name=\"cf_field_16\" id=\"cf_field_16\" class=\"cformselect fldrequired\" >\n\t\t\t\t<option value=\"0\">0<\/option>\n\t\t\t\t<option value=\"1\">1<\/option>\n\t\t\t\t<option value=\"2\">2<\/option>\n\t\t\t<\/select><span class=\"reqtxt\">(Obligatoire)<\/span><\/li>\n\t\t\t<li id=\"li--17\" class=\"\"><label for=\"cf_field_17\"><span>Nombre de cellules solaires pour les v\u00e9hicules radiocommand\u00e9s<\/span><\/label><input type=\"text\" name=\"cf_field_17\" id=\"cf_field_17\" class=\"single fldrequired\" value=\"\"\/><span class=\"reqtxt\">(Obligatoire)<\/span><\/li>\n\t\t\t<li id=\"li--18\" class=\"textonly\" style=\"font-size:10px; font-style: italic ;text-align:left;\" >*Le kit solaire comprend une cellule, un moteur et un condensateur.Il est mis \u00e0 disposition gracieusement par les organisateurs.<\/li>\n\t\t\t<li id=\"li--19\" class=\"\"><label for=\"cforms_captcha\" class=\"seccap\"><span>Recopier le champ affich\u00e9<\/span><\/label><input type=\"text\" name=\"cforms_captcha\" id=\"cforms_captcha\" class=\"secinput\" value=\"\"\/><img id=\"cf_captcha_img\" class=\"captcha\" src=\"http:\/\/www.planete-sciences.org\/blogs\/defissolaires\/wp-content\/plugins\/cforms\/cforms-captcha.php?ts=\" alt=\"\"\/><a title=\"reset captcha image\" href=\"javascript:reset_captcha('')\"><img class=\"captcha-reset\" src=\"http:\/\/www.planete-sciences.org\/blogs\/defissolaires\/wp-content\/plugins\/cforms\/images\/spacer.gif\" alt=\"Captcha\"\/><\/a><\/li>\n\t\t<\/ol>\n\t\t<\/fieldset>\n\t\t<fieldset class=\"cf_hidden\">\n\t\t\t<legend>&nbsp;<\/legend>\n\t\t\t<input type=\"hidden\" name=\"cf_working\" id=\"cf_working\" value=\"<span>Veuillez%20patienter...<\/span>\"\/>\n\t\t\t<input type=\"hidden\" name=\"cf_failure\" id=\"cf_failure\" value=\"<span>Merci%20de%20remplir%20les%20champs%20obligatoires<\/span>\"\/>\n\t\t\t<input type=\"hidden\" name=\"cf_codeerr\" id=\"cf_codeerr\" value=\"<span>Please%20double-check%20your%20verification%20code.<\/span>\"\/>\n\t\t\t<input type=\"hidden\" name=\"cf_customerr\" id=\"cf_customerr\" value=\"yyy\"\/>\n\t\t\t<input type=\"hidden\" name=\"cf_popup\" id=\"cf_popup\" value=\"nn\"\/>\n\t\t<\/fieldset>\n\t\t<p class=\"cf-sb\"><input type=\"submit\" name=\"sendbutton\" id=\"sendbutton\" class=\"sendbutton\" value=\"Envoyer Inscription\"\/><\/p><\/form><p class=\"linklove\" id=\"ll\"><a href=\"http:\/\/www.deliciousdays.com\/cforms-plugin\"><em>cforms<\/em> contact form by delicious:days<\/a><\/p>\n\n\n<p><\/p>\n","protected":false},"excerpt":{"rendered":"<p>Les inscriptions pour les D\u00e9fis Solaires 2021-2022 sont ouvertes ! Merci de bien vouloir vous impr\u00e9gner des cahiers des charges en fonction de votre cat\u00e9gorie (Filoguid\u00e9 ou Radiocommand\u00e9). Vous trouverez ces documents ici. Merci de bien vouloir remplir le formulaire ci-dessous : Vos coordonn\u00e9es Cat\u00e9gorie Ecole Coll\u00e8ge Lyc\u00e9e Centre de loisirs Loisir (Obligatoire) Nom(Obligatoire) Pr\u00e9nom(Obligatoire) [&hellip;]<\/p>\n","protected":false},"author":1,"featured_media":0,"parent":971,"menu_order":6,"comment_status":"closed","ping_status":"closed","template":"","meta":[],"_links":{"self":[{"href":"http:\/\/www.planete-sciences.org\/blogs\/defissolaires\/wp-json\/wp\/v2\/pages\/88"}],"collection":[{"href":"http:\/\/www.planete-sciences.org\/blogs\/defissolaires\/wp-json\/wp\/v2\/pages"}],"about":[{"href":"http:\/\/www.planete-sciences.org\/blogs\/defissolaires\/wp-json\/wp\/v2\/types\/page"}],"author":[{"embeddable":true,"href":"http:\/\/www.planete-sciences.org\/blogs\/defissolaires\/wp-json\/wp\/v2\/users\/1"}],"replies":[{"embeddable":true,"href":"http:\/\/www.planete-sciences.org\/blogs\/defissolaires\/wp-json\/wp\/v2\/comments?post=88"}],"version-history":[{"count":36,"href":"http:\/\/www.planete-sciences.org\/blogs\/defissolaires\/wp-json\/wp\/v2\/pages\/88\/revisions"}],"predecessor-version":[{"id":3565,"href":"http:\/\/www.planete-sciences.org\/blogs\/defissolaires\/wp-json\/wp\/v2\/pages\/88\/revisions\/3565"}],"up":[{"embeddable":true,"href":"http:\/\/www.planete-sciences.org\/blogs\/defissolaires\/wp-json\/wp\/v2\/pages\/971"}],"wp:attachment":[{"href":"http:\/\/www.planete-sciences.org\/blogs\/defissolaires\/wp-json\/wp\/v2\/media?parent=88"}],"curies":[{"name":"wp","href":"https:\/\/api.w.org\/{rel}","templated":true}]}}