{"id":3399,"date":"2020-11-03T08:59:19","date_gmt":"2020-11-03T07:59:19","guid":{"rendered":"http:\/\/www.planete-sciences.org\/blogs\/defissolaires\/?page_id=3399"},"modified":"2021-12-01T15:58:30","modified_gmt":"2021-12-01T14:58:30","slug":"gard-herault","status":"publish","type":"page","link":"http:\/\/www.planete-sciences.org\/blogs\/defissolaires\/edition-courante\/les-departements\/gard-herault\/","title":{"rendered":"L&rsquo;H\u00e9rault"},"content":{"rendered":"\n<div class=\"wp-block-image\"><figure class=\"aligncenter size-large\"><img loading=\"lazy\" width=\"1000\" height=\"623\" src=\"http:\/\/www.planete-sciences.org\/blogs\/defissolaires\/wp-content\/uploads\/2020\/11\/Logo-PSO-couleur-V2-1000x623.jpg\" alt=\"\" class=\"wp-image-3400\" srcset=\"http:\/\/www.planete-sciences.org\/blogs\/defissolaires\/wp-content\/uploads\/2020\/11\/Logo-PSO-couleur-V2-1000x623.jpg 1000w, http:\/\/www.planete-sciences.org\/blogs\/defissolaires\/wp-content\/uploads\/2020\/11\/Logo-PSO-couleur-V2-300x187.jpg 300w, http:\/\/www.planete-sciences.org\/blogs\/defissolaires\/wp-content\/uploads\/2020\/11\/Logo-PSO-couleur-V2-768x478.jpg 768w, http:\/\/www.planete-sciences.org\/blogs\/defissolaires\/wp-content\/uploads\/2020\/11\/Logo-PSO-couleur-V2.jpg 1291w\" sizes=\"(max-width: 1000px) 100vw, 1000px\" \/><\/figure><\/div>\n\n\n\n<p><strong>Plan\u00e8te Sciences Occitanie, c\u2019est une association qui :<\/strong><\/p>\n\n\n\n<ul><li>intervient dans le domaine de la culture scientifique,\ntechnique et industrielle (CSTI) pour les &nbsp;enfants et jeunes, plus particuli\u00e8rement en en\nincitant \u00e0 d\u00e9couvrir les activit\u00e9s scientifiques par la pratique exp\u00e9rimentale\net la m\u00e9thode de projets,<\/li><li>est implant\u00e9e \u00e0 Ramonville Saint-Agne (31) avec un\nfort soutien de la municipalit\u00e9, et \u00e0 une antenne pour les d\u00e9partements du Gard\net de l\u2019H\u00e9rault <\/li><li>op\u00e8re sur l\u2019ensemble de la r\u00e9gion Occitanie, en tant\nque d\u00e9l\u00e9gation r\u00e9gionale de l\u2019association Plan\u00e8te sciences.<\/li><li>a re\u00e7u le prix jeunes d\u00e9cern\u00e9 par l\u2019association des\namis de la Cit\u00e9 de l\u2019espace.<\/li><\/ul>\n\n\n\n<p><strong>Plan\u00e8te Sciences Occitanie, c\u2019est d\u2019abord des hommes\net des femmes :<\/strong><\/p>\n\n\n\n<ul><li>600 adh\u00e9rents, dont 55 structures ou clubs,<\/li><li>une \u00e9quipe de 50 b\u00e9n\u00e9voles fortement impliqu\u00e9s,<\/li><li>une \u00e9quipe op\u00e9rationnelle de 14 salari\u00e9s et plus de 70\nvacataires (15 \u00e9quivalents plein-temps)\u2026<\/li><\/ul>\n\n\n\n<p><strong>Plan\u00e8te Sciences Occitanie propose les activit\u00e9s\nsuivantes :<\/strong><\/p>\n\n\n\n<ul><li>des ateliers et op\u00e9rations scolaires : un ballon pour\nl\u2019\u00e9cole, une mini-fus\u00e9e au coll\u00e8ge, coll\u00e8ges et lyc\u00e9es de nuit, le sang bleu de\nla Terre\u2026<\/li><li>des centres de vacances et de loisirs : pendant l\u2019\u00e9t\u00e9,\nles petites vacances et les mercredis apr\u00e8s-midi, animations itin\u00e9rantes\u2026<\/li><li>des op\u00e9rations grand public : F\u00eate de l\u2019espace, F\u00eate\nde la science, Expo-sciences, Nuit des \u00e9toiles, Coupes et troph\u00e9es de robotique,\n\u2026<\/li><li>des formations : BAFA, stages techniques, agr\u00e9ments\nmicro-fus\u00e9es, \u2026<\/li><li>dans les domaines de l\u2019espace (fus\u00e9es,\nballons-sondes), de l\u2019astronomie, de la robotique, de l\u2019environnement, de la\nm\u00e9t\u00e9orologie et des \u00e9nergies.<\/li><\/ul>\n\n\n\n<p>Pour en savoir plus&nbsp;: <a href=\"http:\/\/www.planete-sciences.org\/occitanie\">http:\/\/www.planete-sciences.org\/occitanie<\/a> <\/p>\n\n\n\n<p><strong>Les \u00e9ditions pr\u00e9c\u00e9dentes :<\/strong><\/p>\n\n\n\n<p>Soutenu par le Conseil D\u00e9partementale du Gard, les &nbsp;4 et 5 juin 2019 se sont tenues les qualifications de d\u00e9fis solaires Gardois et la finale a eu lieu le 5 juin 2019 au coll\u00e8ge Les Oliviers de N\u00eemes. Une centaine de projets ont concouru lors de ces grandes journ\u00e9es des D\u00e9fis Solaires 2019 !&nbsp; Comme dans beaucoup de d\u00e9partement les qualifications et les finales ont \u00e9t\u00e9 report\u00e9es de mai&nbsp; 2020 \u00e0 novembre 2020, \u00e0 cause de la pand\u00e9mie du COVID 19. Une version minimale se d\u00e9roulera quand m\u00eame dans les \u00e9tablissements scolaires pour valoriser le travail des \u00e9l\u00e8ves.  <\/p>\n\n\n\n<p><strong>Les inscriptions : <\/strong><\/p>\n\n\n\n<p>Pour faire partie de l\u2019aventure des D\u00e9fis Solaires 2021-22, vous pouvez vous inscrire \u00e0 cette adresse&nbsp;: <a href=\"mailto:michel.houques@planete-sciences.org\">michel.houques@planete-sciences.org<\/a><\/p>\n\n\n\n<p>Pour tout renseignement compl\u00e9mentaire, vous pouvez contacter Michel Houques, coordinateur du Gard\/H\u00e9rault (<a href=\"mailto:michel.houques@planete-sciences.org\">michel.houques@planete-sciences.org<\/a>) <\/p>\n","protected":false},"excerpt":{"rendered":"<p>Plan\u00e8te Sciences Occitanie, c\u2019est une association qui : intervient dans le domaine de la culture scientifique, technique et industrielle (CSTI) pour les &nbsp;enfants et jeunes, plus particuli\u00e8rement en en incitant \u00e0 d\u00e9couvrir les activit\u00e9s scientifiques par la pratique exp\u00e9rimentale et la m\u00e9thode de projets, est implant\u00e9e \u00e0 Ramonville Saint-Agne (31) avec un fort soutien de [&hellip;]<\/p>\n","protected":false},"author":427,"featured_media":0,"parent":3377,"menu_order":0,"comment_status":"closed","ping_status":"closed","template":"","meta":[],"_links":{"self":[{"href":"http:\/\/www.planete-sciences.org\/blogs\/defissolaires\/wp-json\/wp\/v2\/pages\/3399"}],"collection":[{"href":"http:\/\/www.planete-sciences.org\/blogs\/defissolaires\/wp-json\/wp\/v2\/pages"}],"about":[{"href":"http:\/\/www.planete-sciences.org\/blogs\/defissolaires\/wp-json\/wp\/v2\/types\/page"}],"author":[{"embeddable":true,"href":"http:\/\/www.planete-sciences.org\/blogs\/defissolaires\/wp-json\/wp\/v2\/users\/427"}],"replies":[{"embeddable":true,"href":"http:\/\/www.planete-sciences.org\/blogs\/defissolaires\/wp-json\/wp\/v2\/comments?post=3399"}],"version-history":[{"count":4,"href":"http:\/\/www.planete-sciences.org\/blogs\/defissolaires\/wp-json\/wp\/v2\/pages\/3399\/revisions"}],"predecessor-version":[{"id":3553,"href":"http:\/\/www.planete-sciences.org\/blogs\/defissolaires\/wp-json\/wp\/v2\/pages\/3399\/revisions\/3553"}],"up":[{"embeddable":true,"href":"http:\/\/www.planete-sciences.org\/blogs\/defissolaires\/wp-json\/wp\/v2\/pages\/3377"}],"wp:attachment":[{"href":"http:\/\/www.planete-sciences.org\/blogs\/defissolaires\/wp-json\/wp\/v2\/media?parent=3399"}],"curies":[{"name":"wp","href":"https:\/\/api.w.org\/{rel}","templated":true}]}}