{"id":134,"date":"2012-01-02T14:02:13","date_gmt":"2012-01-02T13:02:13","guid":{"rendered":"http:\/\/www.planete-sciences.org\/blogs\/defissolaires\/accueil\/deroulement\/colleges-2\/"},"modified":"2020-11-03T09:37:19","modified_gmt":"2020-11-03T08:37:19","slug":"colleges-2","status":"publish","type":"page","link":"http:\/\/www.planete-sciences.org\/blogs\/defissolaires\/les-defis\/deroulement\/colleges-2\/","title":{"rendered":"D\u00e9roulement D\u00e9fis Radiocommand\u00e9s &#8211; Courses Lyc\u00e9es"},"content":{"rendered":"<h3 style=\"text-align: center;\"><span style=\"color: #000080;\">Samedi 29 Mai &#8211; COURSE DES LYCEES<\/span><\/h3>\n<p><strong>ACCUEIL &amp; PREPARATION<\/strong><\/p>\n<p>&#8211; Accueil des concurrents \u00e0 partir de \u00a008h30.<br \/>\n&#8211; Contr\u00f4le des v\u00e9hicules de 9h00 \u00e0 11h00.<\/p>\n<p><strong>EPREUVE DE PILOTAGE<\/strong><br \/>\n&#8211; Epreuves de pilotage de 11h00 \u00e0 12h30.<\/p>\n<p><strong>EPREUVE D&rsquo;ENDURANCE<\/strong><br \/>\n&#8211; Charge des v\u00e9hicules au Soleil 13h30 \u00e0 14h00.<br \/>\n&#8211; Course d&rsquo;endurance de 14h00 \u00e0 18h00.<\/p>\n<p><strong>RESULTATS<\/strong><br \/>\n&#8211; Remise des r\u00e9compenses \u00e0 18h30.<\/p>\n<p><a href=\"..\/accueil\/deroulement\/deroulement\/\">Retour<\/a><\/p>\n","protected":false},"excerpt":{"rendered":"<p>Samedi 29 Mai &#8211; COURSE DES LYCEES ACCUEIL &amp; PREPARATION &#8211; Accueil des concurrents \u00e0 partir de \u00a008h30. &#8211; Contr\u00f4le des v\u00e9hicules de 9h00 \u00e0 11h00. EPREUVE DE PILOTAGE &#8211; Epreuves de pilotage de 11h00 \u00e0 12h30. EPREUVE D&rsquo;ENDURANCE &#8211; Charge des v\u00e9hicules au Soleil 13h30 \u00e0 14h00. &#8211; Course d&rsquo;endurance de 14h00 \u00e0 18h00. [&hellip;]<\/p>\n","protected":false},"author":10,"featured_media":0,"parent":17,"menu_order":2,"comment_status":"open","ping_status":"open","template":"","meta":[],"_links":{"self":[{"href":"http:\/\/www.planete-sciences.org\/blogs\/defissolaires\/wp-json\/wp\/v2\/pages\/134"}],"collection":[{"href":"http:\/\/www.planete-sciences.org\/blogs\/defissolaires\/wp-json\/wp\/v2\/pages"}],"about":[{"href":"http:\/\/www.planete-sciences.org\/blogs\/defissolaires\/wp-json\/wp\/v2\/types\/page"}],"author":[{"embeddable":true,"href":"http:\/\/www.planete-sciences.org\/blogs\/defissolaires\/wp-json\/wp\/v2\/users\/10"}],"replies":[{"embeddable":true,"href":"http:\/\/www.planete-sciences.org\/blogs\/defissolaires\/wp-json\/wp\/v2\/comments?post=134"}],"version-history":[{"count":5,"href":"http:\/\/www.planete-sciences.org\/blogs\/defissolaires\/wp-json\/wp\/v2\/pages\/134\/revisions"}],"predecessor-version":[{"id":3412,"href":"http:\/\/www.planete-sciences.org\/blogs\/defissolaires\/wp-json\/wp\/v2\/pages\/134\/revisions\/3412"}],"up":[{"embeddable":true,"href":"http:\/\/www.planete-sciences.org\/blogs\/defissolaires\/wp-json\/wp\/v2\/pages\/17"}],"wp:attachment":[{"href":"http:\/\/www.planete-sciences.org\/blogs\/defissolaires\/wp-json\/wp\/v2\/media?parent=134"}],"curies":[{"name":"wp","href":"https:\/\/api.w.org\/{rel}","templated":true}]}}