{"id":2,"date":"2012-09-22T18:51:21","date_gmt":"2012-09-22T16:51:21","guid":{"rendered":"http:\/\/www.planete-sciences.org\/blogs\/defissolaires\/dstemplate\/?page_id=2"},"modified":"2019-05-23T15:50:30","modified_gmt":"2019-05-23T13:50:30","slug":"etape1","status":"publish","type":"page","link":"http:\/\/www.planete-sciences.org\/blogs\/defissolaires\/2019_ly_lgtmirepoix3\/etape1\/","title":{"rendered":"1: Pr\u00e9sentation de l&rsquo;\u00e9quipe"},"content":{"rendered":"<h2 style=\"text-align: center\"><a href=\"http:\/\/www.planete-sciences.org\/blogs\/defissolaires\/dstemplate-everest\/files\/2011\/09\/en-construction.gif\"><img loading=\"lazy\" class=\"aligncenter wp-image-164\" title=\"en-construction\" src=\"http:\/\/www.planete-sciences.org\/blogs\/defissolaires\/dstemplate-everest\/files\/2011\/09\/en-construction.gif\" alt=\"\" width=\"339\" height=\"258\" srcset=\"http:\/\/www.planete-sciences.org\/blogs\/defissolaires\/2019_ly_lgtmirepoix3\/files\/2011\/09\/en-construction.gif 339w, http:\/\/www.planete-sciences.org\/blogs\/defissolaires\/2019_ly_lgtmirepoix3\/files\/2011\/09\/en-construction-300x228.gif 300w\" sizes=\"(max-width: 339px) 100vw, 339px\" \/><\/a><\/h2>\n<div class=\"alert info\">Eliminer l&rsquo;image en construction une fois cette \u00e9tape compl\u00e9t\u00e9e pour pouvoir passer \u00e0 l&rsquo;\u00e9tape suivante.<\/div>\n<h1 style=\"text-align: center\"><a title=\"Permanent Link to Etape 1 \u2013 Pr\u00e9sentation du Cahier des charges \/ Lancement du projet\" href=\"http:\/\/www.planete-sciences.org\/blogs\/defissolaires\/dstemplate\/etape1\/\" rel=\"bookmark\">Pr\u00e9sentation du Cahier des charges<\/a><\/h1>\n<h1 style=\"text-align: center\"><a title=\"Permanent Link to Etape 1 \u2013 Pr\u00e9sentation du Cahier des charges \/ Lancement du projet\" href=\"http:\/\/www.planete-sciences.org\/blogs\/defissolaires\/dstemplate\/etape1\/\" rel=\"bookmark\"> Lancement du projet<\/a><\/h1>\n<p>&nbsp;<\/p>\n<h2>Objectifs de cette \u00e9tape\u00a0:<\/h2>\n<blockquote>\n<ul>\n<li><strong><span style=\"color: #ff6600\">Identifier les repr\u00e9sentations des \u00e9l\u00e8ves sur les \u00e9nergies renouvelables en particulier l<strong>\u2019<\/strong>\u00e9nergie solaire et photovolta\u00efque ;<\/span><\/strong><\/li>\n<li><strong><span style=\"color: #ff6600\">Poser la\/les questions essentielles de l\u2019op\u00e9ration\u00a0;<\/span><\/strong><\/li>\n<li><strong><span style=\"color: #ff6600\">Lancer la r\u00e9flexion aupr\u00e8s des \u00e9l\u00e8ves sur les diff\u00e9rentes pistes de constructions du v\u00e9hicule apr\u00e8s lecture du cahier des charges.<\/span><\/strong><\/li>\n<\/ul>\n<\/blockquote>\n<h3><strong>1. <\/strong><strong>Objectifs atteints<\/strong><\/h3>\n<p>A REMPLIR<\/p>\n<p>&nbsp;<\/p>\n<h3><strong>2. Illustrations<\/strong><\/h3>\n<p>A REMPLIR<\/p>\n<p>&nbsp;<\/p>\n<h3><strong>3. D\u00e9roulement<\/strong> (Exp\u00e9riences, sortie, rencontres, recherches, etc.)<\/h3>\n<p>A REMPLIR<\/p>\n<p>&nbsp;<\/p>\n<h3><strong>4. Appr\u00e9ciation du groupe<\/strong><\/h3>\n<p>A REMPLIR<\/p>\n<p>&nbsp;<\/p>\n<h3><strong>5. Autres commentaires <\/strong>(questions aux suiveurs, perspectives)<\/h3>\n<p>A REMPLIR<\/p>\n<p>&nbsp;<\/p>\n<h2>Introduction :<\/h2>\n<p>Nous sommes 4 \u00e9l\u00e8ves de premi\u00e8re S SI ayant choisi de faire une voiture t\u00e9l\u00e9command\u00e9e fonctionnant \u00e0 l&rsquo;\u00e9nergie solaire pour notre TPE. Raison pour laquelle nous participons donc au d\u00e9fi solaire.<\/p>\n<p>2 d&rsquo;entre nous avons d\u00e9j\u00e0 particip\u00e9 \u00e0 ce concours en ayant fait une voiture t\u00e9l\u00e9comand\u00e9e en Seconde en Enseignement d&rsquo;Exploration Science de l&rsquo;Ign\u00e9nieur et Cr\u00e9ation et Innovation Technologique (SI et CIT), notre \u00e9quipe s&rsquo;appelait d&rsquo;ailleurs SICIT (ou aussi Nucalabox pour ceux qui nous auraient vu avec les T-shirts).<\/p>\n<p>Cette ann\u00e9e, nous revenons, encore plus exp\u00e9riment\u00e9s que l&rsquo;ann\u00e9e pr\u00e9c\u00e9dente, sachant comment am\u00e9liorer les d\u00e9fauts de notre ancien v\u00e9hicule.<\/p>\n<p>&nbsp;<\/p>\n<h2>Les d\u00e9buts:<\/h2>\n<p>Pour les premi\u00e8res s\u00e9ances, nous nous sommes tr\u00e8s vite organis\u00e9s :<\/p>\n<p>Nous nous sommes chacun r\u00e9partis des taches diff\u00e9rentes,\u00a0 Avons trouv\u00e9 un nom d&rsquo;\u00e9quipe : Delta Project! (pour l&rsquo;anecdote, le nom de base devait \u00eatre \u00ab\u00a0Unnamed Delta Project\u00a0\u00bb mais ce nom \u00e9tait trop long) Nous avons \u00e9galement commenc\u00e9 \u00e0 coop\u00e9rer dans le travail notamment en cr\u00e9ant un Google Drive pour \u00eatre tenu au courant de l&rsquo;avanc\u00e9s de chacun. Nous nous sommes vite mit \u00e0 prendre en compte le cahier des charges pour \u00e9viter toute erreur notamment sur les dimension du v\u00e9hicule par exemple. Pour finir, nous avons trouv\u00e9 une multitude d&rsquo;id\u00e9es concernant la Funny Action, mais ces infos resteront confidentielles jusqu&rsquo;au jour-J.<\/p>\n<p>&nbsp;<\/p>\n<h2>De ce fait, nous avons commenc\u00e9 des tests:<\/h2>\n<p>&nbsp;<\/p>\n<p>Gr\u00e2ce \u00e0 notre v\u00e9hicule de l&rsquo;ann\u00e9e derni\u00e8re ainsi que celui d&rsquo;il y a 2 ans, nous avons pu faire divers tests notamment reprendre les mesures du v\u00e9hicule par exemple ou encore tester divers moteurs et pignon sur les anciens v\u00e9hicules.<\/p>\n<p>\u00e9tant partag\u00e9s en deux groupes dans notre classe participant aux d\u00e9fis solaires pour leurs TPE, nous n&rsquo;avons pas eu les v\u00e9hicules de tests \u00e0 notre guise.<\/p>\n<p>Pour finir, nous avons bien \u00e9tudi\u00e9 les gagnants des ann\u00e9es pr\u00e9c\u00e9dentes pour percer tout leurs secrets.<\/p>\n","protected":false},"excerpt":{"rendered":"<p>Pr\u00e9sentation du Cahier des charges Lancement du projet &nbsp; Objectifs de cette \u00e9tape\u00a0: Identifier les repr\u00e9sentations des \u00e9l\u00e8ves sur les \u00e9nergies renouvelables en particulier l\u2019\u00e9nergie solaire et photovolta\u00efque ; Poser la\/les questions essentielles de l\u2019op\u00e9ration\u00a0; Lancer la r\u00e9flexion aupr\u00e8s des \u00e9l\u00e8ves sur les diff\u00e9rentes pistes de constructions du v\u00e9hicule apr\u00e8s lecture du cahier des charges. [&#8230;]<\/p>\n","protected":false},"author":1,"featured_media":0,"parent":0,"menu_order":1,"comment_status":"open","ping_status":"closed","template":"","meta":[],"_links":{"self":[{"href":"http:\/\/www.planete-sciences.org\/blogs\/defissolaires\/2019_ly_lgtmirepoix3\/wp-json\/wp\/v2\/pages\/2"}],"collection":[{"href":"http:\/\/www.planete-sciences.org\/blogs\/defissolaires\/2019_ly_lgtmirepoix3\/wp-json\/wp\/v2\/pages"}],"about":[{"href":"http:\/\/www.planete-sciences.org\/blogs\/defissolaires\/2019_ly_lgtmirepoix3\/wp-json\/wp\/v2\/types\/page"}],"author":[{"embeddable":true,"href":"http:\/\/www.planete-sciences.org\/blogs\/defissolaires\/2019_ly_lgtmirepoix3\/wp-json\/wp\/v2\/users\/1"}],"replies":[{"embeddable":true,"href":"http:\/\/www.planete-sciences.org\/blogs\/defissolaires\/2019_ly_lgtmirepoix3\/wp-json\/wp\/v2\/comments?post=2"}],"version-history":[{"count":53,"href":"http:\/\/www.planete-sciences.org\/blogs\/defissolaires\/2019_ly_lgtmirepoix3\/wp-json\/wp\/v2\/pages\/2\/revisions"}],"predecessor-version":[{"id":374,"href":"http:\/\/www.planete-sciences.org\/blogs\/defissolaires\/2019_ly_lgtmirepoix3\/wp-json\/wp\/v2\/pages\/2\/revisions\/374"}],"wp:attachment":[{"href":"http:\/\/www.planete-sciences.org\/blogs\/defissolaires\/2019_ly_lgtmirepoix3\/wp-json\/wp\/v2\/media?parent=2"}],"curies":[{"name":"wp","href":"https:\/\/api.w.org\/{rel}","templated":true}]}}