{"id":2,"date":"2012-09-22T18:51:21","date_gmt":"2012-09-22T16:51:21","guid":{"rendered":"http:\/\/www.planete-sciences.org\/blogs\/defissolaires\/dstemplate\/?page_id=2"},"modified":"2017-05-18T16:29:09","modified_gmt":"2017-05-18T14:29:09","slug":"etape1","status":"publish","type":"page","link":"http:\/\/www.planete-sciences.org\/blogs\/defissolaires\/2017_ly_saintjoseph\/etape1\/","title":{"rendered":"Etape 1 du groupe A du jeudi"},"content":{"rendered":"<p><a href=\"http:\/\/www.planete-sciences.org\/blogs\/defissolaires\/wp-content\/plugins\/blogs-directory\/images\/1etapejaune.png\"><img loading=\"lazy\" class=\"aligncenter wp-image-198\" title=\"1etapejaune\" src=\"http:\/\/www.planete-sciences.org\/blogs\/defissolaires\/wp-content\/plugins\/blogs-directory\/images\/1etapejaune.png\" alt=\"\" width=\"855\" height=\"75\" \/><\/a><\/p>\n<h2 style=\"text-align: center\"><\/h2>\n<p>&nbsp;<\/p>\n<h1 style=\"text-align: center\"><a title=\"Permanent Link to Etape 1 \u2013 Pr\u00e9sentation du Cahier des charges \/ Lancement du projet\" href=\"http:\/\/www.planete-sciences.org\/blogs\/defissolaires\/dstemplate\/etape1\/\" rel=\"bookmark\">Pr\u00e9sentation du Cahier des charges<\/a><\/h1>\n<h1 style=\"text-align: center\"><a title=\"Permanent Link to Etape 1 \u2013 Pr\u00e9sentation du Cahier des charges \/ Lancement du projet\" href=\"http:\/\/www.planete-sciences.org\/blogs\/defissolaires\/dstemplate\/etape1\/\" rel=\"bookmark\"> Lancement du projet<\/a><\/h1>\n<p>&nbsp;<\/p>\n<h2>Objectifs de cette \u00e9tape\u00a0:<\/h2>\n<blockquote>\n<ul>\n<li><strong><span style=\"color: #ff6600\">Identifier les repr\u00e9sentations des \u00e9l\u00e8ves sur les \u00e9nergies renouvelables en particulier l<strong>\u2019<\/strong>\u00e9nergie solaire et photovolta\u00efque ;<\/span><\/strong><\/li>\n<li><strong><span style=\"color: #ff6600\">Poser la\/les questions essentielles de l\u2019op\u00e9ration\u00a0;<\/span><\/strong><\/li>\n<li><strong><span style=\"color: #ff6600\">Lancer la r\u00e9flexion aupr\u00e8s des \u00e9l\u00e8ves sur les diff\u00e9rentes pistes de constructions du v\u00e9hicule apr\u00e8s lecture du cahier des charges.<\/span><\/strong><\/li>\n<\/ul>\n<\/blockquote>\n<h3><strong>1. <\/strong><strong>Objectifs atteints<\/strong><\/h3>\n<p><strong>Effets de la temp\u00e9rature et du vents<\/strong><\/p>\n<p>Si vous avez utilis\u00e9 le <strong>Moniteur d\u2019Energie Renouvelable <\/strong>la courbe construite devrait ressembler au graphique ci-dessous (Fig 1). Le creux de la courbe, vers le centre provient de la perte de rendement provoqu\u00e9e par le r\u00e9chauffement. Le rendement s&rsquo;am\u00e9liore dans la Partie droite du graphique, suite au refroidissement progressif du panneau PV.<\/p>\n<p>&nbsp;<\/p>\n<p>Figure 1 \u2013 Les effets de la chaleur et du vent sur le panneau solaire peuvent \u00eatre observ\u00e9s sur les graphiques et courbes de l\u2019ordinateur. La chaleur fait baisser le d\u00e9bit de volts, du courant et de la puissance d\u2019un panneau solaire tandis que l\u2019air froid fait augmenter ceux-ci.<\/p>\n<p>&nbsp;<\/p>\n<p><strong>Les effets de l&rsquo;ombre sur un panneau solaire photovolta\u00efque <\/strong><\/p>\n<p>Vous pouvez observer clairement les proportions de tension, de courant et de puissance perdus dans le cadre des deux tests (Figure 3). Ce graphique montre que la couverture Partielle du panneau PV est presque aussi nuisible pour le rendement que la couverture \u00ab nuageuse \u00bb totale. Le graphique montre tout d&rsquo;abord la tension, le courant et la puissance situ\u00e9s \u00e0 un haut niveau (1). Ensuite on observe une chute vers le niveau le plus bas lorsque l&rsquo;entier du panneau PV se trouve \u00e0 l&rsquo;ombre de la serviette de papier (2). On retrouve alors les valeurs initiales (3) puis les valeurs chutent de nouveau lorsque l&rsquo;on recouvre Partiellement le panneau PV par la feuille de papier.<\/p>\n<p>&nbsp;<\/p>\n<p><strong>Les effets de l&rsquo;angle d&rsquo;inclinaison des panneaux solaires photovolta\u00efques<\/strong><\/p>\n<p><strong>\u00a0<\/strong><\/p>\n<p>Le graphique final obtenu devrait ressembler \u00e0 celui de la figure 1 ci-dessous.<\/p>\n<p>&nbsp;<\/p>\n<p>&nbsp;<\/p>\n<p>&nbsp;<\/p>\n<p>Comme on l&rsquo;observe sur ce graphique, la tension maximum, le courant maximum et la puissance maximum sont obtenus lorsque l&rsquo;angle d&rsquo;inclinaison du panneau solaire est le m\u00eame que celui de la source lumineuse. Lorsque les rayons lumineux provenant de la source arrivent perpendiculairement sur la surface du panneau solaire photovolta\u00efque.<\/p>\n<p><strong>Recherche du point de puissance maximum d&rsquo;un panneau solaire photovolta\u00efque<\/strong><\/p>\n<p>Ces graphiques montrent le courant et la puissance (axe vertical), en fonction de la tension (axe horizontal). L&rsquo;un de ces graphiques montre les valeurs mesur\u00e9es avec le panneau solaire PV pos\u00e9 horizontalement et le second graphique montre les valeurs mesur\u00e9es avec le panneau solaire inclin\u00e9 \u00e0 45 degr\u00e9s. Les graphiques obtenus devraient ressembler aux graphiques ci-dessous. Les donn\u00e9es constituant ces graphiques on \u00e9t\u00e9 saisies lorsque nous avons effectu\u00e9 l&rsquo;exp\u00e9rience et en utilisant le logiciel disponible sur le site internet suivant<\/p>\n<p style=\"text-align: left\"><strong>2. Illustrations \u00a0 \u00a0 \u00a0 \u00a0 \u00a0 \u00a0 \u00a0 \u00a0 \u00a0 \u00a0 \u00a0 \u00a0 \u00a0 \u00a0 \u00a0 \u00a0 \u00a0 \u00a0 \u00a0 \u00a0 \u00a0 \u00a0 \u00a0 \u00a0 \u00a0 \u00a0 \u00a0 \u00a0 \u00a0 \u00a0 \u00a0 \u00a0 \u00a0 \u00a0 \u00a0 \u00a0 \u00a0 \u00a0 \u00a0 \u00a0 \u00a0 \u00a0 \u00a0 \u00a0 \u00a0 \u00a0 \u00a0 \u00a0 \u00a0 \u00a0 \u00a0 \u00a0 \u00a0 \u00a0 \u00a0 \u00a0 \u00a0 \u00a0 \u00a0 \u00a0 \u00a0 \u00a0 \u00a0 \u00a0 \u00a0 \u00a0 \u00a0 \u00a0 \u00a0 \u00a0 \u00a0 \u00a0 \u00a0 \u00a0 \u00a0 \u00a0 \u00a0 \u00a0 \u00a0 \u00a0 \u00a0 \u00a0 \u00a0 \u00a0 \u00a0 \u00a0 \u00a0 \u00a0 \u00a0 \u00a0 \u00a0 \u00a0 \u00a0 \u00a0 \u00a0 \u00a0 \u00a0 \u00a0 \u00a0 \u00a0 \u00a0 \u00a0 \u00a0 \u00a0 \u00a0 \u00a0 \u00a0 \u00a0 \u00a0 \u00a0 \u00a0 \u00a0 \u00a0 \u00a0 \u00a0 \u00a0 \u00a0 \u00a0 \u00a0 \u00a0 \u00a0 \u00a0 \u00a0 \u00a0 \u00a0 \u00a0 \u00a0 \u00a0 \u00a0 \u00a0 \u00a0 \u00a0 \u00a0 \u00a0 \u00a0 \u00a0 \u00a0 \u00a0 \u00a0 \u00a0 \u00a0 \u00a0 \u00a0 \u00a0 \u00a0 \u00a0 \u00a0 \u00a0 \u00a0 \u00a0 \u00a0 \u00a0 \u00a0 \u00a0 \u00a0 \u00a0 \u00a0 \u00a0 \u00a0 \u00a0 \u00a0 \u00a0 \u00a0 \u00a0 \u00a0 \u00a0 \u00a0 \u00a0 \u00a0 \u00a0 \u00a0 \u00a0 \u00a0 \u00a0 \u00a0 \u00a0 \u00a0 \u00a0 \u00a0 \u00a0 \u00a0 \u00a0 \u00a0 \u00a0 \u00a0 \u00a0 \u00a0 \u00a0 \u00a0 \u00a0 \u00a0 \u00a0 \u00a0 \u00a0 \u00a0 \u00a0 \u00a0 \u00a0 \u00a0 \u00a0 \u00a0 \u00a0 \u00a0 \u00a0 \u00a0 \u00a0 \u00a0 \u00a0 \u00a0 \u00a0 \u00a0 \u00a0 \u00a0 \u00a0 \u00a0 \u00a0 \u00a0 \u00a0 \u00a0 \u00a0 \u00a0 \u00a0 \u00a0 \u00a0 \u00a0 \u00a0 \u00a0 \u00a0 \u00a0 \u00a0 \u00a0 \u00a0 \u00a0 \u00a0 \u00a0 \u00a0 \u00a0 \u00a0 \u00a0 \u00a0 \u00a0 \u00a0 \u00a0 \u00a0 \u00a0 \u00a0 \u00a0 \u00a0 \u00a0 \u00a0 \u00a0 \u00a0 \u00a0 \u00a0 \u00a0 \u00a0 \u00a0 \u00a0 \u00a0 \u00a0 \u00a0 \u00a0 \u00a0 \u00a0 \u00a0 \u00a0 \u00a0 \u00a0 \u00a0 \u00a0 \u00a0 \u00a0 \u00a0 \u00a0 \u00a0 \u00a0 \u00a0 \u00a0 \u00a0 \u00a0 \u00a0 \u00a0 \u00a0 \u00a0 \u00a0 \u00a0 \u00a0 \u00a0 \u00a0 \u00a0 \u00a0 \u00a0<a href=\"http:\/\/www.planete-sciences.org\/blogs\/defissolaires\/2017_ly_saintjoseph\/files\/2012\/09\/mono_crystalline_si_solar_cell.jpg\"><img loading=\"lazy\" class=\"alignnone wp-image-319\" src=\"http:\/\/www.planete-sciences.org\/blogs\/defissolaires\/2017_ly_saintjoseph\/files\/2012\/09\/mono_crystalline_si_solar_cell.jpg\" alt=\"mono_crystalline_si_solar_cell\" width=\"153\" height=\"166\" srcset=\"http:\/\/www.planete-sciences.org\/blogs\/defissolaires\/2017_ly_saintjoseph\/files\/2012\/09\/mono_crystalline_si_solar_cell.jpg 323w, http:\/\/www.planete-sciences.org\/blogs\/defissolaires\/2017_ly_saintjoseph\/files\/2012\/09\/mono_crystalline_si_solar_cell-277x300.jpg 277w\" sizes=\"(max-width: 153px) 100vw, 153px\" \/><\/a> \u00a0\u00a0 \u00a0 \u00a0 \u00a0 Garrigos Yoann et Benjamin Freu \u00a0 \u00a0 \u00a0 \u00a0 \u00a0 \u00a0 \u00a0 \u00a0 \u00a0 \u00a0 \u00a0 \u00a0 \u00a0 \u00a0 \u00a0 \u00a0 \u00a0 \u00a0 \u00a0 \u00a0 \u00a0 \u00a0 \u00a0 \u00a0 \u00a0 \u00a0 \u00a0 \u00a0 \u00a0 \u00a0 \u00a0 \u00a0 \u00a0 \u00a0 \u00a0 \u00a0 \u00a0 \u00a0 \u00a0 \u00a0 \u00a0 \u00a0 \u00a0 \u00a0 \u00a0 \u00a0 \u00a0 \u00a0 \u00a0 \u00a0 \u00a0 \u00a0 \u00a0 \u00a0 \u00a0 \u00a03 d<\/strong><strong>\u00e9roulement<\/strong> (Exp\u00e9riences, sortie, rencontres, recherches, etc.)<\/p>\n<p>1.Recherche de cellule photovoltaique de 24%<\/p>\n<p>2.Navigation sur le site AliExpress<\/p>\n<p>3.Recherche de l&rsquo;offre la plus avantageuse et qui satisfait notre besoin<\/p>\n<p>4.Commande des cellules<\/p>\n<p>&nbsp;<\/p>\n<h3><strong>4. Appr\u00e9ciation du groupe<\/strong><\/h3>\n<p>Les recherches de Mr Garrigos et Freu ont \u00e9t\u00e9 tr\u00e8s satisfaisante car ils avaient un budget de 100\u20ac et ils ont trouv\u00e9 un lot de 20 cellules photovoltaiques \u00e0 70\u20ac ce qui permet \u00e0 la team de r\u00e9aliser un b\u00e9nefice de 30\u20ac.<\/p>\n<p>&nbsp;<\/p>\n<h3><\/h3>\n<p>&nbsp;<\/p>\n","protected":false},"excerpt":{"rendered":"<p>&nbsp; Pr\u00e9sentation du Cahier des charges Lancement du projet &nbsp; Objectifs de cette \u00e9tape\u00a0: Identifier les repr\u00e9sentations des \u00e9l\u00e8ves sur les \u00e9nergies renouvelables en particulier l\u2019\u00e9nergie solaire et photovolta\u00efque ; Poser la\/les questions essentielles de l\u2019op\u00e9ration\u00a0; Lancer la r\u00e9flexion aupr\u00e8s des \u00e9l\u00e8ves sur les diff\u00e9rentes pistes de constructions du v\u00e9hicule apr\u00e8s lecture du cahier des [&#8230;]<\/p>\n","protected":false},"author":1,"featured_media":0,"parent":0,"menu_order":1,"comment_status":"open","ping_status":"closed","template":"","meta":[],"_links":{"self":[{"href":"http:\/\/www.planete-sciences.org\/blogs\/defissolaires\/2017_ly_saintjoseph\/wp-json\/wp\/v2\/pages\/2"}],"collection":[{"href":"http:\/\/www.planete-sciences.org\/blogs\/defissolaires\/2017_ly_saintjoseph\/wp-json\/wp\/v2\/pages"}],"about":[{"href":"http:\/\/www.planete-sciences.org\/blogs\/defissolaires\/2017_ly_saintjoseph\/wp-json\/wp\/v2\/types\/page"}],"author":[{"embeddable":true,"href":"http:\/\/www.planete-sciences.org\/blogs\/defissolaires\/2017_ly_saintjoseph\/wp-json\/wp\/v2\/users\/1"}],"replies":[{"embeddable":true,"href":"http:\/\/www.planete-sciences.org\/blogs\/defissolaires\/2017_ly_saintjoseph\/wp-json\/wp\/v2\/comments?post=2"}],"version-history":[{"count":49,"href":"http:\/\/www.planete-sciences.org\/blogs\/defissolaires\/2017_ly_saintjoseph\/wp-json\/wp\/v2\/pages\/2\/revisions"}],"predecessor-version":[{"id":455,"href":"http:\/\/www.planete-sciences.org\/blogs\/defissolaires\/2017_ly_saintjoseph\/wp-json\/wp\/v2\/pages\/2\/revisions\/455"}],"wp:attachment":[{"href":"http:\/\/www.planete-sciences.org\/blogs\/defissolaires\/2017_ly_saintjoseph\/wp-json\/wp\/v2\/media?parent=2"}],"curies":[{"name":"wp","href":"https:\/\/api.w.org\/{rel}","templated":true}]}}