{"id":68,"date":"2012-09-30T22:02:00","date_gmt":"2012-09-30T20:02:00","guid":{"rendered":"http:\/\/www.planete-sciences.org\/blogs\/defissolaires\/dstemplate-everest\/?page_id=68"},"modified":"2012-10-20T02:15:38","modified_gmt":"2012-10-20T00:15:38","slug":"liens-utile","status":"publish","type":"page","link":"http:\/\/www.planete-sciences.org\/blogs\/defissolaires\/2016_co_fabre1\/pratique-2\/liens-utile\/","title":{"rendered":"Liens utiles"},"content":{"rendered":"<div>\n<h1 style=\"text-align: center;\"><span style=\"background: #40808a;\">Liens utiles<\/span><\/h1>\n<p>&nbsp;<\/p>\n<div class=\"one-third column\"><\/p>\n<p style=\"text-align: center;\"><a href=\"http:\/\/www.cite-espace.com\" target=\"_blank\"><img loading=\"lazy\" class=\"alignleft size-full wp-image-274\" title=\"Site de la Cit\u00e9 de l\u2019Espace\" src=\"http:\/\/www.planete-sciences.org\/blogs\/defissolaires\/dstemplate-everest\/files\/2012\/09\/Logo-Cit\u00e9-Espace-2008.png\" alt=\"\" width=\"165\" height=\"65\" \/><\/a><\/p>\n<p><\/div>\n<div class=\"one-third column\"><\/p>\n<p style=\"text-align: center;\"><a title=\"Site du Centre National d\u2019Etudes Spatiales\" href=\"http:\/\/www.cnes.fr\/web\/CNES-fr\/6919-cnes-tout-sur-l-espace.php\" target=\"_blank\"><img loading=\"lazy\" class=\"alignleft size-full wp-image-230\" title=\"Site du Centre National d\u2019Etudes Spatiales\" src=\"http:\/\/www.planete-sciences.org\/blogs\/defissolaires\/dstemplate-everest\/files\/2012\/09\/logo-cnes.png\" alt=\"\" width=\"208\" height=\"65\" \/><\/a><\/p>\n<p><\/div>\n<div class=\"one-third column column-last\"><\/p>\n<p style=\"text-align: center;\"><a title=\"Site du Lyc\u00e9e D\u00e9odat de S\u00e9verac\" href=\"http:\/\/deodat.entmip.fr\/\" target=\"_blank\"><img loading=\"lazy\" class=\"alignleft size-medium wp-image-231\" title=\"Site du Lyc\u00e9e D\u00e9odat de S\u00e9verac\" src=\"http:\/\/www.planete-sciences.org\/blogs\/defissolaires\/dstemplate-everest\/files\/2012\/09\/logopubli-300x277.png\" alt=\"\" width=\"126\" height=\"116\" srcset=\"http:\/\/www.planete-sciences.org\/blogs\/defissolaires\/2016_co_fabre1\/files\/2012\/09\/logopubli-300x277.png 300w, http:\/\/www.planete-sciences.org\/blogs\/defissolaires\/2016_co_fabre1\/files\/2012\/09\/logopubli.png 348w\" sizes=\"(max-width: 126px) 100vw, 126px\" \/><\/a><\/p>\n<p><\/div><div class=\"clear\"><\/div>\n<div class=\"one-third column\"><\/p>\n<p style=\"text-align: center;\"><a title=\"Site de Plan\u00e8te Sciences Midi-Pyr\u00e9n\u00e9es\" href=\"http:\/\/www.planete-sciences.org\/midi-pyrenees\/web\/\" target=\"_blank\"><img loading=\"lazy\" class=\"alignleft size-full wp-image-282\" title=\"Site de Plan\u00e8te Sciences Midi-Pyr\u00e9n\u00e9es\" src=\"http:\/\/www.planete-sciences.org\/blogs\/defissolaires\/dstemplate-everest\/files\/2012\/09\/logo_plasci_mp.png\" alt=\"\" width=\"186\" height=\"116\" \/><\/a><\/p>\n<p><\/div>\n<div class=\"one-third column\"><\/p>\n<p style=\"text-align: center;\"><a title=\"Site de Plan\u00e8te Sciences National\" href=\"http:\/\/www.planete-sciences.org\/national\/\" target=\"_blank\"><img loading=\"lazy\" class=\"alignleft size-full wp-image-273\" title=\"Site de Plan\u00e8te Sciences National\" src=\"http:\/\/www.planete-sciences.org\/blogs\/defissolaires\/dstemplate-everest\/files\/2012\/09\/logo_plasci_national.png\" alt=\"\" width=\"194\" height=\"116\" \/><\/a><\/p>\n<p><\/div>\n<div class=\"one-third column column-last\"><\/p>\n<h3 style=\"text-align: center;\"><a title=\"Site principal des D\u00e9fis Solaires\" href=\"http:\/\/www.planete-sciences.org\/blogs\/defissolaires\/\" target=\"_blank\"><img loading=\"lazy\" class=\"alignleft size-full wp-image-234\" title=\"Site principal des D\u00e9fis Solaires\" src=\"http:\/\/www.planete-sciences.org\/blogs\/defissolaires\/dstemplate-everest\/files\/2012\/09\/Defis_solaires.png\" alt=\"\" width=\"175\" height=\"116\" \/><\/a><\/h3>\n<p><\/div><div class=\"clear\"><\/div>\n<h3><span style=\"color: #08298c;\"><a title=\"Forum des D\u00e9fis Solaires\" href=\"http:\/\/www.anstj.org\/forums\/viewforum.php?f=42&amp;sid=da421b53fb369be4697230690b2a644c\" target=\"_blank\"><span style=\"color: #08298c;\"> <strong>Forum D\u00e9fis Solaires<\/strong><\/span><\/a><\/span><\/h3>\n<\/div>\n","protected":false},"excerpt":{"rendered":"<p>Liens utiles &nbsp; Forum D\u00e9fis Solaires<\/p>\n","protected":false},"author":1,"featured_media":0,"parent":191,"menu_order":4,"comment_status":"open","ping_status":"open","template":"page.php","meta":[],"_links":{"self":[{"href":"http:\/\/www.planete-sciences.org\/blogs\/defissolaires\/2016_co_fabre1\/wp-json\/wp\/v2\/pages\/68"}],"collection":[{"href":"http:\/\/www.planete-sciences.org\/blogs\/defissolaires\/2016_co_fabre1\/wp-json\/wp\/v2\/pages"}],"about":[{"href":"http:\/\/www.planete-sciences.org\/blogs\/defissolaires\/2016_co_fabre1\/wp-json\/wp\/v2\/types\/page"}],"author":[{"embeddable":true,"href":"http:\/\/www.planete-sciences.org\/blogs\/defissolaires\/2016_co_fabre1\/wp-json\/wp\/v2\/users\/1"}],"replies":[{"embeddable":true,"href":"http:\/\/www.planete-sciences.org\/blogs\/defissolaires\/2016_co_fabre1\/wp-json\/wp\/v2\/comments?post=68"}],"version-history":[{"count":79,"href":"http:\/\/www.planete-sciences.org\/blogs\/defissolaires\/2016_co_fabre1\/wp-json\/wp\/v2\/pages\/68\/revisions"}],"predecessor-version":[{"id":140,"href":"http:\/\/www.planete-sciences.org\/blogs\/defissolaires\/2016_co_fabre1\/wp-json\/wp\/v2\/pages\/68\/revisions\/140"}],"up":[{"embeddable":true,"href":"http:\/\/www.planete-sciences.org\/blogs\/defissolaires\/2016_co_fabre1\/wp-json\/wp\/v2\/pages\/191"}],"wp:attachment":[{"href":"http:\/\/www.planete-sciences.org\/blogs\/defissolaires\/2016_co_fabre1\/wp-json\/wp\/v2\/media?parent=68"}],"curies":[{"name":"wp","href":"https:\/\/api.w.org\/{rel}","templated":true}]}}